{"id":671,"date":"2025-10-19T17:46:04","date_gmt":"2025-10-19T15:46:04","guid":{"rendered":"https:\/\/ljubenko-i-partneri.ectoris.com\/en\/?post_type=case_law&#038;p=671"},"modified":"2025-10-19T17:46:04","modified_gmt":"2025-10-19T15:46:04","slug":"granice-privatnog-i-javnog-dobra-se-ne-utvrduje-na-sudu","status":"publish","type":"case_law","link":"https:\/\/www.ljubenko-i-partneri.hr\/en\/nova-praksa\/granice-privatnog-i-javnog-dobra-se-ne-utvrduje-na-sudu\/","title":{"rendered":"Granice privatnog i javnog dobra se ne utvr\u0111uje na sudu"},"content":{"rendered":"<p>Prema stavu \u017dupanijskog suda u Vara\u017edinu br. G\u017e. 793\/08 ure\u0111enje me\u0111e (granice) izme\u0111u nekretnine u vlasni\u0161tvu fizi\u010dke osobe i nekretnine koja predstavlja javno dobro u op\u0107oj uporabi, ne mo\u017ee biti predmet sudskog izvanparni\u010dnog postupka.<\/p>\n<p>Dakle, radi se o javnoj cesti, sukladno odredbama Zakona o javnim cestama, a prema odredbi \u010dl. 2. Zakona o javnim cestama, javne ceste su op\u0107e dobro i na njima se ne mo\u017ee stjecati pravo vlasni\u0161tva niti druga stvarna prava po bilo kojoj osnovi. Kako javno dobro u op\u0107oj uporabi predstavlja stvar izvan prometa, to ne mo\u017ee biti niti predmet postupka za urenenje mene, jer rje\u0161avanje sporova u povodu kori\u0161tenja javnog dobra ne spada u sudsku nadle\u017enost nego u nadle\u017enost upravnih tijela, pa prvostupanjski sud prema ocjeni ovog suda, nije bio ovla\u0161ten u izvanparni\u010dnom postupku urenivati menu izmenu nekretnina u vlasni\u0161tvu protustranke i nekretnine koje predstavljaju op\u0107e dobro.&#8221;<\/p>\n","protected":false},"featured_media":0,"template":"","class_list":["post-671","case_law","type-case_law","status-publish","hentry"],"acf":[],"yoast_head":"<!-- This site is optimized with the Yoast SEO Premium plugin v19.5 (Yoast SEO v19.10) - https:\/\/yoast.com\/wordpress\/plugins\/seo\/ -->\n<title>Granice privatnog i javnog dobra se ne utvr\u0111uje na sudu - Ljubenko i partneri - eng<\/title>\n<meta name=\"robots\" content=\"index, follow, max-snippet:-1, max-image-preview:large, max-video-preview:-1\" \/>\n<link rel=\"canonical\" href=\"https:\/\/www.ljubenko-i-partneri.hr\/en\/nova-praksa\/granice-privatnog-i-javnog-dobra-se-ne-utvrduje-na-sudu\/\" \/>\n<meta property=\"og:locale\" content=\"hr_HR\" \/>\n<meta property=\"og:type\" content=\"article\" \/>\n<meta property=\"og:title\" content=\"Granice privatnog i javnog dobra se ne utvr\u0111uje na sudu\" \/>\n<meta property=\"og:description\" content=\"Prema stavu \u017dupanijskog suda u Vara\u017edinu br. G\u017e. 793\/08 ure\u0111enje me\u0111e (granice) izme\u0111u nekretnine u vlasni\u0161tvu fizi\u010dke osobe i nekretnine koja predstavlja javno dobro u op\u0107oj uporabi, ne mo\u017ee biti predmet sudskog izvanparni\u010dnog postupka. Dakle, radi se o javnoj cesti, sukladno odredbama Zakona o javnim cestama, a prema odredbi \u010dl. 2. Zakona o javnim cestama, [&hellip;]\" \/>\n<meta property=\"og:url\" content=\"https:\/\/www.ljubenko-i-partneri.hr\/en\/nova-praksa\/granice-privatnog-i-javnog-dobra-se-ne-utvrduje-na-sudu\/\" \/>\n<meta property=\"og:site_name\" content=\"Ljubenko i partneri - eng\" \/>\n<meta name=\"twitter:card\" content=\"summary_large_image\" \/>\n<meta name=\"twitter:label1\" content=\"Procijenjeno vrijeme \u010ditanja\" \/>\n\t<meta name=\"twitter:data1\" content=\"1 minuta\" \/>\n<script type=\"application\/ld+json\" class=\"yoast-schema-graph\">{\"@context\":\"https:\/\/schema.org\",\"@graph\":[{\"@type\":\"WebPage\",\"@id\":\"https:\/\/www.ljubenko-i-partneri.hr\/en\/nova-praksa\/granice-privatnog-i-javnog-dobra-se-ne-utvrduje-na-sudu\/\",\"url\":\"https:\/\/www.ljubenko-i-partneri.hr\/en\/nova-praksa\/granice-privatnog-i-javnog-dobra-se-ne-utvrduje-na-sudu\/\",\"name\":\"Granice privatnog i javnog dobra se ne utvr\u0111uje na sudu - Ljubenko i partneri - eng\",\"isPartOf\":{\"@id\":\"https:\/\/www.ljubenko-i-partneri.hr\/en\/#website\"},\"datePublished\":\"2025-10-19T15:46:04+00:00\",\"dateModified\":\"2025-10-19T15:46:04+00:00\",\"breadcrumb\":{\"@id\":\"https:\/\/www.ljubenko-i-partneri.hr\/en\/nova-praksa\/granice-privatnog-i-javnog-dobra-se-ne-utvrduje-na-sudu\/#breadcrumb\"},\"inLanguage\":\"hr\",\"potentialAction\":[{\"@type\":\"ReadAction\",\"target\":[\"https:\/\/www.ljubenko-i-partneri.hr\/en\/nova-praksa\/granice-privatnog-i-javnog-dobra-se-ne-utvrduje-na-sudu\/\"]}]},{\"@type\":\"BreadcrumbList\",\"@id\":\"https:\/\/www.ljubenko-i-partneri.hr\/en\/nova-praksa\/granice-privatnog-i-javnog-dobra-se-ne-utvrduje-na-sudu\/#breadcrumb\",\"itemListElement\":[{\"@type\":\"ListItem\",\"position\":1,\"name\":\"Po\u010detna stranica\",\"item\":\"https:\/\/www.ljubenko-i-partneri.hr\/en\/\"},{\"@type\":\"ListItem\",\"position\":2,\"name\":\"Nova praksa\",\"item\":\"https:\/\/www.ljubenko-i-partneri.hr\/en\/nova-praksa\/\"},{\"@type\":\"ListItem\",\"position\":3,\"name\":\"Granice privatnog i javnog dobra se ne utvr\u0111uje na sudu\"}]},{\"@type\":\"WebSite\",\"@id\":\"https:\/\/www.ljubenko-i-partneri.hr\/en\/#website\",\"url\":\"https:\/\/www.ljubenko-i-partneri.hr\/en\/\",\"name\":\"Ljubenko i partneri - eng\",\"description\":\"\",\"potentialAction\":[{\"@type\":\"SearchAction\",\"target\":{\"@type\":\"EntryPoint\",\"urlTemplate\":\"https:\/\/www.ljubenko-i-partneri.hr\/en\/?s={search_term_string}\"},\"query-input\":\"required name=search_term_string\"}],\"inLanguage\":\"hr\"}]}<\/script>\n<!-- \/ Yoast SEO Premium plugin. -->","yoast_head_json":{"title":"Granice privatnog i javnog dobra se ne utvr\u0111uje na sudu - Ljubenko i partneri - eng","robots":{"index":"index","follow":"follow","max-snippet":"max-snippet:-1","max-image-preview":"max-image-preview:large","max-video-preview":"max-video-preview:-1"},"canonical":"https:\/\/www.ljubenko-i-partneri.hr\/en\/nova-praksa\/granice-privatnog-i-javnog-dobra-se-ne-utvrduje-na-sudu\/","og_locale":"hr_HR","og_type":"article","og_title":"Granice privatnog i javnog dobra se ne utvr\u0111uje na sudu","og_description":"Prema stavu \u017dupanijskog suda u Vara\u017edinu br. G\u017e. 793\/08 ure\u0111enje me\u0111e (granice) izme\u0111u nekretnine u vlasni\u0161tvu fizi\u010dke osobe i nekretnine koja predstavlja javno dobro u op\u0107oj uporabi, ne mo\u017ee biti predmet sudskog izvanparni\u010dnog postupka. Dakle, radi se o javnoj cesti, sukladno odredbama Zakona o javnim cestama, a prema odredbi \u010dl. 2. Zakona o javnim cestama, [&hellip;]","og_url":"https:\/\/www.ljubenko-i-partneri.hr\/en\/nova-praksa\/granice-privatnog-i-javnog-dobra-se-ne-utvrduje-na-sudu\/","og_site_name":"Ljubenko i partneri - eng","twitter_card":"summary_large_image","twitter_misc":{"Procijenjeno vrijeme \u010ditanja":"1 minuta"},"schema":{"@context":"https:\/\/schema.org","@graph":[{"@type":"WebPage","@id":"https:\/\/www.ljubenko-i-partneri.hr\/en\/nova-praksa\/granice-privatnog-i-javnog-dobra-se-ne-utvrduje-na-sudu\/","url":"https:\/\/www.ljubenko-i-partneri.hr\/en\/nova-praksa\/granice-privatnog-i-javnog-dobra-se-ne-utvrduje-na-sudu\/","name":"Granice privatnog i javnog dobra se ne utvr\u0111uje na sudu - Ljubenko i partneri - eng","isPartOf":{"@id":"https:\/\/www.ljubenko-i-partneri.hr\/en\/#website"},"datePublished":"2025-10-19T15:46:04+00:00","dateModified":"2025-10-19T15:46:04+00:00","breadcrumb":{"@id":"https:\/\/www.ljubenko-i-partneri.hr\/en\/nova-praksa\/granice-privatnog-i-javnog-dobra-se-ne-utvrduje-na-sudu\/#breadcrumb"},"inLanguage":"hr","potentialAction":[{"@type":"ReadAction","target":["https:\/\/www.ljubenko-i-partneri.hr\/en\/nova-praksa\/granice-privatnog-i-javnog-dobra-se-ne-utvrduje-na-sudu\/"]}]},{"@type":"BreadcrumbList","@id":"https:\/\/www.ljubenko-i-partneri.hr\/en\/nova-praksa\/granice-privatnog-i-javnog-dobra-se-ne-utvrduje-na-sudu\/#breadcrumb","itemListElement":[{"@type":"ListItem","position":1,"name":"Po\u010detna stranica","item":"https:\/\/www.ljubenko-i-partneri.hr\/en\/"},{"@type":"ListItem","position":2,"name":"Nova praksa","item":"https:\/\/www.ljubenko-i-partneri.hr\/en\/nova-praksa\/"},{"@type":"ListItem","position":3,"name":"Granice privatnog i javnog dobra se ne utvr\u0111uje na sudu"}]},{"@type":"WebSite","@id":"https:\/\/www.ljubenko-i-partneri.hr\/en\/#website","url":"https:\/\/www.ljubenko-i-partneri.hr\/en\/","name":"Ljubenko i partneri - eng","description":"","potentialAction":[{"@type":"SearchAction","target":{"@type":"EntryPoint","urlTemplate":"https:\/\/www.ljubenko-i-partneri.hr\/en\/?s={search_term_string}"},"query-input":"required name=search_term_string"}],"inLanguage":"hr"}]}},"_links":{"self":[{"href":"https:\/\/www.ljubenko-i-partneri.hr\/en\/wp-json\/wp\/v2\/case_law\/671","targetHints":{"allow":["GET"]}}],"collection":[{"href":"https:\/\/www.ljubenko-i-partneri.hr\/en\/wp-json\/wp\/v2\/case_law"}],"about":[{"href":"https:\/\/www.ljubenko-i-partneri.hr\/en\/wp-json\/wp\/v2\/types\/case_law"}],"wp:attachment":[{"href":"https:\/\/www.ljubenko-i-partneri.hr\/en\/wp-json\/wp\/v2\/media?parent=671"}],"curies":[{"name":"wp","href":"https:\/\/api.w.org\/{rel}","templated":true}]}}

Granice privatnog i javnog dobra se ne utvrđuje na sudu

<p>Prema stavu Županijskog suda u Varaždinu br. Gž. 793/08 uređenje međe (granice) između nekretnine u vlasništvu fizičke osobe i nekretnine koja predstavlja javno dobro u općoj uporabi, ne može biti predmet sudskog izvanparničnog postupka.</p>
<p>Dakle, radi se o javnoj cesti, sukladno odredbama Zakona o javnim cestama, a prema odredbi čl. 2. Zakona o javnim cestama, javne ceste su opće dobro i na njima se ne može stjecati pravo vlasništva niti druga stvarna prava po bilo kojoj osnovi. Kako javno dobro u općoj uporabi predstavlja stvar izvan prometa, to ne može biti niti predmet postupka za urenenje mene, jer rješavanje sporova u povodu korištenja javnog dobra ne spada u sudsku nadležnost nego u nadležnost upravnih tijela, pa prvostupanjski sud prema ocjeni ovog suda, nije bio ovlašten u izvanparničnom postupku urenivati menu izmenu nekretnina u vlasništvu protustranke i nekretnine koje predstavljaju opće dobro.&#8221;</p>

<!-- This site is optimized with the Yoast SEO Premium plugin v19.5 (Yoast SEO v19.10) - https://yoast.com/wordpress/plugins/seo/ -->
<title>Granice privatnog i javnog dobra se ne utvrđuje na sudu - Ljubenko i partneri - eng</title>
<meta name="robots" content="index, follow, max-snippet:-1, max-image-preview:large, max-video-preview:-1" />
<link rel="canonical" href="https://www.ljubenko-i-partneri.hr/en/nova-praksa/granice-privatnog-i-javnog-dobra-se-ne-utvrduje-na-sudu/" />
<meta property="og:locale" content="hr_HR" />
<meta property="og:type" content="article" />
<meta property="og:title" content="Granice privatnog i javnog dobra se ne utvrđuje na sudu" />
<meta property="og:description" content="Prema stavu Županijskog suda u Varaždinu br. Gž. 793/08 uređenje međe (granice) između nekretnine u vlasništvu fizičke osobe i nekretnine koja predstavlja javno dobro u općoj uporabi, ne može biti predmet sudskog izvanparničnog postupka. Dakle, radi se o javnoj cesti, sukladno odredbama Zakona o javnim cestama, a prema odredbi čl. 2. Zakona o javnim cestama, [&hellip;]" />
<meta property="og:url" content="https://www.ljubenko-i-partneri.hr/en/nova-praksa/granice-privatnog-i-javnog-dobra-se-ne-utvrduje-na-sudu/" />
<meta property="og:site_name" content="Ljubenko i partneri - eng" />
<meta name="twitter:card" content="summary_large_image" />
<meta name="twitter:label1" content="Procijenjeno vrijeme čitanja" />
	<meta name="twitter:data1" content="1 minuta" />
<script type="application/ld+json" class="yoast-schema-graph">{"@context":"https://schema.org","@graph":[{"@type":"WebPage","@id":"https://www.ljubenko-i-partneri.hr/en/nova-praksa/granice-privatnog-i-javnog-dobra-se-ne-utvrduje-na-sudu/","url":"https://www.ljubenko-i-partneri.hr/en/nova-praksa/granice-privatnog-i-javnog-dobra-se-ne-utvrduje-na-sudu/","name":"Granice privatnog i javnog dobra se ne utvrđuje na sudu - Ljubenko i partneri - eng","isPartOf":{"@id":"https://www.ljubenko-i-partneri.hr/en/#website"},"datePublished":"2025-10-19T15:46:04+00:00","dateModified":"2025-10-19T15:46:04+00:00","breadcrumb":{"@id":"https://www.ljubenko-i-partneri.hr/en/nova-praksa/granice-privatnog-i-javnog-dobra-se-ne-utvrduje-na-sudu/#breadcrumb"},"inLanguage":"hr","potentialAction":[{"@type":"ReadAction","target":["https://www.ljubenko-i-partneri.hr/en/nova-praksa/granice-privatnog-i-javnog-dobra-se-ne-utvrduje-na-sudu/"]}]},{"@type":"BreadcrumbList","@id":"https://www.ljubenko-i-partneri.hr/en/nova-praksa/granice-privatnog-i-javnog-dobra-se-ne-utvrduje-na-sudu/#breadcrumb","itemListElement":[{"@type":"ListItem","position":1,"name":"Početna stranica","item":"https://www.ljubenko-i-partneri.hr/en/"},{"@type":"ListItem","position":2,"name":"Nova praksa","item":"https://www.ljubenko-i-partneri.hr/en/nova-praksa/"},{"@type":"ListItem","position":3,"name":"Granice privatnog i javnog dobra se ne utvrđuje na sudu"}]},{"@type":"WebSite","@id":"https://www.ljubenko-i-partneri.hr/en/#website","url":"https://www.ljubenko-i-partneri.hr/en/","name":"Ljubenko i partneri - eng","description":"","potentialAction":[{"@type":"SearchAction","target":{"@type":"EntryPoint","urlTemplate":"https://www.ljubenko-i-partneri.hr/en/?s={search_term_string}"},"query-input":"required name=search_term_string"}],"inLanguage":"hr"}]}</script>
<!-- / Yoast SEO Premium plugin. -->

Granice privatnog i javnog dobra se ne utvrđuje na sudu - Ljubenko i partneri - eng

Prema stavu Županijskog suda u Varaždinu br. Gž. 793/08 uređenje međe (granice) između nekretnine u vlasništvu fizičke osobe i nekretnine koja predstavlja javno dobro u općoj uporabi, ne može biti predmet sudskog izvanparničnog postupka. Dakle, radi se o javnoj cesti, sukladno odredbama Zakona o javnim cestama, a prema odredbi čl. 2. Zakona o javnim cestama, [&hellip;]

Početna stranica
