{"id":690,"date":"2025-10-20T00:32:35","date_gmt":"2025-10-19T22:32:35","guid":{"rendered":"https:\/\/ljubenko-i-partneri.ectoris.com\/en\/?post_type=events&#038;p=690"},"modified":"2025-11-01T20:31:48","modified_gmt":"2025-11-01T18:31:48","slug":"9-sabor-hrvatskih-graditelja","status":"publish","type":"events","link":"https:\/\/www.ljubenko-i-partneri.hr\/en\/dogadaji\/9-sabor-hrvatskih-graditelja\/","title":{"rendered":"Dana 21.-24.4.2024. odr\u017ean je 9. Sabor hrvatskih graditelja"},"content":{"rendered":"<p>Hrvatski savez gra\u0111evinskih in\u017eenjera organizirao je 9. Sabor hrvatskih graditelja koji se odr\u017eao 21. do 24. travnja 2024. u Cavtatu. Skup, koji se odr\u017eava svake \u010detiri godine, okuplja graditelje iz zemlje i inozemstva kako bi ocijenili stanje graditeljstva te predstavili zna\u010dajne projekte, zanimljiva in\u017eenjerska rje\u0161enja i inovacije iz svih podru\u010dja graditeljstva<\/p>\n","protected":false},"featured_media":694,"template":"","class_list":["post-690","events","type-events","status-publish","has-post-thumbnail","hentry"],"acf":[],"yoast_head":"<!-- This site is optimized with the Yoast SEO Premium plugin v19.5 (Yoast SEO v19.10) - https:\/\/yoast.com\/wordpress\/plugins\/seo\/ -->\n<title>Dana 21.-24.4.2024. odr\u017ean je 9. Sabor hrvatskih graditelja - Ljubenko i partneri - eng<\/title>\n<meta name=\"robots\" content=\"index, follow, max-snippet:-1, max-image-preview:large, max-video-preview:-1\" \/>\n<link rel=\"canonical\" href=\"https:\/\/www.ljubenko-i-partneri.hr\/en\/dogadaji\/9-sabor-hrvatskih-graditelja\/\" \/>\n<meta property=\"og:locale\" content=\"hr_HR\" \/>\n<meta property=\"og:type\" content=\"article\" \/>\n<meta property=\"og:title\" content=\"Dana 21.-24.4.2024. odr\u017ean je 9. Sabor hrvatskih graditelja\" \/>\n<meta property=\"og:description\" content=\"Hrvatski savez gra\u0111evinskih in\u017eenjera organizirao je 9. Sabor hrvatskih graditelja koji se odr\u017eao 21. do 24. travnja 2024. u Cavtatu. Skup, koji se odr\u017eava svake \u010detiri godine, okuplja graditelje iz zemlje i inozemstva kako bi ocijenili stanje graditeljstva te predstavili zna\u010dajne projekte, zanimljiva in\u017eenjerska rje\u0161enja i inovacije iz svih podru\u010dja graditeljstva\" \/>\n<meta property=\"og:url\" content=\"https:\/\/www.ljubenko-i-partneri.hr\/en\/dogadaji\/9-sabor-hrvatskih-graditelja\/\" \/>\n<meta property=\"og:site_name\" content=\"Ljubenko i partneri - eng\" \/>\n<meta property=\"article:modified_time\" content=\"2025-11-01T18:31:48+00:00\" \/>\n<meta property=\"og:image\" content=\"https:\/\/www.ljubenko-i-partneri.hr\/en\/wp-content\/uploads\/sites\/3\/2025\/10\/4-9__sabor_hrvatskih_graditelja-21_-24_04_2024.jpg\" \/>\n\t<meta property=\"og:image:width\" content=\"1162\" \/>\n\t<meta property=\"og:image:height\" content=\"1615\" \/>\n\t<meta property=\"og:image:type\" content=\"image\/jpeg\" \/>\n<meta name=\"twitter:card\" content=\"summary_large_image\" \/>\n<meta name=\"twitter:label1\" content=\"Procijenjeno vrijeme \u010ditanja\" \/>\n\t<meta name=\"twitter:data1\" content=\"1 minuta\" \/>\n<script type=\"application\/ld+json\" class=\"yoast-schema-graph\">{\"@context\":\"https:\/\/schema.org\",\"@graph\":[{\"@type\":\"WebPage\",\"@id\":\"https:\/\/www.ljubenko-i-partneri.hr\/en\/dogadaji\/9-sabor-hrvatskih-graditelja\/\",\"url\":\"https:\/\/www.ljubenko-i-partneri.hr\/en\/dogadaji\/9-sabor-hrvatskih-graditelja\/\",\"name\":\"Dana 21.-24.4.2024. odr\u017ean je 9. Sabor hrvatskih graditelja - Ljubenko i partneri - eng\",\"isPartOf\":{\"@id\":\"https:\/\/www.ljubenko-i-partneri.hr\/en\/#website\"},\"datePublished\":\"2025-10-19T22:32:35+00:00\",\"dateModified\":\"2025-11-01T18:31:48+00:00\",\"breadcrumb\":{\"@id\":\"https:\/\/www.ljubenko-i-partneri.hr\/en\/dogadaji\/9-sabor-hrvatskih-graditelja\/#breadcrumb\"},\"inLanguage\":\"hr\",\"potentialAction\":[{\"@type\":\"ReadAction\",\"target\":[\"https:\/\/www.ljubenko-i-partneri.hr\/en\/dogadaji\/9-sabor-hrvatskih-graditelja\/\"]}]},{\"@type\":\"BreadcrumbList\",\"@id\":\"https:\/\/www.ljubenko-i-partneri.hr\/en\/dogadaji\/9-sabor-hrvatskih-graditelja\/#breadcrumb\",\"itemListElement\":[{\"@type\":\"ListItem\",\"position\":1,\"name\":\"Po\u010detna stranica\",\"item\":\"https:\/\/www.ljubenko-i-partneri.hr\/en\/\"},{\"@type\":\"ListItem\",\"position\":2,\"name\":\"Doga\u0111aji\",\"item\":\"https:\/\/www.ljubenko-i-partneri.hr\/en\/dogadaji\/\"},{\"@type\":\"ListItem\",\"position\":3,\"name\":\"Dana 21.-24.4.2024. odr\u017ean je 9. Sabor hrvatskih graditelja\"}]},{\"@type\":\"WebSite\",\"@id\":\"https:\/\/www.ljubenko-i-partneri.hr\/en\/#website\",\"url\":\"https:\/\/www.ljubenko-i-partneri.hr\/en\/\",\"name\":\"Ljubenko i partneri - eng\",\"description\":\"\",\"potentialAction\":[{\"@type\":\"SearchAction\",\"target\":{\"@type\":\"EntryPoint\",\"urlTemplate\":\"https:\/\/www.ljubenko-i-partneri.hr\/en\/?s={search_term_string}\"},\"query-input\":\"required name=search_term_string\"}],\"inLanguage\":\"hr\"}]}<\/script>\n<!-- \/ Yoast SEO Premium plugin. -->","yoast_head_json":{"title":"Dana 21.-24.4.2024. odr\u017ean je 9. Sabor hrvatskih graditelja - Ljubenko i partneri - eng","robots":{"index":"index","follow":"follow","max-snippet":"max-snippet:-1","max-image-preview":"max-image-preview:large","max-video-preview":"max-video-preview:-1"},"canonical":"https:\/\/www.ljubenko-i-partneri.hr\/en\/dogadaji\/9-sabor-hrvatskih-graditelja\/","og_locale":"hr_HR","og_type":"article","og_title":"Dana 21.-24.4.2024. odr\u017ean je 9. Sabor hrvatskih graditelja","og_description":"Hrvatski savez gra\u0111evinskih in\u017eenjera organizirao je 9. Sabor hrvatskih graditelja koji se odr\u017eao 21. do 24. travnja 2024. u Cavtatu. Skup, koji se odr\u017eava svake \u010detiri godine, okuplja graditelje iz zemlje i inozemstva kako bi ocijenili stanje graditeljstva te predstavili zna\u010dajne projekte, zanimljiva in\u017eenjerska rje\u0161enja i inovacije iz svih podru\u010dja graditeljstva","og_url":"https:\/\/www.ljubenko-i-partneri.hr\/en\/dogadaji\/9-sabor-hrvatskih-graditelja\/","og_site_name":"Ljubenko i partneri - eng","article_modified_time":"2025-11-01T18:31:48+00:00","og_image":[{"width":1162,"height":1615,"url":"https:\/\/www.ljubenko-i-partneri.hr\/en\/wp-content\/uploads\/sites\/3\/2025\/10\/4-9__sabor_hrvatskih_graditelja-21_-24_04_2024.jpg","type":"image\/jpeg"}],"twitter_card":"summary_large_image","twitter_misc":{"Procijenjeno vrijeme \u010ditanja":"1 minuta"},"schema":{"@context":"https:\/\/schema.org","@graph":[{"@type":"WebPage","@id":"https:\/\/www.ljubenko-i-partneri.hr\/en\/dogadaji\/9-sabor-hrvatskih-graditelja\/","url":"https:\/\/www.ljubenko-i-partneri.hr\/en\/dogadaji\/9-sabor-hrvatskih-graditelja\/","name":"Dana 21.-24.4.2024. odr\u017ean je 9. Sabor hrvatskih graditelja - Ljubenko i partneri - eng","isPartOf":{"@id":"https:\/\/www.ljubenko-i-partneri.hr\/en\/#website"},"datePublished":"2025-10-19T22:32:35+00:00","dateModified":"2025-11-01T18:31:48+00:00","breadcrumb":{"@id":"https:\/\/www.ljubenko-i-partneri.hr\/en\/dogadaji\/9-sabor-hrvatskih-graditelja\/#breadcrumb"},"inLanguage":"hr","potentialAction":[{"@type":"ReadAction","target":["https:\/\/www.ljubenko-i-partneri.hr\/en\/dogadaji\/9-sabor-hrvatskih-graditelja\/"]}]},{"@type":"BreadcrumbList","@id":"https:\/\/www.ljubenko-i-partneri.hr\/en\/dogadaji\/9-sabor-hrvatskih-graditelja\/#breadcrumb","itemListElement":[{"@type":"ListItem","position":1,"name":"Po\u010detna stranica","item":"https:\/\/www.ljubenko-i-partneri.hr\/en\/"},{"@type":"ListItem","position":2,"name":"Doga\u0111aji","item":"https:\/\/www.ljubenko-i-partneri.hr\/en\/dogadaji\/"},{"@type":"ListItem","position":3,"name":"Dana 21.-24.4.2024. odr\u017ean je 9. Sabor hrvatskih graditelja"}]},{"@type":"WebSite","@id":"https:\/\/www.ljubenko-i-partneri.hr\/en\/#website","url":"https:\/\/www.ljubenko-i-partneri.hr\/en\/","name":"Ljubenko i partneri - eng","description":"","potentialAction":[{"@type":"SearchAction","target":{"@type":"EntryPoint","urlTemplate":"https:\/\/www.ljubenko-i-partneri.hr\/en\/?s={search_term_string}"},"query-input":"required name=search_term_string"}],"inLanguage":"hr"}]}},"_links":{"self":[{"href":"https:\/\/www.ljubenko-i-partneri.hr\/en\/wp-json\/wp\/v2\/events\/690","targetHints":{"allow":["GET"]}}],"collection":[{"href":"https:\/\/www.ljubenko-i-partneri.hr\/en\/wp-json\/wp\/v2\/events"}],"about":[{"href":"https:\/\/www.ljubenko-i-partneri.hr\/en\/wp-json\/wp\/v2\/types\/events"}],"wp:featuredmedia":[{"embeddable":true,"href":"https:\/\/www.ljubenko-i-partneri.hr\/en\/wp-json\/wp\/v2\/media\/694"}],"wp:attachment":[{"href":"https:\/\/www.ljubenko-i-partneri.hr\/en\/wp-json\/wp\/v2\/media?parent=690"}],"curies":[{"name":"wp","href":"https:\/\/api.w.org\/{rel}","templated":true}]}}

Dana 21.-24.4.2024. održan je 9. Sabor hrvatskih graditelja

<p>Hrvatski savez građevinskih inženjera organizirao je 9. Sabor hrvatskih graditelja koji se održao 21. do 24. travnja 2024. u Cavtatu. Skup, koji se održava svake četiri godine, okuplja graditelje iz zemlje i inozemstva kako bi ocijenili stanje graditeljstva te predstavili značajne projekte, zanimljiva inženjerska rješenja i inovacije iz svih područja graditeljstva</p>

<!-- This site is optimized with the Yoast SEO Premium plugin v19.5 (Yoast SEO v19.10) - https://yoast.com/wordpress/plugins/seo/ -->
<title>Dana 21.-24.4.2024. održan je 9. Sabor hrvatskih graditelja - Ljubenko i partneri - eng</title>
<meta name="robots" content="index, follow, max-snippet:-1, max-image-preview:large, max-video-preview:-1" />
<link rel="canonical" href="https://www.ljubenko-i-partneri.hr/en/dogadaji/9-sabor-hrvatskih-graditelja/" />
<meta property="og:locale" content="hr_HR" />
<meta property="og:type" content="article" />
<meta property="og:title" content="Dana 21.-24.4.2024. održan je 9. Sabor hrvatskih graditelja" />
<meta property="og:description" content="Hrvatski savez građevinskih inženjera organizirao je 9. Sabor hrvatskih graditelja koji se održao 21. do 24. travnja 2024. u Cavtatu. Skup, koji se održava svake četiri godine, okuplja graditelje iz zemlje i inozemstva kako bi ocijenili stanje graditeljstva te predstavili značajne projekte, zanimljiva inženjerska rješenja i inovacije iz svih područja graditeljstva" />
<meta property="og:url" content="https://www.ljubenko-i-partneri.hr/en/dogadaji/9-sabor-hrvatskih-graditelja/" />
<meta property="og:site_name" content="Ljubenko i partneri - eng" />
<meta property="article:modified_time" content="2025-11-01T18:31:48+00:00" />
<meta property="og:image" content="https://www.ljubenko-i-partneri.hr/en/wp-content/uploads/sites/3/2025/10/4-9__sabor_hrvatskih_graditelja-21_-24_04_2024.jpg" />
	<meta property="og:image:width" content="1162" />
	<meta property="og:image:height" content="1615" />
	<meta property="og:image:type" content="image/jpeg" />
<meta name="twitter:card" content="summary_large_image" />
<meta name="twitter:label1" content="Procijenjeno vrijeme čitanja" />
	<meta name="twitter:data1" content="1 minuta" />
<script type="application/ld+json" class="yoast-schema-graph">{"@context":"https://schema.org","@graph":[{"@type":"WebPage","@id":"https://www.ljubenko-i-partneri.hr/en/dogadaji/9-sabor-hrvatskih-graditelja/","url":"https://www.ljubenko-i-partneri.hr/en/dogadaji/9-sabor-hrvatskih-graditelja/","name":"Dana 21.-24.4.2024. održan je 9. Sabor hrvatskih graditelja - Ljubenko i partneri - eng","isPartOf":{"@id":"https://www.ljubenko-i-partneri.hr/en/#website"},"datePublished":"2025-10-19T22:32:35+00:00","dateModified":"2025-11-01T18:31:48+00:00","breadcrumb":{"@id":"https://www.ljubenko-i-partneri.hr/en/dogadaji/9-sabor-hrvatskih-graditelja/#breadcrumb"},"inLanguage":"hr","potentialAction":[{"@type":"ReadAction","target":["https://www.ljubenko-i-partneri.hr/en/dogadaji/9-sabor-hrvatskih-graditelja/"]}]},{"@type":"BreadcrumbList","@id":"https://www.ljubenko-i-partneri.hr/en/dogadaji/9-sabor-hrvatskih-graditelja/#breadcrumb","itemListElement":[{"@type":"ListItem","position":1,"name":"Početna stranica","item":"https://www.ljubenko-i-partneri.hr/en/"},{"@type":"ListItem","position":2,"name":"Događaji","item":"https://www.ljubenko-i-partneri.hr/en/dogadaji/"},{"@type":"ListItem","position":3,"name":"Dana 21.-24.4.2024. održan je 9. Sabor hrvatskih graditelja"}]},{"@type":"WebSite","@id":"https://www.ljubenko-i-partneri.hr/en/#website","url":"https://www.ljubenko-i-partneri.hr/en/","name":"Ljubenko i partneri - eng","description":"","potentialAction":[{"@type":"SearchAction","target":{"@type":"EntryPoint","urlTemplate":"https://www.ljubenko-i-partneri.hr/en/?s={search_term_string}"},"query-input":"required name=search_term_string"}],"inLanguage":"hr"}]}</script>
<!-- / Yoast SEO Premium plugin. -->

Dana 21.-24.4.2024. održan je 9. Sabor hrvatskih graditelja - Ljubenko i partneri - eng

Hrvatski savez građevinskih inženjera organizirao je 9. Sabor hrvatskih graditelja koji se održao 21. do 24. travnja 2024. u Cavtatu. Skup, koji se održava svake četiri godine, okuplja graditelje iz zemlje i inozemstva kako bi ocijenili stanje graditeljstva te predstavili značajne projekte, zanimljiva inženjerska rješenja i inovacije iz svih područja graditeljstva

Početna stranica

Događaji
