{"id":691,"date":"2025-10-20T00:34:40","date_gmt":"2025-10-19T22:34:40","guid":{"rendered":"https:\/\/ljubenko-i-partneri.ectoris.com\/en\/?post_type=events&#038;p=691"},"modified":"2025-11-01T20:44:03","modified_gmt":"2025-11-01T18:44:03","slug":"moderiranje-i-sudjelovanje-na-konferenciji-hup","status":"publish","type":"events","link":"https:\/\/www.ljubenko-i-partneri.hr\/en\/dogadaji\/moderiranje-i-sudjelovanje-na-konferenciji-hup\/","title":{"rendered":"Dana 16.5.2024. odr\u017eana je konferencija HUP-a na kojoj je kolegica Ines Brozovi\u0107 sudjelovala u organizaciji i bila moderator"},"content":{"rendered":"<p>Odr\u017eana konferencija HUP-a \u2013 Udruge poslodavaca graditeljstva o nabavi gra\u0111evinskih radova \u201eKako provesti nabavu radova bez rizika izvo\u0111a\u010da i naru\u010ditelja\u201c na kojoj je kolegica Ines Brozovi\u0107 bila moderator cijele Konferencije.<\/p>\n<p><img loading=\"lazy\" decoding=\"async\" class=\"alignnone size-medium wp-image-692\" src=\"https:\/\/ljubenko-i-partneri.ectoris.com\/en\/wp-content\/uploads\/sites\/3\/2025\/10\/6-hup_konferencija_16_05_2024_-1-212x300.jpg\" alt=\"\" width=\"212\" height=\"300\" srcset=\"https:\/\/www.ljubenko-i-partneri.hr\/en\/wp-content\/uploads\/sites\/3\/2025\/10\/6-hup_konferencija_16_05_2024_-1-212x300.jpg 212w, https:\/\/www.ljubenko-i-partneri.hr\/en\/wp-content\/uploads\/sites\/3\/2025\/10\/6-hup_konferencija_16_05_2024_-1-724x1024.jpg 724w, https:\/\/www.ljubenko-i-partneri.hr\/en\/wp-content\/uploads\/sites\/3\/2025\/10\/6-hup_konferencija_16_05_2024_-1-768x1086.jpg 768w, https:\/\/www.ljubenko-i-partneri.hr\/en\/wp-content\/uploads\/sites\/3\/2025\/10\/6-hup_konferencija_16_05_2024_-1-1086x1536.jpg 1086w, https:\/\/www.ljubenko-i-partneri.hr\/en\/wp-content\/uploads\/sites\/3\/2025\/10\/6-hup_konferencija_16_05_2024_-1.jpg 1190w\" sizes=\"auto, 100vw\" \/><\/p>\n<p><img loading=\"lazy\" decoding=\"async\" class=\"alignnone size-medium wp-image-693\" src=\"https:\/\/ljubenko-i-partneri.ectoris.com\/en\/wp-content\/uploads\/sites\/3\/2025\/10\/6-hup_konferencija_16_05_2024_-2-212x300.jpg\" alt=\"\" width=\"212\" height=\"300\" srcset=\"https:\/\/www.ljubenko-i-partneri.hr\/en\/wp-content\/uploads\/sites\/3\/2025\/10\/6-hup_konferencija_16_05_2024_-2-212x300.jpg 212w, https:\/\/www.ljubenko-i-partneri.hr\/en\/wp-content\/uploads\/sites\/3\/2025\/10\/6-hup_konferencija_16_05_2024_-2-724x1024.jpg 724w, https:\/\/www.ljubenko-i-partneri.hr\/en\/wp-content\/uploads\/sites\/3\/2025\/10\/6-hup_konferencija_16_05_2024_-2-768x1086.jpg 768w, https:\/\/www.ljubenko-i-partneri.hr\/en\/wp-content\/uploads\/sites\/3\/2025\/10\/6-hup_konferencija_16_05_2024_-2-1086x1536.jpg 1086w, https:\/\/www.ljubenko-i-partneri.hr\/en\/wp-content\/uploads\/sites\/3\/2025\/10\/6-hup_konferencija_16_05_2024_-2.jpg 1190w\" sizes=\"auto, 100vw\" \/><\/p>\n","protected":false},"featured_media":758,"template":"","class_list":["post-691","events","type-events","status-publish","has-post-thumbnail","hentry"],"acf":[],"yoast_head":"<!-- This site is optimized with the Yoast SEO Premium plugin v19.5 (Yoast SEO v19.10) - https:\/\/yoast.com\/wordpress\/plugins\/seo\/ -->\n<title>Dana 16.5.2024. odr\u017eana je konferencija HUP-a na kojoj je kolegica Ines Brozovi\u0107 sudjelovala u organizaciji i bila moderator - Ljubenko i partneri - eng<\/title>\n<meta name=\"robots\" content=\"index, follow, max-snippet:-1, max-image-preview:large, max-video-preview:-1\" \/>\n<link rel=\"canonical\" href=\"https:\/\/www.ljubenko-i-partneri.hr\/en\/dogadaji\/moderiranje-i-sudjelovanje-na-konferenciji-hup\/\" \/>\n<meta property=\"og:locale\" content=\"hr_HR\" \/>\n<meta property=\"og:type\" content=\"article\" \/>\n<meta property=\"og:title\" content=\"Dana 16.5.2024. odr\u017eana je konferencija HUP-a na kojoj je kolegica Ines Brozovi\u0107 sudjelovala u organizaciji i bila moderator\" \/>\n<meta property=\"og:description\" content=\"Odr\u017eana konferencija HUP-a \u2013 Udruge poslodavaca graditeljstva o nabavi gra\u0111evinskih radova \u201eKako provesti nabavu radova bez rizika izvo\u0111a\u010da i naru\u010ditelja\u201c na kojoj je kolegica Ines Brozovi\u0107 bila moderator cijele Konferencije.\" \/>\n<meta property=\"og:url\" content=\"https:\/\/www.ljubenko-i-partneri.hr\/en\/dogadaji\/moderiranje-i-sudjelovanje-na-konferenciji-hup\/\" \/>\n<meta property=\"og:site_name\" content=\"Ljubenko i partneri - eng\" \/>\n<meta property=\"article:modified_time\" content=\"2025-11-01T18:44:03+00:00\" \/>\n<meta property=\"og:image\" content=\"https:\/\/www.ljubenko-i-partneri.hr\/en\/wp-content\/uploads\/sites\/3\/2025\/10\/Slika-za-dogadaj-16.05.2024.jpg\" \/>\n\t<meta property=\"og:image:width\" content=\"1024\" \/>\n\t<meta property=\"og:image:height\" content=\"683\" \/>\n\t<meta property=\"og:image:type\" content=\"image\/jpeg\" \/>\n<meta name=\"twitter:card\" content=\"summary_large_image\" \/>\n<meta name=\"twitter:label1\" content=\"Procijenjeno vrijeme \u010ditanja\" \/>\n\t<meta name=\"twitter:data1\" content=\"1 minuta\" \/>\n<script type=\"application\/ld+json\" class=\"yoast-schema-graph\">{\"@context\":\"https:\/\/schema.org\",\"@graph\":[{\"@type\":\"WebPage\",\"@id\":\"https:\/\/www.ljubenko-i-partneri.hr\/en\/dogadaji\/moderiranje-i-sudjelovanje-na-konferenciji-hup\/\",\"url\":\"https:\/\/www.ljubenko-i-partneri.hr\/en\/dogadaji\/moderiranje-i-sudjelovanje-na-konferenciji-hup\/\",\"name\":\"Dana 16.5.2024. odr\u017eana je konferencija HUP-a na kojoj je kolegica Ines Brozovi\u0107 sudjelovala u organizaciji i bila moderator - Ljubenko i partneri - eng\",\"isPartOf\":{\"@id\":\"https:\/\/www.ljubenko-i-partneri.hr\/en\/#website\"},\"datePublished\":\"2025-10-19T22:34:40+00:00\",\"dateModified\":\"2025-11-01T18:44:03+00:00\",\"breadcrumb\":{\"@id\":\"https:\/\/www.ljubenko-i-partneri.hr\/en\/dogadaji\/moderiranje-i-sudjelovanje-na-konferenciji-hup\/#breadcrumb\"},\"inLanguage\":\"hr\",\"potentialAction\":[{\"@type\":\"ReadAction\",\"target\":[\"https:\/\/www.ljubenko-i-partneri.hr\/en\/dogadaji\/moderiranje-i-sudjelovanje-na-konferenciji-hup\/\"]}]},{\"@type\":\"BreadcrumbList\",\"@id\":\"https:\/\/www.ljubenko-i-partneri.hr\/en\/dogadaji\/moderiranje-i-sudjelovanje-na-konferenciji-hup\/#breadcrumb\",\"itemListElement\":[{\"@type\":\"ListItem\",\"position\":1,\"name\":\"Po\u010detna stranica\",\"item\":\"https:\/\/www.ljubenko-i-partneri.hr\/en\/\"},{\"@type\":\"ListItem\",\"position\":2,\"name\":\"Doga\u0111aji\",\"item\":\"https:\/\/www.ljubenko-i-partneri.hr\/en\/dogadaji\/\"},{\"@type\":\"ListItem\",\"position\":3,\"name\":\"Dana 16.5.2024. odr\u017eana je konferencija HUP-a na kojoj je kolegica Ines Brozovi\u0107 sudjelovala u organizaciji i bila moderator\"}]},{\"@type\":\"WebSite\",\"@id\":\"https:\/\/www.ljubenko-i-partneri.hr\/en\/#website\",\"url\":\"https:\/\/www.ljubenko-i-partneri.hr\/en\/\",\"name\":\"Ljubenko i partneri - eng\",\"description\":\"\",\"potentialAction\":[{\"@type\":\"SearchAction\",\"target\":{\"@type\":\"EntryPoint\",\"urlTemplate\":\"https:\/\/www.ljubenko-i-partneri.hr\/en\/?s={search_term_string}\"},\"query-input\":\"required name=search_term_string\"}],\"inLanguage\":\"hr\"}]}<\/script>\n<!-- \/ Yoast SEO Premium plugin. -->","yoast_head_json":{"title":"Dana 16.5.2024. odr\u017eana je konferencija HUP-a na kojoj je kolegica Ines Brozovi\u0107 sudjelovala u organizaciji i bila moderator - Ljubenko i partneri - eng","robots":{"index":"index","follow":"follow","max-snippet":"max-snippet:-1","max-image-preview":"max-image-preview:large","max-video-preview":"max-video-preview:-1"},"canonical":"https:\/\/www.ljubenko-i-partneri.hr\/en\/dogadaji\/moderiranje-i-sudjelovanje-na-konferenciji-hup\/","og_locale":"hr_HR","og_type":"article","og_title":"Dana 16.5.2024. odr\u017eana je konferencija HUP-a na kojoj je kolegica Ines Brozovi\u0107 sudjelovala u organizaciji i bila moderator","og_description":"Odr\u017eana konferencija HUP-a \u2013 Udruge poslodavaca graditeljstva o nabavi gra\u0111evinskih radova \u201eKako provesti nabavu radova bez rizika izvo\u0111a\u010da i naru\u010ditelja\u201c na kojoj je kolegica Ines Brozovi\u0107 bila moderator cijele Konferencije.","og_url":"https:\/\/www.ljubenko-i-partneri.hr\/en\/dogadaji\/moderiranje-i-sudjelovanje-na-konferenciji-hup\/","og_site_name":"Ljubenko i partneri - eng","article_modified_time":"2025-11-01T18:44:03+00:00","og_image":[{"width":1024,"height":683,"url":"https:\/\/www.ljubenko-i-partneri.hr\/en\/wp-content\/uploads\/sites\/3\/2025\/10\/Slika-za-dogadaj-16.05.2024.jpg","type":"image\/jpeg"}],"twitter_card":"summary_large_image","twitter_misc":{"Procijenjeno vrijeme \u010ditanja":"1 minuta"},"schema":{"@context":"https:\/\/schema.org","@graph":[{"@type":"WebPage","@id":"https:\/\/www.ljubenko-i-partneri.hr\/en\/dogadaji\/moderiranje-i-sudjelovanje-na-konferenciji-hup\/","url":"https:\/\/www.ljubenko-i-partneri.hr\/en\/dogadaji\/moderiranje-i-sudjelovanje-na-konferenciji-hup\/","name":"Dana 16.5.2024. odr\u017eana je konferencija HUP-a na kojoj je kolegica Ines Brozovi\u0107 sudjelovala u organizaciji i bila moderator - Ljubenko i partneri - eng","isPartOf":{"@id":"https:\/\/www.ljubenko-i-partneri.hr\/en\/#website"},"datePublished":"2025-10-19T22:34:40+00:00","dateModified":"2025-11-01T18:44:03+00:00","breadcrumb":{"@id":"https:\/\/www.ljubenko-i-partneri.hr\/en\/dogadaji\/moderiranje-i-sudjelovanje-na-konferenciji-hup\/#breadcrumb"},"inLanguage":"hr","potentialAction":[{"@type":"ReadAction","target":["https:\/\/www.ljubenko-i-partneri.hr\/en\/dogadaji\/moderiranje-i-sudjelovanje-na-konferenciji-hup\/"]}]},{"@type":"BreadcrumbList","@id":"https:\/\/www.ljubenko-i-partneri.hr\/en\/dogadaji\/moderiranje-i-sudjelovanje-na-konferenciji-hup\/#breadcrumb","itemListElement":[{"@type":"ListItem","position":1,"name":"Po\u010detna stranica","item":"https:\/\/www.ljubenko-i-partneri.hr\/en\/"},{"@type":"ListItem","position":2,"name":"Doga\u0111aji","item":"https:\/\/www.ljubenko-i-partneri.hr\/en\/dogadaji\/"},{"@type":"ListItem","position":3,"name":"Dana 16.5.2024. odr\u017eana je konferencija HUP-a na kojoj je kolegica Ines Brozovi\u0107 sudjelovala u organizaciji i bila moderator"}]},{"@type":"WebSite","@id":"https:\/\/www.ljubenko-i-partneri.hr\/en\/#website","url":"https:\/\/www.ljubenko-i-partneri.hr\/en\/","name":"Ljubenko i partneri - eng","description":"","potentialAction":[{"@type":"SearchAction","target":{"@type":"EntryPoint","urlTemplate":"https:\/\/www.ljubenko-i-partneri.hr\/en\/?s={search_term_string}"},"query-input":"required name=search_term_string"}],"inLanguage":"hr"}]}},"_links":{"self":[{"href":"https:\/\/www.ljubenko-i-partneri.hr\/en\/wp-json\/wp\/v2\/events\/691","targetHints":{"allow":["GET"]}}],"collection":[{"href":"https:\/\/www.ljubenko-i-partneri.hr\/en\/wp-json\/wp\/v2\/events"}],"about":[{"href":"https:\/\/www.ljubenko-i-partneri.hr\/en\/wp-json\/wp\/v2\/types\/events"}],"wp:featuredmedia":[{"embeddable":true,"href":"https:\/\/www.ljubenko-i-partneri.hr\/en\/wp-json\/wp\/v2\/media\/758"}],"wp:attachment":[{"href":"https:\/\/www.ljubenko-i-partneri.hr\/en\/wp-json\/wp\/v2\/media?parent=691"}],"curies":[{"name":"wp","href":"https:\/\/api.w.org\/{rel}","templated":true}]}}

Dana 16.5.2024. održana je konferencija HUP-a na kojoj je kolegica Ines Brozović sudjelovala u organizaciji i bila moderator

<p>Održana konferencija HUP-a – Udruge poslodavaca graditeljstva o nabavi građevinskih radova „Kako provesti nabavu radova bez rizika izvođača i naručitelja“ na kojoj je kolegica Ines Brozović bila moderator cijele Konferencije.</p>
<p><img loading="lazy" decoding="async" class="alignnone size-medium wp-image-692" src="https://ljubenko-i-partneri.ectoris.com/en/wp-content/uploads/sites/3/2025/10/6-hup_konferencija_16_05_2024_-1-212x300.jpg" alt="" width="212" height="300" srcset="https://www.ljubenko-i-partneri.hr/en/wp-content/uploads/sites/3/2025/10/6-hup_konferencija_16_05_2024_-1-212x300.jpg 212w, https://www.ljubenko-i-partneri.hr/en/wp-content/uploads/sites/3/2025/10/6-hup_konferencija_16_05_2024_-1-724x1024.jpg 724w, https://www.ljubenko-i-partneri.hr/en/wp-content/uploads/sites/3/2025/10/6-hup_konferencija_16_05_2024_-1-768x1086.jpg 768w, https://www.ljubenko-i-partneri.hr/en/wp-content/uploads/sites/3/2025/10/6-hup_konferencija_16_05_2024_-1-1086x1536.jpg 1086w, https://www.ljubenko-i-partneri.hr/en/wp-content/uploads/sites/3/2025/10/6-hup_konferencija_16_05_2024_-1.jpg 1190w" sizes="auto, 100vw" /></p>
<p><img loading="lazy" decoding="async" class="alignnone size-medium wp-image-693" src="https://ljubenko-i-partneri.ectoris.com/en/wp-content/uploads/sites/3/2025/10/6-hup_konferencija_16_05_2024_-2-212x300.jpg" alt="" width="212" height="300" srcset="https://www.ljubenko-i-partneri.hr/en/wp-content/uploads/sites/3/2025/10/6-hup_konferencija_16_05_2024_-2-212x300.jpg 212w, https://www.ljubenko-i-partneri.hr/en/wp-content/uploads/sites/3/2025/10/6-hup_konferencija_16_05_2024_-2-724x1024.jpg 724w, https://www.ljubenko-i-partneri.hr/en/wp-content/uploads/sites/3/2025/10/6-hup_konferencija_16_05_2024_-2-768x1086.jpg 768w, https://www.ljubenko-i-partneri.hr/en/wp-content/uploads/sites/3/2025/10/6-hup_konferencija_16_05_2024_-2-1086x1536.jpg 1086w, https://www.ljubenko-i-partneri.hr/en/wp-content/uploads/sites/3/2025/10/6-hup_konferencija_16_05_2024_-2.jpg 1190w" sizes="auto, 100vw" /></p>

<!-- This site is optimized with the Yoast SEO Premium plugin v19.5 (Yoast SEO v19.10) - https://yoast.com/wordpress/plugins/seo/ -->
<title>Dana 16.5.2024. održana je konferencija HUP-a na kojoj je kolegica Ines Brozović sudjelovala u organizaciji i bila moderator - Ljubenko i partneri - eng</title>
<meta name="robots" content="index, follow, max-snippet:-1, max-image-preview:large, max-video-preview:-1" />
<link rel="canonical" href="https://www.ljubenko-i-partneri.hr/en/dogadaji/moderiranje-i-sudjelovanje-na-konferenciji-hup/" />
<meta property="og:locale" content="hr_HR" />
<meta property="og:type" content="article" />
<meta property="og:title" content="Dana 16.5.2024. održana je konferencija HUP-a na kojoj je kolegica Ines Brozović sudjelovala u organizaciji i bila moderator" />
<meta property="og:description" content="Održana konferencija HUP-a – Udruge poslodavaca graditeljstva o nabavi građevinskih radova „Kako provesti nabavu radova bez rizika izvođača i naručitelja“ na kojoj je kolegica Ines Brozović bila moderator cijele Konferencije." />
<meta property="og:url" content="https://www.ljubenko-i-partneri.hr/en/dogadaji/moderiranje-i-sudjelovanje-na-konferenciji-hup/" />
<meta property="og:site_name" content="Ljubenko i partneri - eng" />
<meta property="article:modified_time" content="2025-11-01T18:44:03+00:00" />
<meta property="og:image" content="https://www.ljubenko-i-partneri.hr/en/wp-content/uploads/sites/3/2025/10/Slika-za-dogadaj-16.05.2024.jpg" />
	<meta property="og:image:width" content="1024" />
	<meta property="og:image:height" content="683" />
	<meta property="og:image:type" content="image/jpeg" />
<meta name="twitter:card" content="summary_large_image" />
<meta name="twitter:label1" content="Procijenjeno vrijeme čitanja" />
	<meta name="twitter:data1" content="1 minuta" />
<script type="application/ld+json" class="yoast-schema-graph">{"@context":"https://schema.org","@graph":[{"@type":"WebPage","@id":"https://www.ljubenko-i-partneri.hr/en/dogadaji/moderiranje-i-sudjelovanje-na-konferenciji-hup/","url":"https://www.ljubenko-i-partneri.hr/en/dogadaji/moderiranje-i-sudjelovanje-na-konferenciji-hup/","name":"Dana 16.5.2024. održana je konferencija HUP-a na kojoj je kolegica Ines Brozović sudjelovala u organizaciji i bila moderator - Ljubenko i partneri - eng","isPartOf":{"@id":"https://www.ljubenko-i-partneri.hr/en/#website"},"datePublished":"2025-10-19T22:34:40+00:00","dateModified":"2025-11-01T18:44:03+00:00","breadcrumb":{"@id":"https://www.ljubenko-i-partneri.hr/en/dogadaji/moderiranje-i-sudjelovanje-na-konferenciji-hup/#breadcrumb"},"inLanguage":"hr","potentialAction":[{"@type":"ReadAction","target":["https://www.ljubenko-i-partneri.hr/en/dogadaji/moderiranje-i-sudjelovanje-na-konferenciji-hup/"]}]},{"@type":"BreadcrumbList","@id":"https://www.ljubenko-i-partneri.hr/en/dogadaji/moderiranje-i-sudjelovanje-na-konferenciji-hup/#breadcrumb","itemListElement":[{"@type":"ListItem","position":1,"name":"Početna stranica","item":"https://www.ljubenko-i-partneri.hr/en/"},{"@type":"ListItem","position":2,"name":"Događaji","item":"https://www.ljubenko-i-partneri.hr/en/dogadaji/"},{"@type":"ListItem","position":3,"name":"Dana 16.5.2024. održana je konferencija HUP-a na kojoj je kolegica Ines Brozović sudjelovala u organizaciji i bila moderator"}]},{"@type":"WebSite","@id":"https://www.ljubenko-i-partneri.hr/en/#website","url":"https://www.ljubenko-i-partneri.hr/en/","name":"Ljubenko i partneri - eng","description":"","potentialAction":[{"@type":"SearchAction","target":{"@type":"EntryPoint","urlTemplate":"https://www.ljubenko-i-partneri.hr/en/?s={search_term_string}"},"query-input":"required name=search_term_string"}],"inLanguage":"hr"}]}</script>
<!-- / Yoast SEO Premium plugin. -->

Dana 16.5.2024. održana je konferencija HUP-a na kojoj je kolegica Ines Brozović sudjelovala u organizaciji i bila moderator - Ljubenko i partneri - eng

Održana konferencija HUP-a – Udruge poslodavaca graditeljstva o nabavi građevinskih radova „Kako provesti nabavu radova bez rizika izvođača i naručitelja“ na kojoj je kolegica Ines Brozović bila moderator cijele Konferencije.

Početna stranica

Događaji
