{"id":695,"date":"2025-10-20T00:37:20","date_gmt":"2025-10-19T22:37:20","guid":{"rendered":"https:\/\/ljubenko-i-partneri.ectoris.com\/en\/?post_type=events&#038;p=695"},"modified":"2025-10-27T20:39:57","modified_gmt":"2025-10-27T18:39:57","slug":"otmc","status":"publish","type":"events","link":"https:\/\/www.ljubenko-i-partneri.hr\/en\/dogadaji\/otmc\/","title":{"rendered":"Od 25.-28.09.2024. odr\u017eana je OTMC Konferencija u \u0160ibeniku na kojoj je sudjelovao kolega Mi\u0107o Ljubenko"},"content":{"rendered":"<p>Kolega Mi\u0107o Ljubenko je sudjelovao kao panelist u panel raspravi na temu &#8220;Rje\u0161avanje sporova u gra\u0111evinskim projektima.<\/p>\n","protected":false},"featured_media":696,"template":"","class_list":["post-695","events","type-events","status-publish","has-post-thumbnail","hentry"],"acf":[],"yoast_head":"<!-- This site is optimized with the Yoast SEO Premium plugin v19.5 (Yoast SEO v19.10) - https:\/\/yoast.com\/wordpress\/plugins\/seo\/ -->\n<title>Od 25.-28.09.2024. odr\u017eana je OTMC Konferencija u \u0160ibeniku na kojoj je sudjelovao kolega Mi\u0107o Ljubenko - Ljubenko i partneri - eng<\/title>\n<meta name=\"robots\" content=\"index, follow, max-snippet:-1, max-image-preview:large, max-video-preview:-1\" \/>\n<link rel=\"canonical\" href=\"https:\/\/www.ljubenko-i-partneri.hr\/en\/dogadaji\/otmc\/\" \/>\n<meta property=\"og:locale\" content=\"hr_HR\" \/>\n<meta property=\"og:type\" content=\"article\" \/>\n<meta property=\"og:title\" content=\"Od 25.-28.09.2024. odr\u017eana je OTMC Konferencija u \u0160ibeniku na kojoj je sudjelovao kolega Mi\u0107o Ljubenko\" \/>\n<meta property=\"og:description\" content=\"Kolega Mi\u0107o Ljubenko je sudjelovao kao panelist u panel raspravi na temu &#8220;Rje\u0161avanje sporova u gra\u0111evinskim projektima.\" \/>\n<meta property=\"og:url\" content=\"https:\/\/www.ljubenko-i-partneri.hr\/en\/dogadaji\/otmc\/\" \/>\n<meta property=\"og:site_name\" content=\"Ljubenko i partneri - eng\" \/>\n<meta property=\"article:modified_time\" content=\"2025-10-27T18:39:57+00:00\" \/>\n<meta property=\"og:image\" content=\"https:\/\/www.ljubenko-i-partneri.hr\/en\/wp-content\/uploads\/sites\/3\/2025\/10\/10-otmc_konferencija_u_ibeniku_26_09_2024.jpg\" \/>\n\t<meta property=\"og:image:width\" content=\"1190\" \/>\n\t<meta property=\"og:image:height\" content=\"1683\" \/>\n\t<meta property=\"og:image:type\" content=\"image\/jpeg\" \/>\n<meta name=\"twitter:card\" content=\"summary_large_image\" \/>\n<script type=\"application\/ld+json\" class=\"yoast-schema-graph\">{\"@context\":\"https:\/\/schema.org\",\"@graph\":[{\"@type\":\"WebPage\",\"@id\":\"https:\/\/www.ljubenko-i-partneri.hr\/en\/dogadaji\/otmc\/\",\"url\":\"https:\/\/www.ljubenko-i-partneri.hr\/en\/dogadaji\/otmc\/\",\"name\":\"Od 25.-28.09.2024. odr\u017eana je OTMC Konferencija u \u0160ibeniku na kojoj je sudjelovao kolega Mi\u0107o Ljubenko - Ljubenko i partneri - eng\",\"isPartOf\":{\"@id\":\"https:\/\/www.ljubenko-i-partneri.hr\/en\/#website\"},\"datePublished\":\"2025-10-19T22:37:20+00:00\",\"dateModified\":\"2025-10-27T18:39:57+00:00\",\"breadcrumb\":{\"@id\":\"https:\/\/www.ljubenko-i-partneri.hr\/en\/dogadaji\/otmc\/#breadcrumb\"},\"inLanguage\":\"hr\",\"potentialAction\":[{\"@type\":\"ReadAction\",\"target\":[\"https:\/\/www.ljubenko-i-partneri.hr\/en\/dogadaji\/otmc\/\"]}]},{\"@type\":\"BreadcrumbList\",\"@id\":\"https:\/\/www.ljubenko-i-partneri.hr\/en\/dogadaji\/otmc\/#breadcrumb\",\"itemListElement\":[{\"@type\":\"ListItem\",\"position\":1,\"name\":\"Po\u010detna stranica\",\"item\":\"https:\/\/www.ljubenko-i-partneri.hr\/en\/\"},{\"@type\":\"ListItem\",\"position\":2,\"name\":\"Doga\u0111aji\",\"item\":\"https:\/\/www.ljubenko-i-partneri.hr\/en\/dogadaji\/\"},{\"@type\":\"ListItem\",\"position\":3,\"name\":\"Od 25.-28.09.2024. odr\u017eana je OTMC Konferencija u \u0160ibeniku na kojoj je sudjelovao kolega Mi\u0107o Ljubenko\"}]},{\"@type\":\"WebSite\",\"@id\":\"https:\/\/www.ljubenko-i-partneri.hr\/en\/#website\",\"url\":\"https:\/\/www.ljubenko-i-partneri.hr\/en\/\",\"name\":\"Ljubenko i partneri - eng\",\"description\":\"\",\"potentialAction\":[{\"@type\":\"SearchAction\",\"target\":{\"@type\":\"EntryPoint\",\"urlTemplate\":\"https:\/\/www.ljubenko-i-partneri.hr\/en\/?s={search_term_string}\"},\"query-input\":\"required name=search_term_string\"}],\"inLanguage\":\"hr\"}]}<\/script>\n<!-- \/ Yoast SEO Premium plugin. -->","yoast_head_json":{"title":"Od 25.-28.09.2024. odr\u017eana je OTMC Konferencija u \u0160ibeniku na kojoj je sudjelovao kolega Mi\u0107o Ljubenko - Ljubenko i partneri - eng","robots":{"index":"index","follow":"follow","max-snippet":"max-snippet:-1","max-image-preview":"max-image-preview:large","max-video-preview":"max-video-preview:-1"},"canonical":"https:\/\/www.ljubenko-i-partneri.hr\/en\/dogadaji\/otmc\/","og_locale":"hr_HR","og_type":"article","og_title":"Od 25.-28.09.2024. odr\u017eana je OTMC Konferencija u \u0160ibeniku na kojoj je sudjelovao kolega Mi\u0107o Ljubenko","og_description":"Kolega Mi\u0107o Ljubenko je sudjelovao kao panelist u panel raspravi na temu &#8220;Rje\u0161avanje sporova u gra\u0111evinskim projektima.","og_url":"https:\/\/www.ljubenko-i-partneri.hr\/en\/dogadaji\/otmc\/","og_site_name":"Ljubenko i partneri - eng","article_modified_time":"2025-10-27T18:39:57+00:00","og_image":[{"width":1190,"height":1683,"url":"https:\/\/www.ljubenko-i-partneri.hr\/en\/wp-content\/uploads\/sites\/3\/2025\/10\/10-otmc_konferencija_u_ibeniku_26_09_2024.jpg","type":"image\/jpeg"}],"twitter_card":"summary_large_image","schema":{"@context":"https:\/\/schema.org","@graph":[{"@type":"WebPage","@id":"https:\/\/www.ljubenko-i-partneri.hr\/en\/dogadaji\/otmc\/","url":"https:\/\/www.ljubenko-i-partneri.hr\/en\/dogadaji\/otmc\/","name":"Od 25.-28.09.2024. odr\u017eana je OTMC Konferencija u \u0160ibeniku na kojoj je sudjelovao kolega Mi\u0107o Ljubenko - Ljubenko i partneri - eng","isPartOf":{"@id":"https:\/\/www.ljubenko-i-partneri.hr\/en\/#website"},"datePublished":"2025-10-19T22:37:20+00:00","dateModified":"2025-10-27T18:39:57+00:00","breadcrumb":{"@id":"https:\/\/www.ljubenko-i-partneri.hr\/en\/dogadaji\/otmc\/#breadcrumb"},"inLanguage":"hr","potentialAction":[{"@type":"ReadAction","target":["https:\/\/www.ljubenko-i-partneri.hr\/en\/dogadaji\/otmc\/"]}]},{"@type":"BreadcrumbList","@id":"https:\/\/www.ljubenko-i-partneri.hr\/en\/dogadaji\/otmc\/#breadcrumb","itemListElement":[{"@type":"ListItem","position":1,"name":"Po\u010detna stranica","item":"https:\/\/www.ljubenko-i-partneri.hr\/en\/"},{"@type":"ListItem","position":2,"name":"Doga\u0111aji","item":"https:\/\/www.ljubenko-i-partneri.hr\/en\/dogadaji\/"},{"@type":"ListItem","position":3,"name":"Od 25.-28.09.2024. odr\u017eana je OTMC Konferencija u \u0160ibeniku na kojoj je sudjelovao kolega Mi\u0107o Ljubenko"}]},{"@type":"WebSite","@id":"https:\/\/www.ljubenko-i-partneri.hr\/en\/#website","url":"https:\/\/www.ljubenko-i-partneri.hr\/en\/","name":"Ljubenko i partneri - eng","description":"","potentialAction":[{"@type":"SearchAction","target":{"@type":"EntryPoint","urlTemplate":"https:\/\/www.ljubenko-i-partneri.hr\/en\/?s={search_term_string}"},"query-input":"required name=search_term_string"}],"inLanguage":"hr"}]}},"_links":{"self":[{"href":"https:\/\/www.ljubenko-i-partneri.hr\/en\/wp-json\/wp\/v2\/events\/695","targetHints":{"allow":["GET"]}}],"collection":[{"href":"https:\/\/www.ljubenko-i-partneri.hr\/en\/wp-json\/wp\/v2\/events"}],"about":[{"href":"https:\/\/www.ljubenko-i-partneri.hr\/en\/wp-json\/wp\/v2\/types\/events"}],"wp:featuredmedia":[{"embeddable":true,"href":"https:\/\/www.ljubenko-i-partneri.hr\/en\/wp-json\/wp\/v2\/media\/696"}],"wp:attachment":[{"href":"https:\/\/www.ljubenko-i-partneri.hr\/en\/wp-json\/wp\/v2\/media?parent=695"}],"curies":[{"name":"wp","href":"https:\/\/api.w.org\/{rel}","templated":true}]}}

Od 25.-28.09.2024. održana je OTMC Konferencija u Šibeniku na kojoj je sudjelovao kolega Mićo Ljubenko

<p>Kolega Mićo Ljubenko je sudjelovao kao panelist u panel raspravi na temu &#8220;Rješavanje sporova u građevinskim projektima.</p>

<!-- This site is optimized with the Yoast SEO Premium plugin v19.5 (Yoast SEO v19.10) - https://yoast.com/wordpress/plugins/seo/ -->
<title>Od 25.-28.09.2024. održana je OTMC Konferencija u Šibeniku na kojoj je sudjelovao kolega Mićo Ljubenko - Ljubenko i partneri - eng</title>
<meta name="robots" content="index, follow, max-snippet:-1, max-image-preview:large, max-video-preview:-1" />
<link rel="canonical" href="https://www.ljubenko-i-partneri.hr/en/dogadaji/otmc/" />
<meta property="og:locale" content="hr_HR" />
<meta property="og:type" content="article" />
<meta property="og:title" content="Od 25.-28.09.2024. održana je OTMC Konferencija u Šibeniku na kojoj je sudjelovao kolega Mićo Ljubenko" />
<meta property="og:description" content="Kolega Mićo Ljubenko je sudjelovao kao panelist u panel raspravi na temu &#8220;Rješavanje sporova u građevinskim projektima." />
<meta property="og:url" content="https://www.ljubenko-i-partneri.hr/en/dogadaji/otmc/" />
<meta property="og:site_name" content="Ljubenko i partneri - eng" />
<meta property="article:modified_time" content="2025-10-27T18:39:57+00:00" />
<meta property="og:image" content="https://www.ljubenko-i-partneri.hr/en/wp-content/uploads/sites/3/2025/10/10-otmc_konferencija_u_ibeniku_26_09_2024.jpg" />
	<meta property="og:image:width" content="1190" />
	<meta property="og:image:height" content="1683" />
	<meta property="og:image:type" content="image/jpeg" />
<meta name="twitter:card" content="summary_large_image" />
<script type="application/ld+json" class="yoast-schema-graph">{"@context":"https://schema.org","@graph":[{"@type":"WebPage","@id":"https://www.ljubenko-i-partneri.hr/en/dogadaji/otmc/","url":"https://www.ljubenko-i-partneri.hr/en/dogadaji/otmc/","name":"Od 25.-28.09.2024. održana je OTMC Konferencija u Šibeniku na kojoj je sudjelovao kolega Mićo Ljubenko - Ljubenko i partneri - eng","isPartOf":{"@id":"https://www.ljubenko-i-partneri.hr/en/#website"},"datePublished":"2025-10-19T22:37:20+00:00","dateModified":"2025-10-27T18:39:57+00:00","breadcrumb":{"@id":"https://www.ljubenko-i-partneri.hr/en/dogadaji/otmc/#breadcrumb"},"inLanguage":"hr","potentialAction":[{"@type":"ReadAction","target":["https://www.ljubenko-i-partneri.hr/en/dogadaji/otmc/"]}]},{"@type":"BreadcrumbList","@id":"https://www.ljubenko-i-partneri.hr/en/dogadaji/otmc/#breadcrumb","itemListElement":[{"@type":"ListItem","position":1,"name":"Početna stranica","item":"https://www.ljubenko-i-partneri.hr/en/"},{"@type":"ListItem","position":2,"name":"Događaji","item":"https://www.ljubenko-i-partneri.hr/en/dogadaji/"},{"@type":"ListItem","position":3,"name":"Od 25.-28.09.2024. održana je OTMC Konferencija u Šibeniku na kojoj je sudjelovao kolega Mićo Ljubenko"}]},{"@type":"WebSite","@id":"https://www.ljubenko-i-partneri.hr/en/#website","url":"https://www.ljubenko-i-partneri.hr/en/","name":"Ljubenko i partneri - eng","description":"","potentialAction":[{"@type":"SearchAction","target":{"@type":"EntryPoint","urlTemplate":"https://www.ljubenko-i-partneri.hr/en/?s={search_term_string}"},"query-input":"required name=search_term_string"}],"inLanguage":"hr"}]}</script>
<!-- / Yoast SEO Premium plugin. -->

Od 25.-28.09.2024. održana je OTMC Konferencija u Šibeniku na kojoj je sudjelovao kolega Mićo Ljubenko - Ljubenko i partneri - eng

Kolega Mićo Ljubenko je sudjelovao kao panelist u panel raspravi na temu &#8220;Rješavanje sporova u građevinskim projektima.

Početna stranica

Događaji
