{"id":697,"date":"2025-10-20T00:38:59","date_gmt":"2025-10-19T22:38:59","guid":{"rendered":"https:\/\/ljubenko-i-partneri.ectoris.com\/en\/?post_type=events&#038;p=697"},"modified":"2025-11-01T20:45:08","modified_gmt":"2025-11-01T18:45:08","slug":"dani-gradbenog-prava","status":"publish","type":"events","link":"https:\/\/www.ljubenko-i-partneri.hr\/en\/dogadaji\/dani-gradbenog-prava\/","title":{"rendered":"Dana 13. i 14.11.2024. odr\u017eani Dani gradbenog prava na kojima je kolegica Ines Brozovi\u0107 bila izlaga\u010d"},"content":{"rendered":"<p>U organizaciji slovenskog Uradnog lista odr\u017ean skup 11. Dani gradbenega prava na kojem je kolegica Ines Brozovi\u0107 odr\u017eala izlaganje na temu Pripada li institut FIDIC in\u017eenjera na\u0161em sustavu gra\u0111evinskog prava.<\/p>\n<p>Rije\u010d je o me\u0111unarodnom skupu u organizaciji slovenskog slu\u017ebenog lista koji se odr\u017eava jednom godi\u0161nje i na kojem se obra\u0111uju aktualne teme iz podru\u010dja gra\u0111evinskog prava.<\/p>\n<p><img loading=\"lazy\" decoding=\"async\" class=\"alignnone size-medium wp-image-759\" src=\"https:\/\/ljubenko-i-partneri.ectoris.com\/en\/wp-content\/uploads\/sites\/3\/2025\/10\/Slika-za-dogadaj-13.-i-14.11.2024.-druga-300x225.jpg\" alt=\"\" width=\"300\" height=\"225\" srcset=\"https:\/\/www.ljubenko-i-partneri.hr\/en\/wp-content\/uploads\/sites\/3\/2025\/10\/Slika-za-dogadaj-13.-i-14.11.2024.-druga-300x225.jpg 300w, https:\/\/www.ljubenko-i-partneri.hr\/en\/wp-content\/uploads\/sites\/3\/2025\/10\/Slika-za-dogadaj-13.-i-14.11.2024.-druga-1024x768.jpg 1024w, https:\/\/www.ljubenko-i-partneri.hr\/en\/wp-content\/uploads\/sites\/3\/2025\/10\/Slika-za-dogadaj-13.-i-14.11.2024.-druga-768x576.jpg 768w, https:\/\/www.ljubenko-i-partneri.hr\/en\/wp-content\/uploads\/sites\/3\/2025\/10\/Slika-za-dogadaj-13.-i-14.11.2024.-druga-1536x1152.jpg 1536w, https:\/\/www.ljubenko-i-partneri.hr\/en\/wp-content\/uploads\/sites\/3\/2025\/10\/Slika-za-dogadaj-13.-i-14.11.2024.-druga.jpg 1600w\" sizes=\"auto, 100vw\" \/><\/p>\n<p><img loading=\"lazy\" decoding=\"async\" class=\"alignnone wp-image-698 size-medium\" src=\"https:\/\/ljubenko-i-partneri.ectoris.com\/en\/wp-content\/uploads\/sites\/3\/2025\/10\/11-dani_gradbenog_prava_13_11_2024_-1-212x300.jpg\" alt=\"\" width=\"212\" height=\"300\" srcset=\"https:\/\/www.ljubenko-i-partneri.hr\/en\/wp-content\/uploads\/sites\/3\/2025\/10\/11-dani_gradbenog_prava_13_11_2024_-1-212x300.jpg 212w, https:\/\/www.ljubenko-i-partneri.hr\/en\/wp-content\/uploads\/sites\/3\/2025\/10\/11-dani_gradbenog_prava_13_11_2024_-1-724x1024.jpg 724w, https:\/\/www.ljubenko-i-partneri.hr\/en\/wp-content\/uploads\/sites\/3\/2025\/10\/11-dani_gradbenog_prava_13_11_2024_-1-768x1086.jpg 768w, https:\/\/www.ljubenko-i-partneri.hr\/en\/wp-content\/uploads\/sites\/3\/2025\/10\/11-dani_gradbenog_prava_13_11_2024_-1-1086x1536.jpg 1086w, https:\/\/www.ljubenko-i-partneri.hr\/en\/wp-content\/uploads\/sites\/3\/2025\/10\/11-dani_gradbenog_prava_13_11_2024_-1.jpg 1190w\" sizes=\"auto, 100vw\" \/><\/p>\n<p>&nbsp;<\/p>\n","protected":false},"featured_media":760,"template":"","class_list":["post-697","events","type-events","status-publish","has-post-thumbnail","hentry"],"acf":[],"yoast_head":"<!-- This site is optimized with the Yoast SEO Premium plugin v19.5 (Yoast SEO v19.10) - https:\/\/yoast.com\/wordpress\/plugins\/seo\/ -->\n<title>Dana 13. i 14.11.2024. odr\u017eani Dani gradbenog prava na kojima je kolegica Ines Brozovi\u0107 bila izlaga\u010d - Ljubenko i partneri - eng<\/title>\n<meta name=\"robots\" content=\"index, follow, max-snippet:-1, max-image-preview:large, max-video-preview:-1\" \/>\n<link rel=\"canonical\" href=\"https:\/\/www.ljubenko-i-partneri.hr\/en\/dogadaji\/dani-gradbenog-prava\/\" \/>\n<meta property=\"og:locale\" content=\"hr_HR\" \/>\n<meta property=\"og:type\" content=\"article\" \/>\n<meta property=\"og:title\" content=\"Dana 13. i 14.11.2024. odr\u017eani Dani gradbenog prava na kojima je kolegica Ines Brozovi\u0107 bila izlaga\u010d\" \/>\n<meta property=\"og:description\" content=\"U organizaciji slovenskog Uradnog lista odr\u017ean skup 11. Dani gradbenega prava na kojem je kolegica Ines Brozovi\u0107 odr\u017eala izlaganje na temu Pripada li institut FIDIC in\u017eenjera na\u0161em sustavu gra\u0111evinskog prava. Rije\u010d je o me\u0111unarodnom skupu u organizaciji slovenskog slu\u017ebenog lista koji se odr\u017eava jednom godi\u0161nje i na kojem se obra\u0111uju aktualne teme iz podru\u010dja gra\u0111evinskog [&hellip;]\" \/>\n<meta property=\"og:url\" content=\"https:\/\/www.ljubenko-i-partneri.hr\/en\/dogadaji\/dani-gradbenog-prava\/\" \/>\n<meta property=\"og:site_name\" content=\"Ljubenko i partneri - eng\" \/>\n<meta property=\"article:modified_time\" content=\"2025-11-01T18:45:08+00:00\" \/>\n<meta property=\"og:image\" content=\"https:\/\/www.ljubenko-i-partneri.hr\/en\/wp-content\/uploads\/sites\/3\/2025\/10\/Slika-za-dogadaj-13.-i-14.11.2024.-prva.jpg\" \/>\n\t<meta property=\"og:image:width\" content=\"1600\" \/>\n\t<meta property=\"og:image:height\" content=\"1200\" \/>\n\t<meta property=\"og:image:type\" content=\"image\/jpeg\" \/>\n<meta name=\"twitter:card\" content=\"summary_large_image\" \/>\n<meta name=\"twitter:label1\" content=\"Procijenjeno vrijeme \u010ditanja\" \/>\n\t<meta name=\"twitter:data1\" content=\"1 minuta\" \/>\n<script type=\"application\/ld+json\" class=\"yoast-schema-graph\">{\"@context\":\"https:\/\/schema.org\",\"@graph\":[{\"@type\":\"WebPage\",\"@id\":\"https:\/\/www.ljubenko-i-partneri.hr\/en\/dogadaji\/dani-gradbenog-prava\/\",\"url\":\"https:\/\/www.ljubenko-i-partneri.hr\/en\/dogadaji\/dani-gradbenog-prava\/\",\"name\":\"Dana 13. i 14.11.2024. odr\u017eani Dani gradbenog prava na kojima je kolegica Ines Brozovi\u0107 bila izlaga\u010d - Ljubenko i partneri - eng\",\"isPartOf\":{\"@id\":\"https:\/\/www.ljubenko-i-partneri.hr\/en\/#website\"},\"datePublished\":\"2025-10-19T22:38:59+00:00\",\"dateModified\":\"2025-11-01T18:45:08+00:00\",\"breadcrumb\":{\"@id\":\"https:\/\/www.ljubenko-i-partneri.hr\/en\/dogadaji\/dani-gradbenog-prava\/#breadcrumb\"},\"inLanguage\":\"hr\",\"potentialAction\":[{\"@type\":\"ReadAction\",\"target\":[\"https:\/\/www.ljubenko-i-partneri.hr\/en\/dogadaji\/dani-gradbenog-prava\/\"]}]},{\"@type\":\"BreadcrumbList\",\"@id\":\"https:\/\/www.ljubenko-i-partneri.hr\/en\/dogadaji\/dani-gradbenog-prava\/#breadcrumb\",\"itemListElement\":[{\"@type\":\"ListItem\",\"position\":1,\"name\":\"Po\u010detna stranica\",\"item\":\"https:\/\/www.ljubenko-i-partneri.hr\/en\/\"},{\"@type\":\"ListItem\",\"position\":2,\"name\":\"Doga\u0111aji\",\"item\":\"https:\/\/www.ljubenko-i-partneri.hr\/en\/dogadaji\/\"},{\"@type\":\"ListItem\",\"position\":3,\"name\":\"Dana 13. i 14.11.2024. odr\u017eani Dani gradbenog prava na kojima je kolegica Ines Brozovi\u0107 bila izlaga\u010d\"}]},{\"@type\":\"WebSite\",\"@id\":\"https:\/\/www.ljubenko-i-partneri.hr\/en\/#website\",\"url\":\"https:\/\/www.ljubenko-i-partneri.hr\/en\/\",\"name\":\"Ljubenko i partneri - eng\",\"description\":\"\",\"potentialAction\":[{\"@type\":\"SearchAction\",\"target\":{\"@type\":\"EntryPoint\",\"urlTemplate\":\"https:\/\/www.ljubenko-i-partneri.hr\/en\/?s={search_term_string}\"},\"query-input\":\"required name=search_term_string\"}],\"inLanguage\":\"hr\"}]}<\/script>\n<!-- \/ Yoast SEO Premium plugin. -->","yoast_head_json":{"title":"Dana 13. i 14.11.2024. odr\u017eani Dani gradbenog prava na kojima je kolegica Ines Brozovi\u0107 bila izlaga\u010d - Ljubenko i partneri - eng","robots":{"index":"index","follow":"follow","max-snippet":"max-snippet:-1","max-image-preview":"max-image-preview:large","max-video-preview":"max-video-preview:-1"},"canonical":"https:\/\/www.ljubenko-i-partneri.hr\/en\/dogadaji\/dani-gradbenog-prava\/","og_locale":"hr_HR","og_type":"article","og_title":"Dana 13. i 14.11.2024. odr\u017eani Dani gradbenog prava na kojima je kolegica Ines Brozovi\u0107 bila izlaga\u010d","og_description":"U organizaciji slovenskog Uradnog lista odr\u017ean skup 11. Dani gradbenega prava na kojem je kolegica Ines Brozovi\u0107 odr\u017eala izlaganje na temu Pripada li institut FIDIC in\u017eenjera na\u0161em sustavu gra\u0111evinskog prava. Rije\u010d je o me\u0111unarodnom skupu u organizaciji slovenskog slu\u017ebenog lista koji se odr\u017eava jednom godi\u0161nje i na kojem se obra\u0111uju aktualne teme iz podru\u010dja gra\u0111evinskog [&hellip;]","og_url":"https:\/\/www.ljubenko-i-partneri.hr\/en\/dogadaji\/dani-gradbenog-prava\/","og_site_name":"Ljubenko i partneri - eng","article_modified_time":"2025-11-01T18:45:08+00:00","og_image":[{"width":1600,"height":1200,"url":"https:\/\/www.ljubenko-i-partneri.hr\/en\/wp-content\/uploads\/sites\/3\/2025\/10\/Slika-za-dogadaj-13.-i-14.11.2024.-prva.jpg","type":"image\/jpeg"}],"twitter_card":"summary_large_image","twitter_misc":{"Procijenjeno vrijeme \u010ditanja":"1 minuta"},"schema":{"@context":"https:\/\/schema.org","@graph":[{"@type":"WebPage","@id":"https:\/\/www.ljubenko-i-partneri.hr\/en\/dogadaji\/dani-gradbenog-prava\/","url":"https:\/\/www.ljubenko-i-partneri.hr\/en\/dogadaji\/dani-gradbenog-prava\/","name":"Dana 13. i 14.11.2024. odr\u017eani Dani gradbenog prava na kojima je kolegica Ines Brozovi\u0107 bila izlaga\u010d - Ljubenko i partneri - eng","isPartOf":{"@id":"https:\/\/www.ljubenko-i-partneri.hr\/en\/#website"},"datePublished":"2025-10-19T22:38:59+00:00","dateModified":"2025-11-01T18:45:08+00:00","breadcrumb":{"@id":"https:\/\/www.ljubenko-i-partneri.hr\/en\/dogadaji\/dani-gradbenog-prava\/#breadcrumb"},"inLanguage":"hr","potentialAction":[{"@type":"ReadAction","target":["https:\/\/www.ljubenko-i-partneri.hr\/en\/dogadaji\/dani-gradbenog-prava\/"]}]},{"@type":"BreadcrumbList","@id":"https:\/\/www.ljubenko-i-partneri.hr\/en\/dogadaji\/dani-gradbenog-prava\/#breadcrumb","itemListElement":[{"@type":"ListItem","position":1,"name":"Po\u010detna stranica","item":"https:\/\/www.ljubenko-i-partneri.hr\/en\/"},{"@type":"ListItem","position":2,"name":"Doga\u0111aji","item":"https:\/\/www.ljubenko-i-partneri.hr\/en\/dogadaji\/"},{"@type":"ListItem","position":3,"name":"Dana 13. i 14.11.2024. odr\u017eani Dani gradbenog prava na kojima je kolegica Ines Brozovi\u0107 bila izlaga\u010d"}]},{"@type":"WebSite","@id":"https:\/\/www.ljubenko-i-partneri.hr\/en\/#website","url":"https:\/\/www.ljubenko-i-partneri.hr\/en\/","name":"Ljubenko i partneri - eng","description":"","potentialAction":[{"@type":"SearchAction","target":{"@type":"EntryPoint","urlTemplate":"https:\/\/www.ljubenko-i-partneri.hr\/en\/?s={search_term_string}"},"query-input":"required name=search_term_string"}],"inLanguage":"hr"}]}},"_links":{"self":[{"href":"https:\/\/www.ljubenko-i-partneri.hr\/en\/wp-json\/wp\/v2\/events\/697","targetHints":{"allow":["GET"]}}],"collection":[{"href":"https:\/\/www.ljubenko-i-partneri.hr\/en\/wp-json\/wp\/v2\/events"}],"about":[{"href":"https:\/\/www.ljubenko-i-partneri.hr\/en\/wp-json\/wp\/v2\/types\/events"}],"wp:featuredmedia":[{"embeddable":true,"href":"https:\/\/www.ljubenko-i-partneri.hr\/en\/wp-json\/wp\/v2\/media\/760"}],"wp:attachment":[{"href":"https:\/\/www.ljubenko-i-partneri.hr\/en\/wp-json\/wp\/v2\/media?parent=697"}],"curies":[{"name":"wp","href":"https:\/\/api.w.org\/{rel}","templated":true}]}}

Dana 13. i 14.11.2024. održani Dani gradbenog prava na kojima je kolegica Ines Brozović bila izlagač

<p>U organizaciji slovenskog Uradnog lista održan skup 11. Dani gradbenega prava na kojem je kolegica Ines Brozović održala izlaganje na temu Pripada li institut FIDIC inženjera našem sustavu građevinskog prava.</p>
<p>Riječ je o međunarodnom skupu u organizaciji slovenskog službenog lista koji se održava jednom godišnje i na kojem se obrađuju aktualne teme iz područja građevinskog prava.</p>
<p><img loading="lazy" decoding="async" class="alignnone size-medium wp-image-759" src="https://ljubenko-i-partneri.ectoris.com/en/wp-content/uploads/sites/3/2025/10/Slika-za-dogadaj-13.-i-14.11.2024.-druga-300x225.jpg" alt="" width="300" height="225" srcset="https://www.ljubenko-i-partneri.hr/en/wp-content/uploads/sites/3/2025/10/Slika-za-dogadaj-13.-i-14.11.2024.-druga-300x225.jpg 300w, https://www.ljubenko-i-partneri.hr/en/wp-content/uploads/sites/3/2025/10/Slika-za-dogadaj-13.-i-14.11.2024.-druga-1024x768.jpg 1024w, https://www.ljubenko-i-partneri.hr/en/wp-content/uploads/sites/3/2025/10/Slika-za-dogadaj-13.-i-14.11.2024.-druga-768x576.jpg 768w, https://www.ljubenko-i-partneri.hr/en/wp-content/uploads/sites/3/2025/10/Slika-za-dogadaj-13.-i-14.11.2024.-druga-1536x1152.jpg 1536w, https://www.ljubenko-i-partneri.hr/en/wp-content/uploads/sites/3/2025/10/Slika-za-dogadaj-13.-i-14.11.2024.-druga.jpg 1600w" sizes="auto, 100vw" /></p>
<p><img loading="lazy" decoding="async" class="alignnone wp-image-698 size-medium" src="https://ljubenko-i-partneri.ectoris.com/en/wp-content/uploads/sites/3/2025/10/11-dani_gradbenog_prava_13_11_2024_-1-212x300.jpg" alt="" width="212" height="300" srcset="https://www.ljubenko-i-partneri.hr/en/wp-content/uploads/sites/3/2025/10/11-dani_gradbenog_prava_13_11_2024_-1-212x300.jpg 212w, https://www.ljubenko-i-partneri.hr/en/wp-content/uploads/sites/3/2025/10/11-dani_gradbenog_prava_13_11_2024_-1-724x1024.jpg 724w, https://www.ljubenko-i-partneri.hr/en/wp-content/uploads/sites/3/2025/10/11-dani_gradbenog_prava_13_11_2024_-1-768x1086.jpg 768w, https://www.ljubenko-i-partneri.hr/en/wp-content/uploads/sites/3/2025/10/11-dani_gradbenog_prava_13_11_2024_-1-1086x1536.jpg 1086w, https://www.ljubenko-i-partneri.hr/en/wp-content/uploads/sites/3/2025/10/11-dani_gradbenog_prava_13_11_2024_-1.jpg 1190w" sizes="auto, 100vw" /></p>
<p>&nbsp;</p>

<!-- This site is optimized with the Yoast SEO Premium plugin v19.5 (Yoast SEO v19.10) - https://yoast.com/wordpress/plugins/seo/ -->
<title>Dana 13. i 14.11.2024. održani Dani gradbenog prava na kojima je kolegica Ines Brozović bila izlagač - Ljubenko i partneri - eng</title>
<meta name="robots" content="index, follow, max-snippet:-1, max-image-preview:large, max-video-preview:-1" />
<link rel="canonical" href="https://www.ljubenko-i-partneri.hr/en/dogadaji/dani-gradbenog-prava/" />
<meta property="og:locale" content="hr_HR" />
<meta property="og:type" content="article" />
<meta property="og:title" content="Dana 13. i 14.11.2024. održani Dani gradbenog prava na kojima je kolegica Ines Brozović bila izlagač" />
<meta property="og:description" content="U organizaciji slovenskog Uradnog lista održan skup 11. Dani gradbenega prava na kojem je kolegica Ines Brozović održala izlaganje na temu Pripada li institut FIDIC inženjera našem sustavu građevinskog prava. Riječ je o međunarodnom skupu u organizaciji slovenskog službenog lista koji se održava jednom godišnje i na kojem se obrađuju aktualne teme iz područja građevinskog [&hellip;]" />
<meta property="og:url" content="https://www.ljubenko-i-partneri.hr/en/dogadaji/dani-gradbenog-prava/" />
<meta property="og:site_name" content="Ljubenko i partneri - eng" />
<meta property="article:modified_time" content="2025-11-01T18:45:08+00:00" />
<meta property="og:image" content="https://www.ljubenko-i-partneri.hr/en/wp-content/uploads/sites/3/2025/10/Slika-za-dogadaj-13.-i-14.11.2024.-prva.jpg" />
	<meta property="og:image:width" content="1600" />
	<meta property="og:image:height" content="1200" />
	<meta property="og:image:type" content="image/jpeg" />
<meta name="twitter:card" content="summary_large_image" />
<meta name="twitter:label1" content="Procijenjeno vrijeme čitanja" />
	<meta name="twitter:data1" content="1 minuta" />
<script type="application/ld+json" class="yoast-schema-graph">{"@context":"https://schema.org","@graph":[{"@type":"WebPage","@id":"https://www.ljubenko-i-partneri.hr/en/dogadaji/dani-gradbenog-prava/","url":"https://www.ljubenko-i-partneri.hr/en/dogadaji/dani-gradbenog-prava/","name":"Dana 13. i 14.11.2024. održani Dani gradbenog prava na kojima je kolegica Ines Brozović bila izlagač - Ljubenko i partneri - eng","isPartOf":{"@id":"https://www.ljubenko-i-partneri.hr/en/#website"},"datePublished":"2025-10-19T22:38:59+00:00","dateModified":"2025-11-01T18:45:08+00:00","breadcrumb":{"@id":"https://www.ljubenko-i-partneri.hr/en/dogadaji/dani-gradbenog-prava/#breadcrumb"},"inLanguage":"hr","potentialAction":[{"@type":"ReadAction","target":["https://www.ljubenko-i-partneri.hr/en/dogadaji/dani-gradbenog-prava/"]}]},{"@type":"BreadcrumbList","@id":"https://www.ljubenko-i-partneri.hr/en/dogadaji/dani-gradbenog-prava/#breadcrumb","itemListElement":[{"@type":"ListItem","position":1,"name":"Početna stranica","item":"https://www.ljubenko-i-partneri.hr/en/"},{"@type":"ListItem","position":2,"name":"Događaji","item":"https://www.ljubenko-i-partneri.hr/en/dogadaji/"},{"@type":"ListItem","position":3,"name":"Dana 13. i 14.11.2024. održani Dani gradbenog prava na kojima je kolegica Ines Brozović bila izlagač"}]},{"@type":"WebSite","@id":"https://www.ljubenko-i-partneri.hr/en/#website","url":"https://www.ljubenko-i-partneri.hr/en/","name":"Ljubenko i partneri - eng","description":"","potentialAction":[{"@type":"SearchAction","target":{"@type":"EntryPoint","urlTemplate":"https://www.ljubenko-i-partneri.hr/en/?s={search_term_string}"},"query-input":"required name=search_term_string"}],"inLanguage":"hr"}]}</script>
<!-- / Yoast SEO Premium plugin. -->

Dana 13. i 14.11.2024. održani Dani gradbenog prava na kojima je kolegica Ines Brozović bila izlagač - Ljubenko i partneri - eng

U organizaciji slovenskog Uradnog lista održan skup 11. Dani gradbenega prava na kojem je kolegica Ines Brozović održala izlaganje na temu Pripada li institut FIDIC inženjera našem sustavu građevinskog prava. Riječ je o međunarodnom skupu u organizaciji slovenskog službenog lista koji se održava jednom godišnje i na kojem se obrađuju aktualne teme iz područja građevinskog [&hellip;]

Početna stranica

Događaji
