{"id":701,"date":"2025-10-20T01:01:03","date_gmt":"2025-10-19T23:01:03","guid":{"rendered":"https:\/\/ljubenko-i-partneri.ectoris.com\/en\/?post_type=events&#038;p=701"},"modified":"2025-10-27T20:38:35","modified_gmt":"2025-10-27T18:38:35","slug":"2-godisnja-konferencija-javna-nabava-gradevinskih-radova","status":"publish","type":"events","link":"https:\/\/www.ljubenko-i-partneri.hr\/en\/dogadaji\/2-godisnja-konferencija-javna-nabava-gradevinskih-radova\/","title":{"rendered":"Dana 19.12.2024. odr\u017eana 2. godi\u0161nja Konferencija javna nabava gra\u0111evinskih radova"},"content":{"rendered":"<p>HGK i Odvjetni\u010dko dru\u0161tvo LJUBENKO &amp; PARTNERI d.o.o. suorganizatori su 2. godi\u0161nje konferencije o javnoj nabavi gra\u0111evinskih radova koja se odr\u017eala 19. prosinca 2024.<\/p>\n<p>Cilj Konferencije je bio otvoriti aktualna pitanja pravnog ure\u0111enja javne nabave radova i usluga povezanih s radovima, kao i okupiti sve relevantne dionike javne nabave radova. Jedna od tema bilo je i rje\u0161avanje sporova u gra\u0111evini.<\/p>\n<p><img loading=\"lazy\" decoding=\"async\" class=\"alignnone size-medium wp-image-703\" src=\"https:\/\/ljubenko-i-partneri.ectoris.com\/en\/wp-content\/uploads\/sites\/3\/2025\/10\/ines_hgk-19_12_2024.421x0-300x200.jpg\" alt=\"\" width=\"300\" height=\"200\" srcset=\"https:\/\/www.ljubenko-i-partneri.hr\/en\/wp-content\/uploads\/sites\/3\/2025\/10\/ines_hgk-19_12_2024.421x0-300x200.jpg 300w, https:\/\/www.ljubenko-i-partneri.hr\/en\/wp-content\/uploads\/sites\/3\/2025\/10\/ines_hgk-19_12_2024.421x0.jpg 421w\" sizes=\"auto, 100vw\" \/><\/p>\n<p><img loading=\"lazy\" decoding=\"async\" class=\"alignnone size-full wp-image-704\" src=\"https:\/\/ljubenko-i-partneri.ectoris.com\/en\/wp-content\/uploads\/sites\/3\/2025\/10\/12-kv-javna_nabava_gra_evinskih_radova-19_12_2024.198x0.jpg\" alt=\"\" width=\"198\" height=\"280\" \/><\/p>\n","protected":false},"featured_media":702,"template":"","class_list":["post-701","events","type-events","status-publish","has-post-thumbnail","hentry"],"acf":[],"yoast_head":"<!-- This site is optimized with the Yoast SEO Premium plugin v19.5 (Yoast SEO v19.10) - https:\/\/yoast.com\/wordpress\/plugins\/seo\/ -->\n<title>Dana 19.12.2024. odr\u017eana 2. godi\u0161nja Konferencija javna nabava gra\u0111evinskih radova - Ljubenko i partneri - eng<\/title>\n<meta name=\"robots\" content=\"index, follow, max-snippet:-1, max-image-preview:large, max-video-preview:-1\" \/>\n<link rel=\"canonical\" href=\"https:\/\/www.ljubenko-i-partneri.hr\/en\/dogadaji\/2-godisnja-konferencija-javna-nabava-gradevinskih-radova\/\" \/>\n<meta property=\"og:locale\" content=\"hr_HR\" \/>\n<meta property=\"og:type\" content=\"article\" \/>\n<meta property=\"og:title\" content=\"Dana 19.12.2024. odr\u017eana 2. godi\u0161nja Konferencija javna nabava gra\u0111evinskih radova\" \/>\n<meta property=\"og:description\" content=\"HGK i Odvjetni\u010dko dru\u0161tvo LJUBENKO &amp; PARTNERI d.o.o. suorganizatori su 2. godi\u0161nje konferencije o javnoj nabavi gra\u0111evinskih radova koja se odr\u017eala 19. prosinca 2024. Cilj Konferencije je bio otvoriti aktualna pitanja pravnog ure\u0111enja javne nabave radova i usluga povezanih s radovima, kao i okupiti sve relevantne dionike javne nabave radova. Jedna od tema bilo je [&hellip;]\" \/>\n<meta property=\"og:url\" content=\"https:\/\/www.ljubenko-i-partneri.hr\/en\/dogadaji\/2-godisnja-konferencija-javna-nabava-gradevinskih-radova\/\" \/>\n<meta property=\"og:site_name\" content=\"Ljubenko i partneri - eng\" \/>\n<meta property=\"article:modified_time\" content=\"2025-10-27T18:38:35+00:00\" \/>\n<meta property=\"og:image\" content=\"https:\/\/www.ljubenko-i-partneri.hr\/en\/wp-content\/uploads\/sites\/3\/2025\/10\/heroArchive2-1024x683.jpg\" \/>\n\t<meta property=\"og:image:width\" content=\"1024\" \/>\n\t<meta property=\"og:image:height\" content=\"683\" \/>\n\t<meta property=\"og:image:type\" content=\"image\/jpeg\" \/>\n<meta name=\"twitter:card\" content=\"summary_large_image\" \/>\n<meta name=\"twitter:label1\" content=\"Procijenjeno vrijeme \u010ditanja\" \/>\n\t<meta name=\"twitter:data1\" content=\"1 minuta\" \/>\n<script type=\"application\/ld+json\" class=\"yoast-schema-graph\">{\"@context\":\"https:\/\/schema.org\",\"@graph\":[{\"@type\":\"WebPage\",\"@id\":\"https:\/\/www.ljubenko-i-partneri.hr\/en\/dogadaji\/2-godisnja-konferencija-javna-nabava-gradevinskih-radova\/\",\"url\":\"https:\/\/www.ljubenko-i-partneri.hr\/en\/dogadaji\/2-godisnja-konferencija-javna-nabava-gradevinskih-radova\/\",\"name\":\"Dana 19.12.2024. odr\u017eana 2. godi\u0161nja Konferencija javna nabava gra\u0111evinskih radova - Ljubenko i partneri - eng\",\"isPartOf\":{\"@id\":\"https:\/\/www.ljubenko-i-partneri.hr\/en\/#website\"},\"datePublished\":\"2025-10-19T23:01:03+00:00\",\"dateModified\":\"2025-10-27T18:38:35+00:00\",\"breadcrumb\":{\"@id\":\"https:\/\/www.ljubenko-i-partneri.hr\/en\/dogadaji\/2-godisnja-konferencija-javna-nabava-gradevinskih-radova\/#breadcrumb\"},\"inLanguage\":\"hr\",\"potentialAction\":[{\"@type\":\"ReadAction\",\"target\":[\"https:\/\/www.ljubenko-i-partneri.hr\/en\/dogadaji\/2-godisnja-konferencija-javna-nabava-gradevinskih-radova\/\"]}]},{\"@type\":\"BreadcrumbList\",\"@id\":\"https:\/\/www.ljubenko-i-partneri.hr\/en\/dogadaji\/2-godisnja-konferencija-javna-nabava-gradevinskih-radova\/#breadcrumb\",\"itemListElement\":[{\"@type\":\"ListItem\",\"position\":1,\"name\":\"Po\u010detna stranica\",\"item\":\"https:\/\/www.ljubenko-i-partneri.hr\/en\/\"},{\"@type\":\"ListItem\",\"position\":2,\"name\":\"Doga\u0111aji\",\"item\":\"https:\/\/www.ljubenko-i-partneri.hr\/en\/dogadaji\/\"},{\"@type\":\"ListItem\",\"position\":3,\"name\":\"Dana 19.12.2024. odr\u017eana 2. godi\u0161nja Konferencija javna nabava gra\u0111evinskih radova\"}]},{\"@type\":\"WebSite\",\"@id\":\"https:\/\/www.ljubenko-i-partneri.hr\/en\/#website\",\"url\":\"https:\/\/www.ljubenko-i-partneri.hr\/en\/\",\"name\":\"Ljubenko i partneri - eng\",\"description\":\"\",\"potentialAction\":[{\"@type\":\"SearchAction\",\"target\":{\"@type\":\"EntryPoint\",\"urlTemplate\":\"https:\/\/www.ljubenko-i-partneri.hr\/en\/?s={search_term_string}\"},\"query-input\":\"required name=search_term_string\"}],\"inLanguage\":\"hr\"}]}<\/script>\n<!-- \/ Yoast SEO Premium plugin. -->","yoast_head_json":{"title":"Dana 19.12.2024. odr\u017eana 2. godi\u0161nja Konferencija javna nabava gra\u0111evinskih radova - Ljubenko i partneri - eng","robots":{"index":"index","follow":"follow","max-snippet":"max-snippet:-1","max-image-preview":"max-image-preview:large","max-video-preview":"max-video-preview:-1"},"canonical":"https:\/\/www.ljubenko-i-partneri.hr\/en\/dogadaji\/2-godisnja-konferencija-javna-nabava-gradevinskih-radova\/","og_locale":"hr_HR","og_type":"article","og_title":"Dana 19.12.2024. odr\u017eana 2. godi\u0161nja Konferencija javna nabava gra\u0111evinskih radova","og_description":"HGK i Odvjetni\u010dko dru\u0161tvo LJUBENKO &amp; PARTNERI d.o.o. suorganizatori su 2. godi\u0161nje konferencije o javnoj nabavi gra\u0111evinskih radova koja se odr\u017eala 19. prosinca 2024. Cilj Konferencije je bio otvoriti aktualna pitanja pravnog ure\u0111enja javne nabave radova i usluga povezanih s radovima, kao i okupiti sve relevantne dionike javne nabave radova. Jedna od tema bilo je [&hellip;]","og_url":"https:\/\/www.ljubenko-i-partneri.hr\/en\/dogadaji\/2-godisnja-konferencija-javna-nabava-gradevinskih-radova\/","og_site_name":"Ljubenko i partneri - eng","article_modified_time":"2025-10-27T18:38:35+00:00","og_image":[{"width":1024,"height":683,"url":"https:\/\/www.ljubenko-i-partneri.hr\/en\/wp-content\/uploads\/sites\/3\/2025\/10\/heroArchive2-1024x683.jpg","type":"image\/jpeg"}],"twitter_card":"summary_large_image","twitter_misc":{"Procijenjeno vrijeme \u010ditanja":"1 minuta"},"schema":{"@context":"https:\/\/schema.org","@graph":[{"@type":"WebPage","@id":"https:\/\/www.ljubenko-i-partneri.hr\/en\/dogadaji\/2-godisnja-konferencija-javna-nabava-gradevinskih-radova\/","url":"https:\/\/www.ljubenko-i-partneri.hr\/en\/dogadaji\/2-godisnja-konferencija-javna-nabava-gradevinskih-radova\/","name":"Dana 19.12.2024. odr\u017eana 2. godi\u0161nja Konferencija javna nabava gra\u0111evinskih radova - Ljubenko i partneri - eng","isPartOf":{"@id":"https:\/\/www.ljubenko-i-partneri.hr\/en\/#website"},"datePublished":"2025-10-19T23:01:03+00:00","dateModified":"2025-10-27T18:38:35+00:00","breadcrumb":{"@id":"https:\/\/www.ljubenko-i-partneri.hr\/en\/dogadaji\/2-godisnja-konferencija-javna-nabava-gradevinskih-radova\/#breadcrumb"},"inLanguage":"hr","potentialAction":[{"@type":"ReadAction","target":["https:\/\/www.ljubenko-i-partneri.hr\/en\/dogadaji\/2-godisnja-konferencija-javna-nabava-gradevinskih-radova\/"]}]},{"@type":"BreadcrumbList","@id":"https:\/\/www.ljubenko-i-partneri.hr\/en\/dogadaji\/2-godisnja-konferencija-javna-nabava-gradevinskih-radova\/#breadcrumb","itemListElement":[{"@type":"ListItem","position":1,"name":"Po\u010detna stranica","item":"https:\/\/www.ljubenko-i-partneri.hr\/en\/"},{"@type":"ListItem","position":2,"name":"Doga\u0111aji","item":"https:\/\/www.ljubenko-i-partneri.hr\/en\/dogadaji\/"},{"@type":"ListItem","position":3,"name":"Dana 19.12.2024. odr\u017eana 2. godi\u0161nja Konferencija javna nabava gra\u0111evinskih radova"}]},{"@type":"WebSite","@id":"https:\/\/www.ljubenko-i-partneri.hr\/en\/#website","url":"https:\/\/www.ljubenko-i-partneri.hr\/en\/","name":"Ljubenko i partneri - eng","description":"","potentialAction":[{"@type":"SearchAction","target":{"@type":"EntryPoint","urlTemplate":"https:\/\/www.ljubenko-i-partneri.hr\/en\/?s={search_term_string}"},"query-input":"required name=search_term_string"}],"inLanguage":"hr"}]}},"_links":{"self":[{"href":"https:\/\/www.ljubenko-i-partneri.hr\/en\/wp-json\/wp\/v2\/events\/701","targetHints":{"allow":["GET"]}}],"collection":[{"href":"https:\/\/www.ljubenko-i-partneri.hr\/en\/wp-json\/wp\/v2\/events"}],"about":[{"href":"https:\/\/www.ljubenko-i-partneri.hr\/en\/wp-json\/wp\/v2\/types\/events"}],"wp:featuredmedia":[{"embeddable":true,"href":"https:\/\/www.ljubenko-i-partneri.hr\/en\/wp-json\/wp\/v2\/media\/702"}],"wp:attachment":[{"href":"https:\/\/www.ljubenko-i-partneri.hr\/en\/wp-json\/wp\/v2\/media?parent=701"}],"curies":[{"name":"wp","href":"https:\/\/api.w.org\/{rel}","templated":true}]}}

Dana 19.12.2024. održana 2. godišnja Konferencija javna nabava građevinskih radova

<p>HGK i Odvjetničko društvo LJUBENKO &amp; PARTNERI d.o.o. suorganizatori su 2. godišnje konferencije o javnoj nabavi građevinskih radova koja se održala 19. prosinca 2024.</p>
<p>Cilj Konferencije je bio otvoriti aktualna pitanja pravnog uređenja javne nabave radova i usluga povezanih s radovima, kao i okupiti sve relevantne dionike javne nabave radova. Jedna od tema bilo je i rješavanje sporova u građevini.</p>
<p><img loading="lazy" decoding="async" class="alignnone size-medium wp-image-703" src="https://ljubenko-i-partneri.ectoris.com/en/wp-content/uploads/sites/3/2025/10/ines_hgk-19_12_2024.421x0-300x200.jpg" alt="" width="300" height="200" srcset="https://www.ljubenko-i-partneri.hr/en/wp-content/uploads/sites/3/2025/10/ines_hgk-19_12_2024.421x0-300x200.jpg 300w, https://www.ljubenko-i-partneri.hr/en/wp-content/uploads/sites/3/2025/10/ines_hgk-19_12_2024.421x0.jpg 421w" sizes="auto, 100vw" /></p>
<p><img loading="lazy" decoding="async" class="alignnone size-full wp-image-704" src="https://ljubenko-i-partneri.ectoris.com/en/wp-content/uploads/sites/3/2025/10/12-kv-javna_nabava_gra_evinskih_radova-19_12_2024.198x0.jpg" alt="" width="198" height="280" /></p>

<!-- This site is optimized with the Yoast SEO Premium plugin v19.5 (Yoast SEO v19.10) - https://yoast.com/wordpress/plugins/seo/ -->
<title>Dana 19.12.2024. održana 2. godišnja Konferencija javna nabava građevinskih radova - Ljubenko i partneri - eng</title>
<meta name="robots" content="index, follow, max-snippet:-1, max-image-preview:large, max-video-preview:-1" />
<link rel="canonical" href="https://www.ljubenko-i-partneri.hr/en/dogadaji/2-godisnja-konferencija-javna-nabava-gradevinskih-radova/" />
<meta property="og:locale" content="hr_HR" />
<meta property="og:type" content="article" />
<meta property="og:title" content="Dana 19.12.2024. održana 2. godišnja Konferencija javna nabava građevinskih radova" />
<meta property="og:description" content="HGK i Odvjetničko društvo LJUBENKO &amp; PARTNERI d.o.o. suorganizatori su 2. godišnje konferencije o javnoj nabavi građevinskih radova koja se održala 19. prosinca 2024. Cilj Konferencije je bio otvoriti aktualna pitanja pravnog uređenja javne nabave radova i usluga povezanih s radovima, kao i okupiti sve relevantne dionike javne nabave radova. Jedna od tema bilo je [&hellip;]" />
<meta property="og:url" content="https://www.ljubenko-i-partneri.hr/en/dogadaji/2-godisnja-konferencija-javna-nabava-gradevinskih-radova/" />
<meta property="og:site_name" content="Ljubenko i partneri - eng" />
<meta property="article:modified_time" content="2025-10-27T18:38:35+00:00" />
<meta property="og:image" content="https://www.ljubenko-i-partneri.hr/en/wp-content/uploads/sites/3/2025/10/heroArchive2-1024x683.jpg" />
	<meta property="og:image:width" content="1024" />
	<meta property="og:image:height" content="683" />
	<meta property="og:image:type" content="image/jpeg" />
<meta name="twitter:card" content="summary_large_image" />
<meta name="twitter:label1" content="Procijenjeno vrijeme čitanja" />
	<meta name="twitter:data1" content="1 minuta" />
<script type="application/ld+json" class="yoast-schema-graph">{"@context":"https://schema.org","@graph":[{"@type":"WebPage","@id":"https://www.ljubenko-i-partneri.hr/en/dogadaji/2-godisnja-konferencija-javna-nabava-gradevinskih-radova/","url":"https://www.ljubenko-i-partneri.hr/en/dogadaji/2-godisnja-konferencija-javna-nabava-gradevinskih-radova/","name":"Dana 19.12.2024. održana 2. godišnja Konferencija javna nabava građevinskih radova - Ljubenko i partneri - eng","isPartOf":{"@id":"https://www.ljubenko-i-partneri.hr/en/#website"},"datePublished":"2025-10-19T23:01:03+00:00","dateModified":"2025-10-27T18:38:35+00:00","breadcrumb":{"@id":"https://www.ljubenko-i-partneri.hr/en/dogadaji/2-godisnja-konferencija-javna-nabava-gradevinskih-radova/#breadcrumb"},"inLanguage":"hr","potentialAction":[{"@type":"ReadAction","target":["https://www.ljubenko-i-partneri.hr/en/dogadaji/2-godisnja-konferencija-javna-nabava-gradevinskih-radova/"]}]},{"@type":"BreadcrumbList","@id":"https://www.ljubenko-i-partneri.hr/en/dogadaji/2-godisnja-konferencija-javna-nabava-gradevinskih-radova/#breadcrumb","itemListElement":[{"@type":"ListItem","position":1,"name":"Početna stranica","item":"https://www.ljubenko-i-partneri.hr/en/"},{"@type":"ListItem","position":2,"name":"Događaji","item":"https://www.ljubenko-i-partneri.hr/en/dogadaji/"},{"@type":"ListItem","position":3,"name":"Dana 19.12.2024. održana 2. godišnja Konferencija javna nabava građevinskih radova"}]},{"@type":"WebSite","@id":"https://www.ljubenko-i-partneri.hr/en/#website","url":"https://www.ljubenko-i-partneri.hr/en/","name":"Ljubenko i partneri - eng","description":"","potentialAction":[{"@type":"SearchAction","target":{"@type":"EntryPoint","urlTemplate":"https://www.ljubenko-i-partneri.hr/en/?s={search_term_string}"},"query-input":"required name=search_term_string"}],"inLanguage":"hr"}]}</script>
<!-- / Yoast SEO Premium plugin. -->

Dana 19.12.2024. održana 2. godišnja Konferencija javna nabava građevinskih radova - Ljubenko i partneri - eng

HGK i Odvjetničko društvo LJUBENKO &amp; PARTNERI d.o.o. suorganizatori su 2. godišnje konferencije o javnoj nabavi građevinskih radova koja se održala 19. prosinca 2024. Cilj Konferencije je bio otvoriti aktualna pitanja pravnog uređenja javne nabave radova i usluga povezanih s radovima, kao i okupiti sve relevantne dionike javne nabave radova. Jedna od tema bilo je [&hellip;]

Početna stranica

Događaji
