{"id":705,"date":"2025-10-20T01:03:19","date_gmt":"2025-10-19T23:03:19","guid":{"rendered":"https:\/\/ljubenko-i-partneri.ectoris.com\/en\/?post_type=events&#038;p=705"},"modified":"2025-10-27T20:38:20","modified_gmt":"2025-10-27T18:38:20","slug":"strucni-skup-osiguranje-chartera-i-marina-na-sajmu-nautike-u-zagrebu","status":"publish","type":"events","link":"https:\/\/www.ljubenko-i-partneri.hr\/en\/dogadaji\/strucni-skup-osiguranje-chartera-i-marina-na-sajmu-nautike-u-zagrebu\/","title":{"rendered":"Dana 21.02.2025. odr\u017ean je Stru\u010dni skup &#8220;Osiguranje chartera i marina&#8221; na Sajmu nautike u Zagrebu"},"content":{"rendered":"<p>Odvjetni\u010dko dru\u0161tvo Ljubenko &amp; partneri d.o.o. bio je organizator, te je kolega Mi\u0107o Ljubenko bio izlaga\u010d i moderator panel rasprave stru\u010dnog skupa na temu \u201eOsiguranje chartera i marina\u201c u sklopu Sajma nautike na Zagreba\u010dkom velesajmu 21.02.2025. godine.<\/p>\n<p>Na skupu je uvodno izlo\u017eeno koje sve vrste osiguranja postoje, te je nakon toga odr\u017eana panel rasprava na temu vrste i mogu\u0107nosti osiguranja za charter, ali i na temu osiguranja marina.<\/p>\n<p><img loading=\"lazy\" decoding=\"async\" class=\"alignnone size-medium wp-image-339\" src=\"https:\/\/ljubenko-i-partneri.ectoris.com\/en\/wp-content\/uploads\/sites\/3\/2025\/10\/nautika_1430x530px_hr.755x0-300x111.png\" alt=\"\" width=\"300\" height=\"111\" srcset=\"https:\/\/www.ljubenko-i-partneri.hr\/en\/wp-content\/uploads\/sites\/3\/2025\/10\/nautika_1430x530px_hr.755x0-300x111.png 300w, https:\/\/www.ljubenko-i-partneri.hr\/en\/wp-content\/uploads\/sites\/3\/2025\/10\/nautika_1430x530px_hr.755x0.png 755w\" sizes=\"auto, 100vw\" \/><\/p>\n","protected":false},"featured_media":76,"template":"","class_list":["post-705","events","type-events","status-publish","has-post-thumbnail","hentry"],"acf":[],"yoast_head":"<!-- This site is optimized with the Yoast SEO Premium plugin v19.5 (Yoast SEO v19.10) - https:\/\/yoast.com\/wordpress\/plugins\/seo\/ -->\n<title>Dana 21.02.2025. odr\u017ean je Stru\u010dni skup &quot;Osiguranje chartera i marina&quot; na Sajmu nautike u Zagrebu - Ljubenko i partneri - eng<\/title>\n<meta name=\"robots\" content=\"index, follow, max-snippet:-1, max-image-preview:large, max-video-preview:-1\" \/>\n<link rel=\"canonical\" href=\"https:\/\/www.ljubenko-i-partneri.hr\/en\/dogadaji\/strucni-skup-osiguranje-chartera-i-marina-na-sajmu-nautike-u-zagrebu\/\" \/>\n<meta property=\"og:locale\" content=\"hr_HR\" \/>\n<meta property=\"og:type\" content=\"article\" \/>\n<meta property=\"og:title\" content=\"Dana 21.02.2025. odr\u017ean je Stru\u010dni skup &quot;Osiguranje chartera i marina&quot; na Sajmu nautike u Zagrebu\" \/>\n<meta property=\"og:description\" content=\"Odvjetni\u010dko dru\u0161tvo Ljubenko &amp; partneri d.o.o. bio je organizator, te je kolega Mi\u0107o Ljubenko bio izlaga\u010d i moderator panel rasprave stru\u010dnog skupa na temu \u201eOsiguranje chartera i marina\u201c u sklopu Sajma nautike na Zagreba\u010dkom velesajmu 21.02.2025. godine. Na skupu je uvodno izlo\u017eeno koje sve vrste osiguranja postoje, te je nakon toga odr\u017eana panel rasprava na [&hellip;]\" \/>\n<meta property=\"og:url\" content=\"https:\/\/www.ljubenko-i-partneri.hr\/en\/dogadaji\/strucni-skup-osiguranje-chartera-i-marina-na-sajmu-nautike-u-zagrebu\/\" \/>\n<meta property=\"og:site_name\" content=\"Ljubenko i partneri - eng\" \/>\n<meta property=\"article:modified_time\" content=\"2025-10-27T18:38:20+00:00\" \/>\n<meta property=\"og:image\" content=\"https:\/\/www.ljubenko-i-partneri.hr\/en\/wp-content\/uploads\/sites\/3\/2025\/10\/event3-1024x472.png\" \/>\n\t<meta property=\"og:image:width\" content=\"1024\" \/>\n\t<meta property=\"og:image:height\" content=\"472\" \/>\n\t<meta property=\"og:image:type\" content=\"image\/png\" \/>\n<meta name=\"twitter:card\" content=\"summary_large_image\" \/>\n<meta name=\"twitter:label1\" content=\"Procijenjeno vrijeme \u010ditanja\" \/>\n\t<meta name=\"twitter:data1\" content=\"1 minuta\" \/>\n<script type=\"application\/ld+json\" class=\"yoast-schema-graph\">{\"@context\":\"https:\/\/schema.org\",\"@graph\":[{\"@type\":\"WebPage\",\"@id\":\"https:\/\/www.ljubenko-i-partneri.hr\/en\/dogadaji\/strucni-skup-osiguranje-chartera-i-marina-na-sajmu-nautike-u-zagrebu\/\",\"url\":\"https:\/\/www.ljubenko-i-partneri.hr\/en\/dogadaji\/strucni-skup-osiguranje-chartera-i-marina-na-sajmu-nautike-u-zagrebu\/\",\"name\":\"Dana 21.02.2025. odr\u017ean je Stru\u010dni skup \\\"Osiguranje chartera i marina\\\" na Sajmu nautike u Zagrebu - Ljubenko i partneri - eng\",\"isPartOf\":{\"@id\":\"https:\/\/www.ljubenko-i-partneri.hr\/en\/#website\"},\"datePublished\":\"2025-10-19T23:03:19+00:00\",\"dateModified\":\"2025-10-27T18:38:20+00:00\",\"breadcrumb\":{\"@id\":\"https:\/\/www.ljubenko-i-partneri.hr\/en\/dogadaji\/strucni-skup-osiguranje-chartera-i-marina-na-sajmu-nautike-u-zagrebu\/#breadcrumb\"},\"inLanguage\":\"hr\",\"potentialAction\":[{\"@type\":\"ReadAction\",\"target\":[\"https:\/\/www.ljubenko-i-partneri.hr\/en\/dogadaji\/strucni-skup-osiguranje-chartera-i-marina-na-sajmu-nautike-u-zagrebu\/\"]}]},{\"@type\":\"BreadcrumbList\",\"@id\":\"https:\/\/www.ljubenko-i-partneri.hr\/en\/dogadaji\/strucni-skup-osiguranje-chartera-i-marina-na-sajmu-nautike-u-zagrebu\/#breadcrumb\",\"itemListElement\":[{\"@type\":\"ListItem\",\"position\":1,\"name\":\"Po\u010detna stranica\",\"item\":\"https:\/\/www.ljubenko-i-partneri.hr\/en\/\"},{\"@type\":\"ListItem\",\"position\":2,\"name\":\"Doga\u0111aji\",\"item\":\"https:\/\/www.ljubenko-i-partneri.hr\/en\/dogadaji\/\"},{\"@type\":\"ListItem\",\"position\":3,\"name\":\"Dana 21.02.2025. odr\u017ean je Stru\u010dni skup &#8220;Osiguranje chartera i marina&#8221; na Sajmu nautike u Zagrebu\"}]},{\"@type\":\"WebSite\",\"@id\":\"https:\/\/www.ljubenko-i-partneri.hr\/en\/#website\",\"url\":\"https:\/\/www.ljubenko-i-partneri.hr\/en\/\",\"name\":\"Ljubenko i partneri - eng\",\"description\":\"\",\"potentialAction\":[{\"@type\":\"SearchAction\",\"target\":{\"@type\":\"EntryPoint\",\"urlTemplate\":\"https:\/\/www.ljubenko-i-partneri.hr\/en\/?s={search_term_string}\"},\"query-input\":\"required name=search_term_string\"}],\"inLanguage\":\"hr\"}]}<\/script>\n<!-- \/ Yoast SEO Premium plugin. -->","yoast_head_json":{"title":"Dana 21.02.2025. odr\u017ean je Stru\u010dni skup \"Osiguranje chartera i marina\" na Sajmu nautike u Zagrebu - Ljubenko i partneri - eng","robots":{"index":"index","follow":"follow","max-snippet":"max-snippet:-1","max-image-preview":"max-image-preview:large","max-video-preview":"max-video-preview:-1"},"canonical":"https:\/\/www.ljubenko-i-partneri.hr\/en\/dogadaji\/strucni-skup-osiguranje-chartera-i-marina-na-sajmu-nautike-u-zagrebu\/","og_locale":"hr_HR","og_type":"article","og_title":"Dana 21.02.2025. odr\u017ean je Stru\u010dni skup \"Osiguranje chartera i marina\" na Sajmu nautike u Zagrebu","og_description":"Odvjetni\u010dko dru\u0161tvo Ljubenko &amp; partneri d.o.o. bio je organizator, te je kolega Mi\u0107o Ljubenko bio izlaga\u010d i moderator panel rasprave stru\u010dnog skupa na temu \u201eOsiguranje chartera i marina\u201c u sklopu Sajma nautike na Zagreba\u010dkom velesajmu 21.02.2025. godine. Na skupu je uvodno izlo\u017eeno koje sve vrste osiguranja postoje, te je nakon toga odr\u017eana panel rasprava na [&hellip;]","og_url":"https:\/\/www.ljubenko-i-partneri.hr\/en\/dogadaji\/strucni-skup-osiguranje-chartera-i-marina-na-sajmu-nautike-u-zagrebu\/","og_site_name":"Ljubenko i partneri - eng","article_modified_time":"2025-10-27T18:38:20+00:00","og_image":[{"width":1024,"height":472,"url":"https:\/\/www.ljubenko-i-partneri.hr\/en\/wp-content\/uploads\/sites\/3\/2025\/10\/event3-1024x472.png","type":"image\/png"}],"twitter_card":"summary_large_image","twitter_misc":{"Procijenjeno vrijeme \u010ditanja":"1 minuta"},"schema":{"@context":"https:\/\/schema.org","@graph":[{"@type":"WebPage","@id":"https:\/\/www.ljubenko-i-partneri.hr\/en\/dogadaji\/strucni-skup-osiguranje-chartera-i-marina-na-sajmu-nautike-u-zagrebu\/","url":"https:\/\/www.ljubenko-i-partneri.hr\/en\/dogadaji\/strucni-skup-osiguranje-chartera-i-marina-na-sajmu-nautike-u-zagrebu\/","name":"Dana 21.02.2025. odr\u017ean je Stru\u010dni skup \"Osiguranje chartera i marina\" na Sajmu nautike u Zagrebu - Ljubenko i partneri - eng","isPartOf":{"@id":"https:\/\/www.ljubenko-i-partneri.hr\/en\/#website"},"datePublished":"2025-10-19T23:03:19+00:00","dateModified":"2025-10-27T18:38:20+00:00","breadcrumb":{"@id":"https:\/\/www.ljubenko-i-partneri.hr\/en\/dogadaji\/strucni-skup-osiguranje-chartera-i-marina-na-sajmu-nautike-u-zagrebu\/#breadcrumb"},"inLanguage":"hr","potentialAction":[{"@type":"ReadAction","target":["https:\/\/www.ljubenko-i-partneri.hr\/en\/dogadaji\/strucni-skup-osiguranje-chartera-i-marina-na-sajmu-nautike-u-zagrebu\/"]}]},{"@type":"BreadcrumbList","@id":"https:\/\/www.ljubenko-i-partneri.hr\/en\/dogadaji\/strucni-skup-osiguranje-chartera-i-marina-na-sajmu-nautike-u-zagrebu\/#breadcrumb","itemListElement":[{"@type":"ListItem","position":1,"name":"Po\u010detna stranica","item":"https:\/\/www.ljubenko-i-partneri.hr\/en\/"},{"@type":"ListItem","position":2,"name":"Doga\u0111aji","item":"https:\/\/www.ljubenko-i-partneri.hr\/en\/dogadaji\/"},{"@type":"ListItem","position":3,"name":"Dana 21.02.2025. odr\u017ean je Stru\u010dni skup &#8220;Osiguranje chartera i marina&#8221; na Sajmu nautike u Zagrebu"}]},{"@type":"WebSite","@id":"https:\/\/www.ljubenko-i-partneri.hr\/en\/#website","url":"https:\/\/www.ljubenko-i-partneri.hr\/en\/","name":"Ljubenko i partneri - eng","description":"","potentialAction":[{"@type":"SearchAction","target":{"@type":"EntryPoint","urlTemplate":"https:\/\/www.ljubenko-i-partneri.hr\/en\/?s={search_term_string}"},"query-input":"required name=search_term_string"}],"inLanguage":"hr"}]}},"_links":{"self":[{"href":"https:\/\/www.ljubenko-i-partneri.hr\/en\/wp-json\/wp\/v2\/events\/705","targetHints":{"allow":["GET"]}}],"collection":[{"href":"https:\/\/www.ljubenko-i-partneri.hr\/en\/wp-json\/wp\/v2\/events"}],"about":[{"href":"https:\/\/www.ljubenko-i-partneri.hr\/en\/wp-json\/wp\/v2\/types\/events"}],"wp:featuredmedia":[{"embeddable":true,"href":"https:\/\/www.ljubenko-i-partneri.hr\/en\/wp-json\/wp\/v2\/media\/76"}],"wp:attachment":[{"href":"https:\/\/www.ljubenko-i-partneri.hr\/en\/wp-json\/wp\/v2\/media?parent=705"}],"curies":[{"name":"wp","href":"https:\/\/api.w.org\/{rel}","templated":true}]}}

Dana 21.02.2025. održan je Stručni skup &#8220;Osiguranje chartera i marina&#8221; na Sajmu nautike u Zagrebu

<p>Odvjetničko društvo Ljubenko &amp; partneri d.o.o. bio je organizator, te je kolega Mićo Ljubenko bio izlagač i moderator panel rasprave stručnog skupa na temu „Osiguranje chartera i marina“ u sklopu Sajma nautike na Zagrebačkom velesajmu 21.02.2025. godine.</p>
<p>Na skupu je uvodno izloženo koje sve vrste osiguranja postoje, te je nakon toga održana panel rasprava na temu vrste i mogućnosti osiguranja za charter, ali i na temu osiguranja marina.</p>
<p><img loading="lazy" decoding="async" class="alignnone size-medium wp-image-339" src="https://ljubenko-i-partneri.ectoris.com/en/wp-content/uploads/sites/3/2025/10/nautika_1430x530px_hr.755x0-300x111.png" alt="" width="300" height="111" srcset="https://www.ljubenko-i-partneri.hr/en/wp-content/uploads/sites/3/2025/10/nautika_1430x530px_hr.755x0-300x111.png 300w, https://www.ljubenko-i-partneri.hr/en/wp-content/uploads/sites/3/2025/10/nautika_1430x530px_hr.755x0.png 755w" sizes="auto, 100vw" /></p>

<!-- This site is optimized with the Yoast SEO Premium plugin v19.5 (Yoast SEO v19.10) - https://yoast.com/wordpress/plugins/seo/ -->
<title>Dana 21.02.2025. održan je Stručni skup &quot;Osiguranje chartera i marina&quot; na Sajmu nautike u Zagrebu - Ljubenko i partneri - eng</title>
<meta name="robots" content="index, follow, max-snippet:-1, max-image-preview:large, max-video-preview:-1" />
<link rel="canonical" href="https://www.ljubenko-i-partneri.hr/en/dogadaji/strucni-skup-osiguranje-chartera-i-marina-na-sajmu-nautike-u-zagrebu/" />
<meta property="og:locale" content="hr_HR" />
<meta property="og:type" content="article" />
<meta property="og:title" content="Dana 21.02.2025. održan je Stručni skup &quot;Osiguranje chartera i marina&quot; na Sajmu nautike u Zagrebu" />
<meta property="og:description" content="Odvjetničko društvo Ljubenko &amp; partneri d.o.o. bio je organizator, te je kolega Mićo Ljubenko bio izlagač i moderator panel rasprave stručnog skupa na temu „Osiguranje chartera i marina“ u sklopu Sajma nautike na Zagrebačkom velesajmu 21.02.2025. godine. Na skupu je uvodno izloženo koje sve vrste osiguranja postoje, te je nakon toga održana panel rasprava na [&hellip;]" />
<meta property="og:url" content="https://www.ljubenko-i-partneri.hr/en/dogadaji/strucni-skup-osiguranje-chartera-i-marina-na-sajmu-nautike-u-zagrebu/" />
<meta property="og:site_name" content="Ljubenko i partneri - eng" />
<meta property="article:modified_time" content="2025-10-27T18:38:20+00:00" />
<meta property="og:image" content="https://www.ljubenko-i-partneri.hr/en/wp-content/uploads/sites/3/2025/10/event3-1024x472.png" />
	<meta property="og:image:width" content="1024" />
	<meta property="og:image:height" content="472" />
	<meta property="og:image:type" content="image/png" />
<meta name="twitter:card" content="summary_large_image" />
<meta name="twitter:label1" content="Procijenjeno vrijeme čitanja" />
	<meta name="twitter:data1" content="1 minuta" />
<script type="application/ld+json" class="yoast-schema-graph">{"@context":"https://schema.org","@graph":[{"@type":"WebPage","@id":"https://www.ljubenko-i-partneri.hr/en/dogadaji/strucni-skup-osiguranje-chartera-i-marina-na-sajmu-nautike-u-zagrebu/","url":"https://www.ljubenko-i-partneri.hr/en/dogadaji/strucni-skup-osiguranje-chartera-i-marina-na-sajmu-nautike-u-zagrebu/","name":"Dana 21.02.2025. održan je Stručni skup \"Osiguranje chartera i marina\" na Sajmu nautike u Zagrebu - Ljubenko i partneri - eng","isPartOf":{"@id":"https://www.ljubenko-i-partneri.hr/en/#website"},"datePublished":"2025-10-19T23:03:19+00:00","dateModified":"2025-10-27T18:38:20+00:00","breadcrumb":{"@id":"https://www.ljubenko-i-partneri.hr/en/dogadaji/strucni-skup-osiguranje-chartera-i-marina-na-sajmu-nautike-u-zagrebu/#breadcrumb"},"inLanguage":"hr","potentialAction":[{"@type":"ReadAction","target":["https://www.ljubenko-i-partneri.hr/en/dogadaji/strucni-skup-osiguranje-chartera-i-marina-na-sajmu-nautike-u-zagrebu/"]}]},{"@type":"BreadcrumbList","@id":"https://www.ljubenko-i-partneri.hr/en/dogadaji/strucni-skup-osiguranje-chartera-i-marina-na-sajmu-nautike-u-zagrebu/#breadcrumb","itemListElement":[{"@type":"ListItem","position":1,"name":"Početna stranica","item":"https://www.ljubenko-i-partneri.hr/en/"},{"@type":"ListItem","position":2,"name":"Događaji","item":"https://www.ljubenko-i-partneri.hr/en/dogadaji/"},{"@type":"ListItem","position":3,"name":"Dana 21.02.2025. održan je Stručni skup &#8220;Osiguranje chartera i marina&#8221; na Sajmu nautike u Zagrebu"}]},{"@type":"WebSite","@id":"https://www.ljubenko-i-partneri.hr/en/#website","url":"https://www.ljubenko-i-partneri.hr/en/","name":"Ljubenko i partneri - eng","description":"","potentialAction":[{"@type":"SearchAction","target":{"@type":"EntryPoint","urlTemplate":"https://www.ljubenko-i-partneri.hr/en/?s={search_term_string}"},"query-input":"required name=search_term_string"}],"inLanguage":"hr"}]}</script>
<!-- / Yoast SEO Premium plugin. -->

Dana 21.02.2025. održan je Stručni skup "Osiguranje chartera i marina" na Sajmu nautike u Zagrebu - Ljubenko i partneri - eng

Dana 21.02.2025. održan je Stručni skup "Osiguranje chartera i marina" na Sajmu nautike u Zagrebu

Odvjetničko društvo Ljubenko &amp; partneri d.o.o. bio je organizator, te je kolega Mićo Ljubenko bio izlagač i moderator panel rasprave stručnog skupa na temu „Osiguranje chartera i marina“ u sklopu Sajma nautike na Zagrebačkom velesajmu 21.02.2025. godine. Na skupu je uvodno izloženo koje sve vrste osiguranja postoje, te je nakon toga održana panel rasprava na [&hellip;]

Početna stranica

Događaji
