{"id":713,"date":"2025-10-20T01:08:58","date_gmt":"2025-10-19T23:08:58","guid":{"rendered":"https:\/\/ljubenko-i-partneri.ectoris.com\/en\/?post_type=events&#038;p=713"},"modified":"2025-11-01T20:40:34","modified_gmt":"2025-11-01T18:40:34","slug":"objavljen-intervju-sa-odvjetnikom-micom-ljubenkom","status":"publish","type":"events","link":"https:\/\/www.ljubenko-i-partneri.hr\/en\/dogadaji\/objavljen-intervju-sa-odvjetnikom-micom-ljubenkom\/","title":{"rendered":"U e-glasilu Hrvatskog dru\u0161tva za transportno pravo Transporter, br. 19\/lipanj 2025. objavljen je intervju sa odvjetnikom Mi\u0107om Ljubenkom"},"content":{"rendered":"<p>Kolega Mi\u0107o Ljubenko je kao \u010dlan Hrvatskog dru\u0161tva za transportno pravo i odvjetnik koji se bavi prometnim pravom dao intervju u kojem se osvrnuo na svoj profesionalni put i na va\u017enost ove udruge kao i izazove koji se pojavljuju u ovom sektoru.<\/p>\n<p><img loading=\"lazy\" decoding=\"async\" class=\"alignnone size-medium wp-image-749\" src=\"https:\/\/ljubenko-i-partneri.ectoris.com\/en\/wp-content\/uploads\/sites\/3\/2025\/10\/Slika-za-dogadaj-19.06-prva-212x300.jpg\" alt=\"\" width=\"212\" height=\"300\" srcset=\"https:\/\/www.ljubenko-i-partneri.hr\/en\/wp-content\/uploads\/sites\/3\/2025\/10\/Slika-za-dogadaj-19.06-prva-212x300.jpg 212w, https:\/\/www.ljubenko-i-partneri.hr\/en\/wp-content\/uploads\/sites\/3\/2025\/10\/Slika-za-dogadaj-19.06-prva-724x1024.jpg 724w, https:\/\/www.ljubenko-i-partneri.hr\/en\/wp-content\/uploads\/sites\/3\/2025\/10\/Slika-za-dogadaj-19.06-prva-768x1086.jpg 768w, https:\/\/www.ljubenko-i-partneri.hr\/en\/wp-content\/uploads\/sites\/3\/2025\/10\/Slika-za-dogadaj-19.06-prva-1086x1536.jpg 1086w, https:\/\/www.ljubenko-i-partneri.hr\/en\/wp-content\/uploads\/sites\/3\/2025\/10\/Slika-za-dogadaj-19.06-prva.jpg 1241w\" sizes=\"auto, 100vw\" \/><\/p>\n<p><img loading=\"lazy\" decoding=\"async\" class=\"alignnone size-medium wp-image-750\" src=\"https:\/\/ljubenko-i-partneri.ectoris.com\/en\/wp-content\/uploads\/sites\/3\/2025\/10\/Slika-za-dogadaj-19.06-druga-212x300.jpg\" alt=\"\" width=\"212\" height=\"300\" srcset=\"https:\/\/www.ljubenko-i-partneri.hr\/en\/wp-content\/uploads\/sites\/3\/2025\/10\/Slika-za-dogadaj-19.06-druga-212x300.jpg 212w, https:\/\/www.ljubenko-i-partneri.hr\/en\/wp-content\/uploads\/sites\/3\/2025\/10\/Slika-za-dogadaj-19.06-druga-724x1024.jpg 724w, https:\/\/www.ljubenko-i-partneri.hr\/en\/wp-content\/uploads\/sites\/3\/2025\/10\/Slika-za-dogadaj-19.06-druga-768x1086.jpg 768w, https:\/\/www.ljubenko-i-partneri.hr\/en\/wp-content\/uploads\/sites\/3\/2025\/10\/Slika-za-dogadaj-19.06-druga-1086x1536.jpg 1086w, https:\/\/www.ljubenko-i-partneri.hr\/en\/wp-content\/uploads\/sites\/3\/2025\/10\/Slika-za-dogadaj-19.06-druga.jpg 1241w\" sizes=\"auto, 100vw\" \/><\/p>\n<p>&nbsp;<\/p>\n","protected":false},"featured_media":748,"template":"","class_list":["post-713","events","type-events","status-publish","has-post-thumbnail","hentry"],"acf":[],"yoast_head":"<!-- This site is optimized with the Yoast SEO Premium plugin v19.5 (Yoast SEO v19.10) - https:\/\/yoast.com\/wordpress\/plugins\/seo\/ -->\n<title>U e-glasilu Hrvatskog dru\u0161tva za transportno pravo Transporter, br. 19\/lipanj 2025. objavljen je intervju sa odvjetnikom Mi\u0107om Ljubenkom - Ljubenko i partneri - eng<\/title>\n<meta name=\"robots\" content=\"index, follow, max-snippet:-1, max-image-preview:large, max-video-preview:-1\" \/>\n<link rel=\"canonical\" href=\"https:\/\/www.ljubenko-i-partneri.hr\/en\/dogadaji\/objavljen-intervju-sa-odvjetnikom-micom-ljubenkom\/\" \/>\n<meta property=\"og:locale\" content=\"hr_HR\" \/>\n<meta property=\"og:type\" content=\"article\" \/>\n<meta property=\"og:title\" content=\"U e-glasilu Hrvatskog dru\u0161tva za transportno pravo Transporter, br. 19\/lipanj 2025. objavljen je intervju sa odvjetnikom Mi\u0107om Ljubenkom\" \/>\n<meta property=\"og:description\" content=\"Kolega Mi\u0107o Ljubenko je kao \u010dlan Hrvatskog dru\u0161tva za transportno pravo i odvjetnik koji se bavi prometnim pravom dao intervju u kojem se osvrnuo na svoj profesionalni put i na va\u017enost ove udruge kao i izazove koji se pojavljuju u ovom sektoru. &nbsp;\" \/>\n<meta property=\"og:url\" content=\"https:\/\/www.ljubenko-i-partneri.hr\/en\/dogadaji\/objavljen-intervju-sa-odvjetnikom-micom-ljubenkom\/\" \/>\n<meta property=\"og:site_name\" content=\"Ljubenko i partneri - eng\" \/>\n<meta property=\"article:modified_time\" content=\"2025-11-01T18:40:34+00:00\" \/>\n<meta property=\"og:image\" content=\"https:\/\/www.ljubenko-i-partneri.hr\/en\/wp-content\/uploads\/sites\/3\/2025\/10\/Slika-za-dogadaj-19.06.2025.jpg\" \/>\n\t<meta property=\"og:image:width\" content=\"766\" \/>\n\t<meta property=\"og:image:height\" content=\"513\" \/>\n\t<meta property=\"og:image:type\" content=\"image\/jpeg\" \/>\n<meta name=\"twitter:card\" content=\"summary_large_image\" \/>\n<meta name=\"twitter:label1\" content=\"Procijenjeno vrijeme \u010ditanja\" \/>\n\t<meta name=\"twitter:data1\" content=\"1 minuta\" \/>\n<script type=\"application\/ld+json\" class=\"yoast-schema-graph\">{\"@context\":\"https:\/\/schema.org\",\"@graph\":[{\"@type\":\"WebPage\",\"@id\":\"https:\/\/www.ljubenko-i-partneri.hr\/en\/dogadaji\/objavljen-intervju-sa-odvjetnikom-micom-ljubenkom\/\",\"url\":\"https:\/\/www.ljubenko-i-partneri.hr\/en\/dogadaji\/objavljen-intervju-sa-odvjetnikom-micom-ljubenkom\/\",\"name\":\"U e-glasilu Hrvatskog dru\u0161tva za transportno pravo Transporter, br. 19\/lipanj 2025. objavljen je intervju sa odvjetnikom Mi\u0107om Ljubenkom - Ljubenko i partneri - eng\",\"isPartOf\":{\"@id\":\"https:\/\/www.ljubenko-i-partneri.hr\/en\/#website\"},\"datePublished\":\"2025-10-19T23:08:58+00:00\",\"dateModified\":\"2025-11-01T18:40:34+00:00\",\"breadcrumb\":{\"@id\":\"https:\/\/www.ljubenko-i-partneri.hr\/en\/dogadaji\/objavljen-intervju-sa-odvjetnikom-micom-ljubenkom\/#breadcrumb\"},\"inLanguage\":\"hr\",\"potentialAction\":[{\"@type\":\"ReadAction\",\"target\":[\"https:\/\/www.ljubenko-i-partneri.hr\/en\/dogadaji\/objavljen-intervju-sa-odvjetnikom-micom-ljubenkom\/\"]}]},{\"@type\":\"BreadcrumbList\",\"@id\":\"https:\/\/www.ljubenko-i-partneri.hr\/en\/dogadaji\/objavljen-intervju-sa-odvjetnikom-micom-ljubenkom\/#breadcrumb\",\"itemListElement\":[{\"@type\":\"ListItem\",\"position\":1,\"name\":\"Po\u010detna stranica\",\"item\":\"https:\/\/www.ljubenko-i-partneri.hr\/en\/\"},{\"@type\":\"ListItem\",\"position\":2,\"name\":\"Doga\u0111aji\",\"item\":\"https:\/\/www.ljubenko-i-partneri.hr\/en\/dogadaji\/\"},{\"@type\":\"ListItem\",\"position\":3,\"name\":\"U e-glasilu Hrvatskog dru\u0161tva za transportno pravo Transporter, br. 19\/lipanj 2025. objavljen je intervju sa odvjetnikom Mi\u0107om Ljubenkom\"}]},{\"@type\":\"WebSite\",\"@id\":\"https:\/\/www.ljubenko-i-partneri.hr\/en\/#website\",\"url\":\"https:\/\/www.ljubenko-i-partneri.hr\/en\/\",\"name\":\"Ljubenko i partneri - eng\",\"description\":\"\",\"potentialAction\":[{\"@type\":\"SearchAction\",\"target\":{\"@type\":\"EntryPoint\",\"urlTemplate\":\"https:\/\/www.ljubenko-i-partneri.hr\/en\/?s={search_term_string}\"},\"query-input\":\"required name=search_term_string\"}],\"inLanguage\":\"hr\"}]}<\/script>\n<!-- \/ Yoast SEO Premium plugin. -->","yoast_head_json":{"title":"U e-glasilu Hrvatskog dru\u0161tva za transportno pravo Transporter, br. 19\/lipanj 2025. objavljen je intervju sa odvjetnikom Mi\u0107om Ljubenkom - Ljubenko i partneri - eng","robots":{"index":"index","follow":"follow","max-snippet":"max-snippet:-1","max-image-preview":"max-image-preview:large","max-video-preview":"max-video-preview:-1"},"canonical":"https:\/\/www.ljubenko-i-partneri.hr\/en\/dogadaji\/objavljen-intervju-sa-odvjetnikom-micom-ljubenkom\/","og_locale":"hr_HR","og_type":"article","og_title":"U e-glasilu Hrvatskog dru\u0161tva za transportno pravo Transporter, br. 19\/lipanj 2025. objavljen je intervju sa odvjetnikom Mi\u0107om Ljubenkom","og_description":"Kolega Mi\u0107o Ljubenko je kao \u010dlan Hrvatskog dru\u0161tva za transportno pravo i odvjetnik koji se bavi prometnim pravom dao intervju u kojem se osvrnuo na svoj profesionalni put i na va\u017enost ove udruge kao i izazove koji se pojavljuju u ovom sektoru. &nbsp;","og_url":"https:\/\/www.ljubenko-i-partneri.hr\/en\/dogadaji\/objavljen-intervju-sa-odvjetnikom-micom-ljubenkom\/","og_site_name":"Ljubenko i partneri - eng","article_modified_time":"2025-11-01T18:40:34+00:00","og_image":[{"width":766,"height":513,"url":"https:\/\/www.ljubenko-i-partneri.hr\/en\/wp-content\/uploads\/sites\/3\/2025\/10\/Slika-za-dogadaj-19.06.2025.jpg","type":"image\/jpeg"}],"twitter_card":"summary_large_image","twitter_misc":{"Procijenjeno vrijeme \u010ditanja":"1 minuta"},"schema":{"@context":"https:\/\/schema.org","@graph":[{"@type":"WebPage","@id":"https:\/\/www.ljubenko-i-partneri.hr\/en\/dogadaji\/objavljen-intervju-sa-odvjetnikom-micom-ljubenkom\/","url":"https:\/\/www.ljubenko-i-partneri.hr\/en\/dogadaji\/objavljen-intervju-sa-odvjetnikom-micom-ljubenkom\/","name":"U e-glasilu Hrvatskog dru\u0161tva za transportno pravo Transporter, br. 19\/lipanj 2025. objavljen je intervju sa odvjetnikom Mi\u0107om Ljubenkom - Ljubenko i partneri - eng","isPartOf":{"@id":"https:\/\/www.ljubenko-i-partneri.hr\/en\/#website"},"datePublished":"2025-10-19T23:08:58+00:00","dateModified":"2025-11-01T18:40:34+00:00","breadcrumb":{"@id":"https:\/\/www.ljubenko-i-partneri.hr\/en\/dogadaji\/objavljen-intervju-sa-odvjetnikom-micom-ljubenkom\/#breadcrumb"},"inLanguage":"hr","potentialAction":[{"@type":"ReadAction","target":["https:\/\/www.ljubenko-i-partneri.hr\/en\/dogadaji\/objavljen-intervju-sa-odvjetnikom-micom-ljubenkom\/"]}]},{"@type":"BreadcrumbList","@id":"https:\/\/www.ljubenko-i-partneri.hr\/en\/dogadaji\/objavljen-intervju-sa-odvjetnikom-micom-ljubenkom\/#breadcrumb","itemListElement":[{"@type":"ListItem","position":1,"name":"Po\u010detna stranica","item":"https:\/\/www.ljubenko-i-partneri.hr\/en\/"},{"@type":"ListItem","position":2,"name":"Doga\u0111aji","item":"https:\/\/www.ljubenko-i-partneri.hr\/en\/dogadaji\/"},{"@type":"ListItem","position":3,"name":"U e-glasilu Hrvatskog dru\u0161tva za transportno pravo Transporter, br. 19\/lipanj 2025. objavljen je intervju sa odvjetnikom Mi\u0107om Ljubenkom"}]},{"@type":"WebSite","@id":"https:\/\/www.ljubenko-i-partneri.hr\/en\/#website","url":"https:\/\/www.ljubenko-i-partneri.hr\/en\/","name":"Ljubenko i partneri - eng","description":"","potentialAction":[{"@type":"SearchAction","target":{"@type":"EntryPoint","urlTemplate":"https:\/\/www.ljubenko-i-partneri.hr\/en\/?s={search_term_string}"},"query-input":"required name=search_term_string"}],"inLanguage":"hr"}]}},"_links":{"self":[{"href":"https:\/\/www.ljubenko-i-partneri.hr\/en\/wp-json\/wp\/v2\/events\/713","targetHints":{"allow":["GET"]}}],"collection":[{"href":"https:\/\/www.ljubenko-i-partneri.hr\/en\/wp-json\/wp\/v2\/events"}],"about":[{"href":"https:\/\/www.ljubenko-i-partneri.hr\/en\/wp-json\/wp\/v2\/types\/events"}],"wp:featuredmedia":[{"embeddable":true,"href":"https:\/\/www.ljubenko-i-partneri.hr\/en\/wp-json\/wp\/v2\/media\/748"}],"wp:attachment":[{"href":"https:\/\/www.ljubenko-i-partneri.hr\/en\/wp-json\/wp\/v2\/media?parent=713"}],"curies":[{"name":"wp","href":"https:\/\/api.w.org\/{rel}","templated":true}]}}

U e-glasilu Hrvatskog društva za transportno pravo Transporter, br. 19/lipanj 2025. objavljen je intervju sa odvjetnikom Mićom Ljubenkom

<p>Kolega Mićo Ljubenko je kao član Hrvatskog društva za transportno pravo i odvjetnik koji se bavi prometnim pravom dao intervju u kojem se osvrnuo na svoj profesionalni put i na važnost ove udruge kao i izazove koji se pojavljuju u ovom sektoru.</p>
<p><img loading="lazy" decoding="async" class="alignnone size-medium wp-image-749" src="https://ljubenko-i-partneri.ectoris.com/en/wp-content/uploads/sites/3/2025/10/Slika-za-dogadaj-19.06-prva-212x300.jpg" alt="" width="212" height="300" srcset="https://www.ljubenko-i-partneri.hr/en/wp-content/uploads/sites/3/2025/10/Slika-za-dogadaj-19.06-prva-212x300.jpg 212w, https://www.ljubenko-i-partneri.hr/en/wp-content/uploads/sites/3/2025/10/Slika-za-dogadaj-19.06-prva-724x1024.jpg 724w, https://www.ljubenko-i-partneri.hr/en/wp-content/uploads/sites/3/2025/10/Slika-za-dogadaj-19.06-prva-768x1086.jpg 768w, https://www.ljubenko-i-partneri.hr/en/wp-content/uploads/sites/3/2025/10/Slika-za-dogadaj-19.06-prva-1086x1536.jpg 1086w, https://www.ljubenko-i-partneri.hr/en/wp-content/uploads/sites/3/2025/10/Slika-za-dogadaj-19.06-prva.jpg 1241w" sizes="auto, 100vw" /></p>
<p><img loading="lazy" decoding="async" class="alignnone size-medium wp-image-750" src="https://ljubenko-i-partneri.ectoris.com/en/wp-content/uploads/sites/3/2025/10/Slika-za-dogadaj-19.06-druga-212x300.jpg" alt="" width="212" height="300" srcset="https://www.ljubenko-i-partneri.hr/en/wp-content/uploads/sites/3/2025/10/Slika-za-dogadaj-19.06-druga-212x300.jpg 212w, https://www.ljubenko-i-partneri.hr/en/wp-content/uploads/sites/3/2025/10/Slika-za-dogadaj-19.06-druga-724x1024.jpg 724w, https://www.ljubenko-i-partneri.hr/en/wp-content/uploads/sites/3/2025/10/Slika-za-dogadaj-19.06-druga-768x1086.jpg 768w, https://www.ljubenko-i-partneri.hr/en/wp-content/uploads/sites/3/2025/10/Slika-za-dogadaj-19.06-druga-1086x1536.jpg 1086w, https://www.ljubenko-i-partneri.hr/en/wp-content/uploads/sites/3/2025/10/Slika-za-dogadaj-19.06-druga.jpg 1241w" sizes="auto, 100vw" /></p>
<p>&nbsp;</p>

<!-- This site is optimized with the Yoast SEO Premium plugin v19.5 (Yoast SEO v19.10) - https://yoast.com/wordpress/plugins/seo/ -->
<title>U e-glasilu Hrvatskog društva za transportno pravo Transporter, br. 19/lipanj 2025. objavljen je intervju sa odvjetnikom Mićom Ljubenkom - Ljubenko i partneri - eng</title>
<meta name="robots" content="index, follow, max-snippet:-1, max-image-preview:large, max-video-preview:-1" />
<link rel="canonical" href="https://www.ljubenko-i-partneri.hr/en/dogadaji/objavljen-intervju-sa-odvjetnikom-micom-ljubenkom/" />
<meta property="og:locale" content="hr_HR" />
<meta property="og:type" content="article" />
<meta property="og:title" content="U e-glasilu Hrvatskog društva za transportno pravo Transporter, br. 19/lipanj 2025. objavljen je intervju sa odvjetnikom Mićom Ljubenkom" />
<meta property="og:description" content="Kolega Mićo Ljubenko je kao član Hrvatskog društva za transportno pravo i odvjetnik koji se bavi prometnim pravom dao intervju u kojem se osvrnuo na svoj profesionalni put i na važnost ove udruge kao i izazove koji se pojavljuju u ovom sektoru. &nbsp;" />
<meta property="og:url" content="https://www.ljubenko-i-partneri.hr/en/dogadaji/objavljen-intervju-sa-odvjetnikom-micom-ljubenkom/" />
<meta property="og:site_name" content="Ljubenko i partneri - eng" />
<meta property="article:modified_time" content="2025-11-01T18:40:34+00:00" />
<meta property="og:image" content="https://www.ljubenko-i-partneri.hr/en/wp-content/uploads/sites/3/2025/10/Slika-za-dogadaj-19.06.2025.jpg" />
	<meta property="og:image:width" content="766" />
	<meta property="og:image:height" content="513" />
	<meta property="og:image:type" content="image/jpeg" />
<meta name="twitter:card" content="summary_large_image" />
<meta name="twitter:label1" content="Procijenjeno vrijeme čitanja" />
	<meta name="twitter:data1" content="1 minuta" />
<script type="application/ld+json" class="yoast-schema-graph">{"@context":"https://schema.org","@graph":[{"@type":"WebPage","@id":"https://www.ljubenko-i-partneri.hr/en/dogadaji/objavljen-intervju-sa-odvjetnikom-micom-ljubenkom/","url":"https://www.ljubenko-i-partneri.hr/en/dogadaji/objavljen-intervju-sa-odvjetnikom-micom-ljubenkom/","name":"U e-glasilu Hrvatskog društva za transportno pravo Transporter, br. 19/lipanj 2025. objavljen je intervju sa odvjetnikom Mićom Ljubenkom - Ljubenko i partneri - eng","isPartOf":{"@id":"https://www.ljubenko-i-partneri.hr/en/#website"},"datePublished":"2025-10-19T23:08:58+00:00","dateModified":"2025-11-01T18:40:34+00:00","breadcrumb":{"@id":"https://www.ljubenko-i-partneri.hr/en/dogadaji/objavljen-intervju-sa-odvjetnikom-micom-ljubenkom/#breadcrumb"},"inLanguage":"hr","potentialAction":[{"@type":"ReadAction","target":["https://www.ljubenko-i-partneri.hr/en/dogadaji/objavljen-intervju-sa-odvjetnikom-micom-ljubenkom/"]}]},{"@type":"BreadcrumbList","@id":"https://www.ljubenko-i-partneri.hr/en/dogadaji/objavljen-intervju-sa-odvjetnikom-micom-ljubenkom/#breadcrumb","itemListElement":[{"@type":"ListItem","position":1,"name":"Početna stranica","item":"https://www.ljubenko-i-partneri.hr/en/"},{"@type":"ListItem","position":2,"name":"Događaji","item":"https://www.ljubenko-i-partneri.hr/en/dogadaji/"},{"@type":"ListItem","position":3,"name":"U e-glasilu Hrvatskog društva za transportno pravo Transporter, br. 19/lipanj 2025. objavljen je intervju sa odvjetnikom Mićom Ljubenkom"}]},{"@type":"WebSite","@id":"https://www.ljubenko-i-partneri.hr/en/#website","url":"https://www.ljubenko-i-partneri.hr/en/","name":"Ljubenko i partneri - eng","description":"","potentialAction":[{"@type":"SearchAction","target":{"@type":"EntryPoint","urlTemplate":"https://www.ljubenko-i-partneri.hr/en/?s={search_term_string}"},"query-input":"required name=search_term_string"}],"inLanguage":"hr"}]}</script>
<!-- / Yoast SEO Premium plugin. -->

U e-glasilu Hrvatskog društva za transportno pravo Transporter, br. 19/lipanj 2025. objavljen je intervju sa odvjetnikom Mićom Ljubenkom - Ljubenko i partneri - eng

Kolega Mićo Ljubenko je kao član Hrvatskog društva za transportno pravo i odvjetnik koji se bavi prometnim pravom dao intervju u kojem se osvrnuo na svoj profesionalni put i na važnost ove udruge kao i izazove koji se pojavljuju u ovom sektoru. &nbsp;

Početna stranica

Događaji
