{"id":718,"date":"2025-10-20T01:11:28","date_gmt":"2025-10-19T23:11:28","guid":{"rendered":"https:\/\/ljubenko-i-partneri.ectoris.com\/en\/?post_type=events&#038;p=718"},"modified":"2025-11-01T20:42:40","modified_gmt":"2025-11-01T18:42:40","slug":"14-kongres-o-javnoj-nabavi-u-portorozu","status":"publish","type":"events","link":"https:\/\/www.ljubenko-i-partneri.hr\/en\/dogadaji\/14-kongres-o-javnoj-nabavi-u-portorozu\/","title":{"rendered":"Dana 17.09.2025. godine Ines Brozovi\u0107 je bila izlaga\u010d na 14. Kongresu o javnoj nabavi u Portoro\u017eu"},"content":{"rendered":"<p>Ovaj kongres predstavlja najve\u0107i stru\u010dni skup naru\u010ditelja, pru\u017eatelja usluga, odvjetnika i stru\u010dne javnosti, s ciljem zajedni\u010dkog stvaranja trendova javne nabave u Sloveniji.<\/p>\n<p>Glavne teme bile su nove prakse Dr\u017eavne revizijske komisije, uloga umjetne inteligencije, izazovi tehni\u010dkih specifikacija, metode pregovaranja i financiranja.<\/p>\n<p>Kolegica Ines Brozovi\u0107 je odr\u017eala izlaganje na temu Transformacija javne nabave \u2013 kako ne propustiti prilike u Hrvatskoj.<\/p>\n<p>&nbsp;<\/p>\n<p>&nbsp;<\/p>\n<p><img loading=\"lazy\" decoding=\"async\" class=\"alignnone size-medium wp-image-755\" src=\"https:\/\/ljubenko-i-partneri.ectoris.com\/en\/wp-content\/uploads\/sites\/3\/2025\/10\/Slika-za-dogadaj-17.09.2025.-druga-225x300.jpg\" alt=\"\" width=\"225\" height=\"300\" srcset=\"https:\/\/www.ljubenko-i-partneri.hr\/en\/wp-content\/uploads\/sites\/3\/2025\/10\/Slika-za-dogadaj-17.09.2025.-druga-225x300.jpg 225w, https:\/\/www.ljubenko-i-partneri.hr\/en\/wp-content\/uploads\/sites\/3\/2025\/10\/Slika-za-dogadaj-17.09.2025.-druga-768x1024.jpg 768w, https:\/\/www.ljubenko-i-partneri.hr\/en\/wp-content\/uploads\/sites\/3\/2025\/10\/Slika-za-dogadaj-17.09.2025.-druga-1152x1536.jpg 1152w, https:\/\/www.ljubenko-i-partneri.hr\/en\/wp-content\/uploads\/sites\/3\/2025\/10\/Slika-za-dogadaj-17.09.2025.-druga.jpg 1500w\" sizes=\"auto, 100vw\" \/><\/p>\n<p><img loading=\"lazy\" decoding=\"async\" class=\"alignnone size-medium wp-image-756\" src=\"https:\/\/ljubenko-i-partneri.ectoris.com\/en\/wp-content\/uploads\/sites\/3\/2025\/10\/Slika-za-dogadaj-17.09.2025.-treca-300x200.jpg\" alt=\"\" width=\"300\" height=\"200\" srcset=\"https:\/\/www.ljubenko-i-partneri.hr\/en\/wp-content\/uploads\/sites\/3\/2025\/10\/Slika-za-dogadaj-17.09.2025.-treca-300x200.jpg 300w, https:\/\/www.ljubenko-i-partneri.hr\/en\/wp-content\/uploads\/sites\/3\/2025\/10\/Slika-za-dogadaj-17.09.2025.-treca-768x512.jpg 768w, https:\/\/www.ljubenko-i-partneri.hr\/en\/wp-content\/uploads\/sites\/3\/2025\/10\/Slika-za-dogadaj-17.09.2025.-treca.jpg 800w\" sizes=\"auto, 100vw\" \/><\/p>\n","protected":false},"featured_media":754,"template":"","class_list":["post-718","events","type-events","status-publish","has-post-thumbnail","hentry"],"acf":[],"yoast_head":"<!-- This site is optimized with the Yoast SEO Premium plugin v19.5 (Yoast SEO v19.10) - https:\/\/yoast.com\/wordpress\/plugins\/seo\/ -->\n<title>Dana 17.09.2025. godine Ines Brozovi\u0107 je bila izlaga\u010d na 14. Kongresu o javnoj nabavi u Portoro\u017eu - Ljubenko i partneri - eng<\/title>\n<meta name=\"robots\" content=\"index, follow, max-snippet:-1, max-image-preview:large, max-video-preview:-1\" \/>\n<link rel=\"canonical\" href=\"https:\/\/www.ljubenko-i-partneri.hr\/en\/dogadaji\/14-kongres-o-javnoj-nabavi-u-portorozu\/\" \/>\n<meta property=\"og:locale\" content=\"hr_HR\" \/>\n<meta property=\"og:type\" content=\"article\" \/>\n<meta property=\"og:title\" content=\"Dana 17.09.2025. godine Ines Brozovi\u0107 je bila izlaga\u010d na 14. Kongresu o javnoj nabavi u Portoro\u017eu\" \/>\n<meta property=\"og:description\" content=\"Ovaj kongres predstavlja najve\u0107i stru\u010dni skup naru\u010ditelja, pru\u017eatelja usluga, odvjetnika i stru\u010dne javnosti, s ciljem zajedni\u010dkog stvaranja trendova javne nabave u Sloveniji. Glavne teme bile su nove prakse Dr\u017eavne revizijske komisije, uloga umjetne inteligencije, izazovi tehni\u010dkih specifikacija, metode pregovaranja i financiranja. Kolegica Ines Brozovi\u0107 je odr\u017eala izlaganje na temu Transformacija javne nabave \u2013 kako ne [&hellip;]\" \/>\n<meta property=\"og:url\" content=\"https:\/\/www.ljubenko-i-partneri.hr\/en\/dogadaji\/14-kongres-o-javnoj-nabavi-u-portorozu\/\" \/>\n<meta property=\"og:site_name\" content=\"Ljubenko i partneri - eng\" \/>\n<meta property=\"article:modified_time\" content=\"2025-11-01T18:42:40+00:00\" \/>\n<meta property=\"og:image\" content=\"https:\/\/www.ljubenko-i-partneri.hr\/en\/wp-content\/uploads\/sites\/3\/2025\/10\/Slika-za-dogadaj-17.09.2025.-prva.jpg\" \/>\n\t<meta property=\"og:image:width\" content=\"1500\" \/>\n\t<meta property=\"og:image:height\" content=\"2000\" \/>\n\t<meta property=\"og:image:type\" content=\"image\/jpeg\" \/>\n<meta name=\"twitter:card\" content=\"summary_large_image\" \/>\n<meta name=\"twitter:label1\" content=\"Procijenjeno vrijeme \u010ditanja\" \/>\n\t<meta name=\"twitter:data1\" content=\"1 minuta\" \/>\n<script type=\"application\/ld+json\" class=\"yoast-schema-graph\">{\"@context\":\"https:\/\/schema.org\",\"@graph\":[{\"@type\":\"WebPage\",\"@id\":\"https:\/\/www.ljubenko-i-partneri.hr\/en\/dogadaji\/14-kongres-o-javnoj-nabavi-u-portorozu\/\",\"url\":\"https:\/\/www.ljubenko-i-partneri.hr\/en\/dogadaji\/14-kongres-o-javnoj-nabavi-u-portorozu\/\",\"name\":\"Dana 17.09.2025. godine Ines Brozovi\u0107 je bila izlaga\u010d na 14. Kongresu o javnoj nabavi u Portoro\u017eu - Ljubenko i partneri - eng\",\"isPartOf\":{\"@id\":\"https:\/\/www.ljubenko-i-partneri.hr\/en\/#website\"},\"datePublished\":\"2025-10-19T23:11:28+00:00\",\"dateModified\":\"2025-11-01T18:42:40+00:00\",\"breadcrumb\":{\"@id\":\"https:\/\/www.ljubenko-i-partneri.hr\/en\/dogadaji\/14-kongres-o-javnoj-nabavi-u-portorozu\/#breadcrumb\"},\"inLanguage\":\"hr\",\"potentialAction\":[{\"@type\":\"ReadAction\",\"target\":[\"https:\/\/www.ljubenko-i-partneri.hr\/en\/dogadaji\/14-kongres-o-javnoj-nabavi-u-portorozu\/\"]}]},{\"@type\":\"BreadcrumbList\",\"@id\":\"https:\/\/www.ljubenko-i-partneri.hr\/en\/dogadaji\/14-kongres-o-javnoj-nabavi-u-portorozu\/#breadcrumb\",\"itemListElement\":[{\"@type\":\"ListItem\",\"position\":1,\"name\":\"Po\u010detna stranica\",\"item\":\"https:\/\/www.ljubenko-i-partneri.hr\/en\/\"},{\"@type\":\"ListItem\",\"position\":2,\"name\":\"Doga\u0111aji\",\"item\":\"https:\/\/www.ljubenko-i-partneri.hr\/en\/dogadaji\/\"},{\"@type\":\"ListItem\",\"position\":3,\"name\":\"Dana 17.09.2025. godine Ines Brozovi\u0107 je bila izlaga\u010d na 14. Kongresu o javnoj nabavi u Portoro\u017eu\"}]},{\"@type\":\"WebSite\",\"@id\":\"https:\/\/www.ljubenko-i-partneri.hr\/en\/#website\",\"url\":\"https:\/\/www.ljubenko-i-partneri.hr\/en\/\",\"name\":\"Ljubenko i partneri - eng\",\"description\":\"\",\"potentialAction\":[{\"@type\":\"SearchAction\",\"target\":{\"@type\":\"EntryPoint\",\"urlTemplate\":\"https:\/\/www.ljubenko-i-partneri.hr\/en\/?s={search_term_string}\"},\"query-input\":\"required name=search_term_string\"}],\"inLanguage\":\"hr\"}]}<\/script>\n<!-- \/ Yoast SEO Premium plugin. -->","yoast_head_json":{"title":"Dana 17.09.2025. godine Ines Brozovi\u0107 je bila izlaga\u010d na 14. Kongresu o javnoj nabavi u Portoro\u017eu - Ljubenko i partneri - eng","robots":{"index":"index","follow":"follow","max-snippet":"max-snippet:-1","max-image-preview":"max-image-preview:large","max-video-preview":"max-video-preview:-1"},"canonical":"https:\/\/www.ljubenko-i-partneri.hr\/en\/dogadaji\/14-kongres-o-javnoj-nabavi-u-portorozu\/","og_locale":"hr_HR","og_type":"article","og_title":"Dana 17.09.2025. godine Ines Brozovi\u0107 je bila izlaga\u010d na 14. Kongresu o javnoj nabavi u Portoro\u017eu","og_description":"Ovaj kongres predstavlja najve\u0107i stru\u010dni skup naru\u010ditelja, pru\u017eatelja usluga, odvjetnika i stru\u010dne javnosti, s ciljem zajedni\u010dkog stvaranja trendova javne nabave u Sloveniji. Glavne teme bile su nove prakse Dr\u017eavne revizijske komisije, uloga umjetne inteligencije, izazovi tehni\u010dkih specifikacija, metode pregovaranja i financiranja. Kolegica Ines Brozovi\u0107 je odr\u017eala izlaganje na temu Transformacija javne nabave \u2013 kako ne [&hellip;]","og_url":"https:\/\/www.ljubenko-i-partneri.hr\/en\/dogadaji\/14-kongres-o-javnoj-nabavi-u-portorozu\/","og_site_name":"Ljubenko i partneri - eng","article_modified_time":"2025-11-01T18:42:40+00:00","og_image":[{"width":1500,"height":2000,"url":"https:\/\/www.ljubenko-i-partneri.hr\/en\/wp-content\/uploads\/sites\/3\/2025\/10\/Slika-za-dogadaj-17.09.2025.-prva.jpg","type":"image\/jpeg"}],"twitter_card":"summary_large_image","twitter_misc":{"Procijenjeno vrijeme \u010ditanja":"1 minuta"},"schema":{"@context":"https:\/\/schema.org","@graph":[{"@type":"WebPage","@id":"https:\/\/www.ljubenko-i-partneri.hr\/en\/dogadaji\/14-kongres-o-javnoj-nabavi-u-portorozu\/","url":"https:\/\/www.ljubenko-i-partneri.hr\/en\/dogadaji\/14-kongres-o-javnoj-nabavi-u-portorozu\/","name":"Dana 17.09.2025. godine Ines Brozovi\u0107 je bila izlaga\u010d na 14. Kongresu o javnoj nabavi u Portoro\u017eu - Ljubenko i partneri - eng","isPartOf":{"@id":"https:\/\/www.ljubenko-i-partneri.hr\/en\/#website"},"datePublished":"2025-10-19T23:11:28+00:00","dateModified":"2025-11-01T18:42:40+00:00","breadcrumb":{"@id":"https:\/\/www.ljubenko-i-partneri.hr\/en\/dogadaji\/14-kongres-o-javnoj-nabavi-u-portorozu\/#breadcrumb"},"inLanguage":"hr","potentialAction":[{"@type":"ReadAction","target":["https:\/\/www.ljubenko-i-partneri.hr\/en\/dogadaji\/14-kongres-o-javnoj-nabavi-u-portorozu\/"]}]},{"@type":"BreadcrumbList","@id":"https:\/\/www.ljubenko-i-partneri.hr\/en\/dogadaji\/14-kongres-o-javnoj-nabavi-u-portorozu\/#breadcrumb","itemListElement":[{"@type":"ListItem","position":1,"name":"Po\u010detna stranica","item":"https:\/\/www.ljubenko-i-partneri.hr\/en\/"},{"@type":"ListItem","position":2,"name":"Doga\u0111aji","item":"https:\/\/www.ljubenko-i-partneri.hr\/en\/dogadaji\/"},{"@type":"ListItem","position":3,"name":"Dana 17.09.2025. godine Ines Brozovi\u0107 je bila izlaga\u010d na 14. Kongresu o javnoj nabavi u Portoro\u017eu"}]},{"@type":"WebSite","@id":"https:\/\/www.ljubenko-i-partneri.hr\/en\/#website","url":"https:\/\/www.ljubenko-i-partneri.hr\/en\/","name":"Ljubenko i partneri - eng","description":"","potentialAction":[{"@type":"SearchAction","target":{"@type":"EntryPoint","urlTemplate":"https:\/\/www.ljubenko-i-partneri.hr\/en\/?s={search_term_string}"},"query-input":"required name=search_term_string"}],"inLanguage":"hr"}]}},"_links":{"self":[{"href":"https:\/\/www.ljubenko-i-partneri.hr\/en\/wp-json\/wp\/v2\/events\/718","targetHints":{"allow":["GET"]}}],"collection":[{"href":"https:\/\/www.ljubenko-i-partneri.hr\/en\/wp-json\/wp\/v2\/events"}],"about":[{"href":"https:\/\/www.ljubenko-i-partneri.hr\/en\/wp-json\/wp\/v2\/types\/events"}],"wp:featuredmedia":[{"embeddable":true,"href":"https:\/\/www.ljubenko-i-partneri.hr\/en\/wp-json\/wp\/v2\/media\/754"}],"wp:attachment":[{"href":"https:\/\/www.ljubenko-i-partneri.hr\/en\/wp-json\/wp\/v2\/media?parent=718"}],"curies":[{"name":"wp","href":"https:\/\/api.w.org\/{rel}","templated":true}]}}

Dana 17.09.2025. godine Ines Brozović je bila izlagač na 14. Kongresu o javnoj nabavi u Portorožu

<p>Ovaj kongres predstavlja najveći stručni skup naručitelja, pružatelja usluga, odvjetnika i stručne javnosti, s ciljem zajedničkog stvaranja trendova javne nabave u Sloveniji.</p>
<p>Glavne teme bile su nove prakse Državne revizijske komisije, uloga umjetne inteligencije, izazovi tehničkih specifikacija, metode pregovaranja i financiranja.</p>
<p>Kolegica Ines Brozović je održala izlaganje na temu Transformacija javne nabave – kako ne propustiti prilike u Hrvatskoj.</p>
<p>&nbsp;</p>
<p>&nbsp;</p>
<p><img loading="lazy" decoding="async" class="alignnone size-medium wp-image-755" src="https://ljubenko-i-partneri.ectoris.com/en/wp-content/uploads/sites/3/2025/10/Slika-za-dogadaj-17.09.2025.-druga-225x300.jpg" alt="" width="225" height="300" srcset="https://www.ljubenko-i-partneri.hr/en/wp-content/uploads/sites/3/2025/10/Slika-za-dogadaj-17.09.2025.-druga-225x300.jpg 225w, https://www.ljubenko-i-partneri.hr/en/wp-content/uploads/sites/3/2025/10/Slika-za-dogadaj-17.09.2025.-druga-768x1024.jpg 768w, https://www.ljubenko-i-partneri.hr/en/wp-content/uploads/sites/3/2025/10/Slika-za-dogadaj-17.09.2025.-druga-1152x1536.jpg 1152w, https://www.ljubenko-i-partneri.hr/en/wp-content/uploads/sites/3/2025/10/Slika-za-dogadaj-17.09.2025.-druga.jpg 1500w" sizes="auto, 100vw" /></p>
<p><img loading="lazy" decoding="async" class="alignnone size-medium wp-image-756" src="https://ljubenko-i-partneri.ectoris.com/en/wp-content/uploads/sites/3/2025/10/Slika-za-dogadaj-17.09.2025.-treca-300x200.jpg" alt="" width="300" height="200" srcset="https://www.ljubenko-i-partneri.hr/en/wp-content/uploads/sites/3/2025/10/Slika-za-dogadaj-17.09.2025.-treca-300x200.jpg 300w, https://www.ljubenko-i-partneri.hr/en/wp-content/uploads/sites/3/2025/10/Slika-za-dogadaj-17.09.2025.-treca-768x512.jpg 768w, https://www.ljubenko-i-partneri.hr/en/wp-content/uploads/sites/3/2025/10/Slika-za-dogadaj-17.09.2025.-treca.jpg 800w" sizes="auto, 100vw" /></p>

<!-- This site is optimized with the Yoast SEO Premium plugin v19.5 (Yoast SEO v19.10) - https://yoast.com/wordpress/plugins/seo/ -->
<title>Dana 17.09.2025. godine Ines Brozović je bila izlagač na 14. Kongresu o javnoj nabavi u Portorožu - Ljubenko i partneri - eng</title>
<meta name="robots" content="index, follow, max-snippet:-1, max-image-preview:large, max-video-preview:-1" />
<link rel="canonical" href="https://www.ljubenko-i-partneri.hr/en/dogadaji/14-kongres-o-javnoj-nabavi-u-portorozu/" />
<meta property="og:locale" content="hr_HR" />
<meta property="og:type" content="article" />
<meta property="og:title" content="Dana 17.09.2025. godine Ines Brozović je bila izlagač na 14. Kongresu o javnoj nabavi u Portorožu" />
<meta property="og:description" content="Ovaj kongres predstavlja najveći stručni skup naručitelja, pružatelja usluga, odvjetnika i stručne javnosti, s ciljem zajedničkog stvaranja trendova javne nabave u Sloveniji. Glavne teme bile su nove prakse Državne revizijske komisije, uloga umjetne inteligencije, izazovi tehničkih specifikacija, metode pregovaranja i financiranja. Kolegica Ines Brozović je održala izlaganje na temu Transformacija javne nabave – kako ne [&hellip;]" />
<meta property="og:url" content="https://www.ljubenko-i-partneri.hr/en/dogadaji/14-kongres-o-javnoj-nabavi-u-portorozu/" />
<meta property="og:site_name" content="Ljubenko i partneri - eng" />
<meta property="article:modified_time" content="2025-11-01T18:42:40+00:00" />
<meta property="og:image" content="https://www.ljubenko-i-partneri.hr/en/wp-content/uploads/sites/3/2025/10/Slika-za-dogadaj-17.09.2025.-prva.jpg" />
	<meta property="og:image:width" content="1500" />
	<meta property="og:image:height" content="2000" />
	<meta property="og:image:type" content="image/jpeg" />
<meta name="twitter:card" content="summary_large_image" />
<meta name="twitter:label1" content="Procijenjeno vrijeme čitanja" />
	<meta name="twitter:data1" content="1 minuta" />
<script type="application/ld+json" class="yoast-schema-graph">{"@context":"https://schema.org","@graph":[{"@type":"WebPage","@id":"https://www.ljubenko-i-partneri.hr/en/dogadaji/14-kongres-o-javnoj-nabavi-u-portorozu/","url":"https://www.ljubenko-i-partneri.hr/en/dogadaji/14-kongres-o-javnoj-nabavi-u-portorozu/","name":"Dana 17.09.2025. godine Ines Brozović je bila izlagač na 14. Kongresu o javnoj nabavi u Portorožu - Ljubenko i partneri - eng","isPartOf":{"@id":"https://www.ljubenko-i-partneri.hr/en/#website"},"datePublished":"2025-10-19T23:11:28+00:00","dateModified":"2025-11-01T18:42:40+00:00","breadcrumb":{"@id":"https://www.ljubenko-i-partneri.hr/en/dogadaji/14-kongres-o-javnoj-nabavi-u-portorozu/#breadcrumb"},"inLanguage":"hr","potentialAction":[{"@type":"ReadAction","target":["https://www.ljubenko-i-partneri.hr/en/dogadaji/14-kongres-o-javnoj-nabavi-u-portorozu/"]}]},{"@type":"BreadcrumbList","@id":"https://www.ljubenko-i-partneri.hr/en/dogadaji/14-kongres-o-javnoj-nabavi-u-portorozu/#breadcrumb","itemListElement":[{"@type":"ListItem","position":1,"name":"Početna stranica","item":"https://www.ljubenko-i-partneri.hr/en/"},{"@type":"ListItem","position":2,"name":"Događaji","item":"https://www.ljubenko-i-partneri.hr/en/dogadaji/"},{"@type":"ListItem","position":3,"name":"Dana 17.09.2025. godine Ines Brozović je bila izlagač na 14. Kongresu o javnoj nabavi u Portorožu"}]},{"@type":"WebSite","@id":"https://www.ljubenko-i-partneri.hr/en/#website","url":"https://www.ljubenko-i-partneri.hr/en/","name":"Ljubenko i partneri - eng","description":"","potentialAction":[{"@type":"SearchAction","target":{"@type":"EntryPoint","urlTemplate":"https://www.ljubenko-i-partneri.hr/en/?s={search_term_string}"},"query-input":"required name=search_term_string"}],"inLanguage":"hr"}]}</script>
<!-- / Yoast SEO Premium plugin. -->

Dana 17.09.2025. godine Ines Brozović je bila izlagač na 14. Kongresu o javnoj nabavi u Portorožu - Ljubenko i partneri - eng

Ovaj kongres predstavlja najveći stručni skup naručitelja, pružatelja usluga, odvjetnika i stručne javnosti, s ciljem zajedničkog stvaranja trendova javne nabave u Sloveniji. Glavne teme bile su nove prakse Državne revizijske komisije, uloga umjetne inteligencije, izazovi tehničkih specifikacija, metode pregovaranja i financiranja. Kolegica Ines Brozović je održala izlaganje na temu Transformacija javne nabave – kako ne [&hellip;]

Početna stranica

Događaji
