{"id":723,"date":"2025-10-20T01:13:09","date_gmt":"2025-10-19T23:13:09","guid":{"rendered":"https:\/\/ljubenko-i-partneri.ectoris.com\/en\/?post_type=events&#038;p=723"},"modified":"2025-10-27T20:32:04","modified_gmt":"2025-10-27T18:32:04","slug":"bili-smo-na-svecanom-potpisu-ugovora-za-izvodenje-radova-kao-pravni-savjetnici-investitora","status":"publish","type":"events","link":"https:\/\/www.ljubenko-i-partneri.hr\/en\/dogadaji\/bili-smo-na-svecanom-potpisu-ugovora-za-izvodenje-radova-kao-pravni-savjetnici-investitora\/","title":{"rendered":"Dana 10.10.2025. godine kao pravni savjetnici investitora \u017dupanijska lu\u010dka uprava Pula bili smo na sve\u010danom potpisu ugovora za izvo\u0111enje radova rekonstrukcije lukobrana u luci Pula"},"content":{"rendered":"<p>Ovaj projekt predvi\u0111a rekonstrukciju 1.200 metara postoje\u0107eg lukobrana u luci Pula, koji \u0107e biti \u0161irok 8,5 metara i visok 10 metara, od \u010dega 2 metara iznad razine mora. Glavna funkcija novog lukobrana je za\u0161tita, kako sigurnosti plovidbe putni\u010dkih, teretnih i rekreativnih plovila, tako i za\u0161tita grada od udara valova i podizanja razine mora.<\/p>\n","protected":false},"featured_media":724,"template":"","class_list":["post-723","events","type-events","status-publish","has-post-thumbnail","hentry"],"acf":[],"yoast_head":"<!-- This site is optimized with the Yoast SEO Premium plugin v19.5 (Yoast SEO v19.10) - https:\/\/yoast.com\/wordpress\/plugins\/seo\/ -->\n<title>Dana 10.10.2025. godine kao pravni savjetnici investitora \u017dupanijska lu\u010dka uprava Pula bili smo na sve\u010danom potpisu ugovora za izvo\u0111enje radova rekonstrukcije lukobrana u luci Pula - Ljubenko i partneri - eng<\/title>\n<meta name=\"robots\" content=\"index, follow, max-snippet:-1, max-image-preview:large, max-video-preview:-1\" \/>\n<link rel=\"canonical\" href=\"https:\/\/www.ljubenko-i-partneri.hr\/en\/dogadaji\/bili-smo-na-svecanom-potpisu-ugovora-za-izvodenje-radova-kao-pravni-savjetnici-investitora\/\" \/>\n<meta property=\"og:locale\" content=\"hr_HR\" \/>\n<meta property=\"og:type\" content=\"article\" \/>\n<meta property=\"og:title\" content=\"Dana 10.10.2025. godine kao pravni savjetnici investitora \u017dupanijska lu\u010dka uprava Pula bili smo na sve\u010danom potpisu ugovora za izvo\u0111enje radova rekonstrukcije lukobrana u luci Pula\" \/>\n<meta property=\"og:description\" content=\"Ovaj projekt predvi\u0111a rekonstrukciju 1.200 metara postoje\u0107eg lukobrana u luci Pula, koji \u0107e biti \u0161irok 8,5 metara i visok 10 metara, od \u010dega 2 metara iznad razine mora. Glavna funkcija novog lukobrana je za\u0161tita, kako sigurnosti plovidbe putni\u010dkih, teretnih i rekreativnih plovila, tako i za\u0161tita grada od udara valova i podizanja razine mora.\" \/>\n<meta property=\"og:url\" content=\"https:\/\/www.ljubenko-i-partneri.hr\/en\/dogadaji\/bili-smo-na-svecanom-potpisu-ugovora-za-izvodenje-radova-kao-pravni-savjetnici-investitora\/\" \/>\n<meta property=\"og:site_name\" content=\"Ljubenko i partneri - eng\" \/>\n<meta property=\"article:modified_time\" content=\"2025-10-27T18:32:04+00:00\" \/>\n<meta property=\"og:image\" content=\"https:\/\/www.ljubenko-i-partneri.hr\/en\/wp-content\/uploads\/sites\/3\/2025\/10\/img-20251010-wa0001.375x0.jpg\" \/>\n\t<meta property=\"og:image:width\" content=\"375\" \/>\n\t<meta property=\"og:image:height\" content=\"281\" \/>\n\t<meta property=\"og:image:type\" content=\"image\/jpeg\" \/>\n<meta name=\"twitter:card\" content=\"summary_large_image\" \/>\n<meta name=\"twitter:label1\" content=\"Procijenjeno vrijeme \u010ditanja\" \/>\n\t<meta name=\"twitter:data1\" content=\"1 minuta\" \/>\n<script type=\"application\/ld+json\" class=\"yoast-schema-graph\">{\"@context\":\"https:\/\/schema.org\",\"@graph\":[{\"@type\":\"WebPage\",\"@id\":\"https:\/\/www.ljubenko-i-partneri.hr\/en\/dogadaji\/bili-smo-na-svecanom-potpisu-ugovora-za-izvodenje-radova-kao-pravni-savjetnici-investitora\/\",\"url\":\"https:\/\/www.ljubenko-i-partneri.hr\/en\/dogadaji\/bili-smo-na-svecanom-potpisu-ugovora-za-izvodenje-radova-kao-pravni-savjetnici-investitora\/\",\"name\":\"Dana 10.10.2025. godine kao pravni savjetnici investitora \u017dupanijska lu\u010dka uprava Pula bili smo na sve\u010danom potpisu ugovora za izvo\u0111enje radova rekonstrukcije lukobrana u luci Pula - Ljubenko i partneri - eng\",\"isPartOf\":{\"@id\":\"https:\/\/www.ljubenko-i-partneri.hr\/en\/#website\"},\"datePublished\":\"2025-10-19T23:13:09+00:00\",\"dateModified\":\"2025-10-27T18:32:04+00:00\",\"breadcrumb\":{\"@id\":\"https:\/\/www.ljubenko-i-partneri.hr\/en\/dogadaji\/bili-smo-na-svecanom-potpisu-ugovora-za-izvodenje-radova-kao-pravni-savjetnici-investitora\/#breadcrumb\"},\"inLanguage\":\"hr\",\"potentialAction\":[{\"@type\":\"ReadAction\",\"target\":[\"https:\/\/www.ljubenko-i-partneri.hr\/en\/dogadaji\/bili-smo-na-svecanom-potpisu-ugovora-za-izvodenje-radova-kao-pravni-savjetnici-investitora\/\"]}]},{\"@type\":\"BreadcrumbList\",\"@id\":\"https:\/\/www.ljubenko-i-partneri.hr\/en\/dogadaji\/bili-smo-na-svecanom-potpisu-ugovora-za-izvodenje-radova-kao-pravni-savjetnici-investitora\/#breadcrumb\",\"itemListElement\":[{\"@type\":\"ListItem\",\"position\":1,\"name\":\"Po\u010detna stranica\",\"item\":\"https:\/\/www.ljubenko-i-partneri.hr\/en\/\"},{\"@type\":\"ListItem\",\"position\":2,\"name\":\"Doga\u0111aji\",\"item\":\"https:\/\/www.ljubenko-i-partneri.hr\/en\/dogadaji\/\"},{\"@type\":\"ListItem\",\"position\":3,\"name\":\"Dana 10.10.2025. godine kao pravni savjetnici investitora \u017dupanijska lu\u010dka uprava Pula bili smo na sve\u010danom potpisu ugovora za izvo\u0111enje radova rekonstrukcije lukobrana u luci Pula\"}]},{\"@type\":\"WebSite\",\"@id\":\"https:\/\/www.ljubenko-i-partneri.hr\/en\/#website\",\"url\":\"https:\/\/www.ljubenko-i-partneri.hr\/en\/\",\"name\":\"Ljubenko i partneri - eng\",\"description\":\"\",\"potentialAction\":[{\"@type\":\"SearchAction\",\"target\":{\"@type\":\"EntryPoint\",\"urlTemplate\":\"https:\/\/www.ljubenko-i-partneri.hr\/en\/?s={search_term_string}\"},\"query-input\":\"required name=search_term_string\"}],\"inLanguage\":\"hr\"}]}<\/script>\n<!-- \/ Yoast SEO Premium plugin. -->","yoast_head_json":{"title":"Dana 10.10.2025. godine kao pravni savjetnici investitora \u017dupanijska lu\u010dka uprava Pula bili smo na sve\u010danom potpisu ugovora za izvo\u0111enje radova rekonstrukcije lukobrana u luci Pula - Ljubenko i partneri - eng","robots":{"index":"index","follow":"follow","max-snippet":"max-snippet:-1","max-image-preview":"max-image-preview:large","max-video-preview":"max-video-preview:-1"},"canonical":"https:\/\/www.ljubenko-i-partneri.hr\/en\/dogadaji\/bili-smo-na-svecanom-potpisu-ugovora-za-izvodenje-radova-kao-pravni-savjetnici-investitora\/","og_locale":"hr_HR","og_type":"article","og_title":"Dana 10.10.2025. godine kao pravni savjetnici investitora \u017dupanijska lu\u010dka uprava Pula bili smo na sve\u010danom potpisu ugovora za izvo\u0111enje radova rekonstrukcije lukobrana u luci Pula","og_description":"Ovaj projekt predvi\u0111a rekonstrukciju 1.200 metara postoje\u0107eg lukobrana u luci Pula, koji \u0107e biti \u0161irok 8,5 metara i visok 10 metara, od \u010dega 2 metara iznad razine mora. Glavna funkcija novog lukobrana je za\u0161tita, kako sigurnosti plovidbe putni\u010dkih, teretnih i rekreativnih plovila, tako i za\u0161tita grada od udara valova i podizanja razine mora.","og_url":"https:\/\/www.ljubenko-i-partneri.hr\/en\/dogadaji\/bili-smo-na-svecanom-potpisu-ugovora-za-izvodenje-radova-kao-pravni-savjetnici-investitora\/","og_site_name":"Ljubenko i partneri - eng","article_modified_time":"2025-10-27T18:32:04+00:00","og_image":[{"width":375,"height":281,"url":"https:\/\/www.ljubenko-i-partneri.hr\/en\/wp-content\/uploads\/sites\/3\/2025\/10\/img-20251010-wa0001.375x0.jpg","type":"image\/jpeg"}],"twitter_card":"summary_large_image","twitter_misc":{"Procijenjeno vrijeme \u010ditanja":"1 minuta"},"schema":{"@context":"https:\/\/schema.org","@graph":[{"@type":"WebPage","@id":"https:\/\/www.ljubenko-i-partneri.hr\/en\/dogadaji\/bili-smo-na-svecanom-potpisu-ugovora-za-izvodenje-radova-kao-pravni-savjetnici-investitora\/","url":"https:\/\/www.ljubenko-i-partneri.hr\/en\/dogadaji\/bili-smo-na-svecanom-potpisu-ugovora-za-izvodenje-radova-kao-pravni-savjetnici-investitora\/","name":"Dana 10.10.2025. godine kao pravni savjetnici investitora \u017dupanijska lu\u010dka uprava Pula bili smo na sve\u010danom potpisu ugovora za izvo\u0111enje radova rekonstrukcije lukobrana u luci Pula - Ljubenko i partneri - eng","isPartOf":{"@id":"https:\/\/www.ljubenko-i-partneri.hr\/en\/#website"},"datePublished":"2025-10-19T23:13:09+00:00","dateModified":"2025-10-27T18:32:04+00:00","breadcrumb":{"@id":"https:\/\/www.ljubenko-i-partneri.hr\/en\/dogadaji\/bili-smo-na-svecanom-potpisu-ugovora-za-izvodenje-radova-kao-pravni-savjetnici-investitora\/#breadcrumb"},"inLanguage":"hr","potentialAction":[{"@type":"ReadAction","target":["https:\/\/www.ljubenko-i-partneri.hr\/en\/dogadaji\/bili-smo-na-svecanom-potpisu-ugovora-za-izvodenje-radova-kao-pravni-savjetnici-investitora\/"]}]},{"@type":"BreadcrumbList","@id":"https:\/\/www.ljubenko-i-partneri.hr\/en\/dogadaji\/bili-smo-na-svecanom-potpisu-ugovora-za-izvodenje-radova-kao-pravni-savjetnici-investitora\/#breadcrumb","itemListElement":[{"@type":"ListItem","position":1,"name":"Po\u010detna stranica","item":"https:\/\/www.ljubenko-i-partneri.hr\/en\/"},{"@type":"ListItem","position":2,"name":"Doga\u0111aji","item":"https:\/\/www.ljubenko-i-partneri.hr\/en\/dogadaji\/"},{"@type":"ListItem","position":3,"name":"Dana 10.10.2025. godine kao pravni savjetnici investitora \u017dupanijska lu\u010dka uprava Pula bili smo na sve\u010danom potpisu ugovora za izvo\u0111enje radova rekonstrukcije lukobrana u luci Pula"}]},{"@type":"WebSite","@id":"https:\/\/www.ljubenko-i-partneri.hr\/en\/#website","url":"https:\/\/www.ljubenko-i-partneri.hr\/en\/","name":"Ljubenko i partneri - eng","description":"","potentialAction":[{"@type":"SearchAction","target":{"@type":"EntryPoint","urlTemplate":"https:\/\/www.ljubenko-i-partneri.hr\/en\/?s={search_term_string}"},"query-input":"required name=search_term_string"}],"inLanguage":"hr"}]}},"_links":{"self":[{"href":"https:\/\/www.ljubenko-i-partneri.hr\/en\/wp-json\/wp\/v2\/events\/723","targetHints":{"allow":["GET"]}}],"collection":[{"href":"https:\/\/www.ljubenko-i-partneri.hr\/en\/wp-json\/wp\/v2\/events"}],"about":[{"href":"https:\/\/www.ljubenko-i-partneri.hr\/en\/wp-json\/wp\/v2\/types\/events"}],"wp:featuredmedia":[{"embeddable":true,"href":"https:\/\/www.ljubenko-i-partneri.hr\/en\/wp-json\/wp\/v2\/media\/724"}],"wp:attachment":[{"href":"https:\/\/www.ljubenko-i-partneri.hr\/en\/wp-json\/wp\/v2\/media?parent=723"}],"curies":[{"name":"wp","href":"https:\/\/api.w.org\/{rel}","templated":true}]}}

Dana 10.10.2025. godine kao pravni savjetnici investitora Županijska lučka uprava Pula bili smo na svečanom potpisu ugovora za izvođenje radova rekonstrukcije lukobrana u luci Pula

<p>Ovaj projekt predviđa rekonstrukciju 1.200 metara postojećeg lukobrana u luci Pula, koji će biti širok 8,5 metara i visok 10 metara, od čega 2 metara iznad razine mora. Glavna funkcija novog lukobrana je zaštita, kako sigurnosti plovidbe putničkih, teretnih i rekreativnih plovila, tako i zaštita grada od udara valova i podizanja razine mora.</p>

<!-- This site is optimized with the Yoast SEO Premium plugin v19.5 (Yoast SEO v19.10) - https://yoast.com/wordpress/plugins/seo/ -->
<title>Dana 10.10.2025. godine kao pravni savjetnici investitora Županijska lučka uprava Pula bili smo na svečanom potpisu ugovora za izvođenje radova rekonstrukcije lukobrana u luci Pula - Ljubenko i partneri - eng</title>
<meta name="robots" content="index, follow, max-snippet:-1, max-image-preview:large, max-video-preview:-1" />
<link rel="canonical" href="https://www.ljubenko-i-partneri.hr/en/dogadaji/bili-smo-na-svecanom-potpisu-ugovora-za-izvodenje-radova-kao-pravni-savjetnici-investitora/" />
<meta property="og:locale" content="hr_HR" />
<meta property="og:type" content="article" />
<meta property="og:title" content="Dana 10.10.2025. godine kao pravni savjetnici investitora Županijska lučka uprava Pula bili smo na svečanom potpisu ugovora za izvođenje radova rekonstrukcije lukobrana u luci Pula" />
<meta property="og:description" content="Ovaj projekt predviđa rekonstrukciju 1.200 metara postojećeg lukobrana u luci Pula, koji će biti širok 8,5 metara i visok 10 metara, od čega 2 metara iznad razine mora. Glavna funkcija novog lukobrana je zaštita, kako sigurnosti plovidbe putničkih, teretnih i rekreativnih plovila, tako i zaštita grada od udara valova i podizanja razine mora." />
<meta property="og:url" content="https://www.ljubenko-i-partneri.hr/en/dogadaji/bili-smo-na-svecanom-potpisu-ugovora-za-izvodenje-radova-kao-pravni-savjetnici-investitora/" />
<meta property="og:site_name" content="Ljubenko i partneri - eng" />
<meta property="article:modified_time" content="2025-10-27T18:32:04+00:00" />
<meta property="og:image" content="https://www.ljubenko-i-partneri.hr/en/wp-content/uploads/sites/3/2025/10/img-20251010-wa0001.375x0.jpg" />
	<meta property="og:image:width" content="375" />
	<meta property="og:image:height" content="281" />
	<meta property="og:image:type" content="image/jpeg" />
<meta name="twitter:card" content="summary_large_image" />
<meta name="twitter:label1" content="Procijenjeno vrijeme čitanja" />
	<meta name="twitter:data1" content="1 minuta" />
<script type="application/ld+json" class="yoast-schema-graph">{"@context":"https://schema.org","@graph":[{"@type":"WebPage","@id":"https://www.ljubenko-i-partneri.hr/en/dogadaji/bili-smo-na-svecanom-potpisu-ugovora-za-izvodenje-radova-kao-pravni-savjetnici-investitora/","url":"https://www.ljubenko-i-partneri.hr/en/dogadaji/bili-smo-na-svecanom-potpisu-ugovora-za-izvodenje-radova-kao-pravni-savjetnici-investitora/","name":"Dana 10.10.2025. godine kao pravni savjetnici investitora Županijska lučka uprava Pula bili smo na svečanom potpisu ugovora za izvođenje radova rekonstrukcije lukobrana u luci Pula - Ljubenko i partneri - eng","isPartOf":{"@id":"https://www.ljubenko-i-partneri.hr/en/#website"},"datePublished":"2025-10-19T23:13:09+00:00","dateModified":"2025-10-27T18:32:04+00:00","breadcrumb":{"@id":"https://www.ljubenko-i-partneri.hr/en/dogadaji/bili-smo-na-svecanom-potpisu-ugovora-za-izvodenje-radova-kao-pravni-savjetnici-investitora/#breadcrumb"},"inLanguage":"hr","potentialAction":[{"@type":"ReadAction","target":["https://www.ljubenko-i-partneri.hr/en/dogadaji/bili-smo-na-svecanom-potpisu-ugovora-za-izvodenje-radova-kao-pravni-savjetnici-investitora/"]}]},{"@type":"BreadcrumbList","@id":"https://www.ljubenko-i-partneri.hr/en/dogadaji/bili-smo-na-svecanom-potpisu-ugovora-za-izvodenje-radova-kao-pravni-savjetnici-investitora/#breadcrumb","itemListElement":[{"@type":"ListItem","position":1,"name":"Početna stranica","item":"https://www.ljubenko-i-partneri.hr/en/"},{"@type":"ListItem","position":2,"name":"Događaji","item":"https://www.ljubenko-i-partneri.hr/en/dogadaji/"},{"@type":"ListItem","position":3,"name":"Dana 10.10.2025. godine kao pravni savjetnici investitora Županijska lučka uprava Pula bili smo na svečanom potpisu ugovora za izvođenje radova rekonstrukcije lukobrana u luci Pula"}]},{"@type":"WebSite","@id":"https://www.ljubenko-i-partneri.hr/en/#website","url":"https://www.ljubenko-i-partneri.hr/en/","name":"Ljubenko i partneri - eng","description":"","potentialAction":[{"@type":"SearchAction","target":{"@type":"EntryPoint","urlTemplate":"https://www.ljubenko-i-partneri.hr/en/?s={search_term_string}"},"query-input":"required name=search_term_string"}],"inLanguage":"hr"}]}</script>
<!-- / Yoast SEO Premium plugin. -->

Dana 10.10.2025. godine kao pravni savjetnici investitora Županijska lučka uprava Pula bili smo na svečanom potpisu ugovora za izvođenje radova rekonstrukcije lukobrana u luci Pula - Ljubenko i partneri - eng

Ovaj projekt predviđa rekonstrukciju 1.200 metara postojećeg lukobrana u luci Pula, koji će biti širok 8,5 metara i visok 10 metara, od čega 2 metara iznad razine mora. Glavna funkcija novog lukobrana je zaštita, kako sigurnosti plovidbe putničkih, teretnih i rekreativnih plovila, tako i zaštita grada od udara valova i podizanja razine mora.

Početna stranica

Događaji
